{"id":9704,"date":"2021-11-01T23:17:05","date_gmt":"2021-11-01T22:17:05","guid":{"rendered":"https:\/\/www.auditsi.eu\/?page_id=9704"},"modified":"2021-11-28T20:34:45","modified_gmt":"2021-11-28T19:34:45","slug":"le-robot-cuisine-companion-de-moulinex","status":"publish","type":"page","link":"https:\/\/www.auditsi.eu\/?page_id=9704","title":{"rendered":"Le robot cuisine Companion de Moulinex"},"content":{"rendered":"<p style=\"text-align: justify;\">Le robot Companion permet de r\u00e9aliser toutes sortes de recettes, de la sauce aux desserts, en passant par les soupes, velout\u00e9s et plats. Il m&#8217;accompagne dans beaucoup de mes r\u00e9alisations.<\/p>\n<p style=\"text-align: justify;\">Les programmes automatiques :<\/p>\n<p><img loading=\"lazy\" decoding=\"async\" class=\"aligncenter size-full wp-image-9705\" src=\"https:\/\/www.auditsi.eu\/wp-content\/uploads\/2021\/11\/Companion-programmes-automatiques.png\" alt=\"Companion programmes automatiques\" width=\"752\" height=\"322\" srcset=\"https:\/\/www.auditsi.eu\/wp-content\/uploads\/2021\/11\/Companion-programmes-automatiques.png 752w, https:\/\/www.auditsi.eu\/wp-content\/uploads\/2021\/11\/Companion-programmes-automatiques-300x128.png 300w, https:\/\/www.auditsi.eu\/wp-content\/uploads\/2021\/11\/Companion-programmes-automatiques-730x313.png 730w\" sizes=\"auto, (max-width: 752px) 100vw, 752px\" \/><\/p>\n<p><img loading=\"lazy\" decoding=\"async\" class=\"aligncenter size-full wp-image-9706\" src=\"https:\/\/www.auditsi.eu\/wp-content\/uploads\/2021\/11\/Companion-detail-prog-auto-1.png\" alt=\"Companion d\u00e9tail prog auto 1\" width=\"762\" height=\"520\" srcset=\"https:\/\/www.auditsi.eu\/wp-content\/uploads\/2021\/11\/Companion-detail-prog-auto-1.png 762w, https:\/\/www.auditsi.eu\/wp-content\/uploads\/2021\/11\/Companion-detail-prog-auto-1-300x205.png 300w, https:\/\/www.auditsi.eu\/wp-content\/uploads\/2021\/11\/Companion-detail-prog-auto-1-730x498.png 730w\" sizes=\"auto, (max-width: 762px) 100vw, 762px\" \/><\/p>\n<p><img loading=\"lazy\" decoding=\"async\" class=\"aligncenter size-full wp-image-9707\" src=\"https:\/\/www.auditsi.eu\/wp-content\/uploads\/2021\/11\/Companion-detail-prog-auto-2.png\" alt=\"Companion d\u00e9tail prog auto 2\" width=\"763\" height=\"531\" srcset=\"https:\/\/www.auditsi.eu\/wp-content\/uploads\/2021\/11\/Companion-detail-prog-auto-2.png 763w, https:\/\/www.auditsi.eu\/wp-content\/uploads\/2021\/11\/Companion-detail-prog-auto-2-300x209.png 300w, https:\/\/www.auditsi.eu\/wp-content\/uploads\/2021\/11\/Companion-detail-prog-auto-2-730x508.png 730w\" sizes=\"auto, (max-width: 763px) 100vw, 763px\" \/><\/p>\n<p style=\"text-align: justify;\">Retrouver le Companion sur la boutique de Moulinex :<\/p>\n<p><iframe style=\"width: 120px; height: 240px;\" src=\"\/\/ws-eu.amazon-adsystem.com\/widgets\/q?ServiceVersion=20070822&amp;OneJS=1&amp;Operation=GetAdHtml&amp;MarketPlace=FR&amp;source=ac&amp;ref=tf_til&amp;ad_type=product_link&amp;tracking_id=auditsi-21&amp;marketplace=amazon&amp;region=FR&amp;placement=B01LXZR6ZO&amp;asins=B01LXZR6ZO&amp;linkId=f1f9ce185909183e426e624b495355ac&amp;show_border=false&amp;link_opens_in_new_window=true&amp;price_color=333333&amp;title_color=0066c0&amp;bg_color=ffffff\" marginwidth=\"0\" marginheight=\"0\" scrolling=\"no\" frameborder=\"0\"><br \/>\n<\/iframe><br \/>\n&nbsp;___<\/p>\n<p style=\"text-align: justify;\"><a href=\"https:\/\/www.auditsi.eu\/?page_id=9689\">Recettes de cuisine<\/a><\/p>\n<div id=\"sconnect-is-installed\" style=\"display: none;\">2.13.0.0<\/div>\n<div style=\"padding-bottom:20px; padding-top:10px;\" class=\"hupso-share-buttons\"><!-- Hupso Share Buttons - https:\/\/www.hupso.com\/share\/ --><a class=\"hupso_counters\" href=\"https:\/\/www.hupso.com\/share\/\"><img decoding=\"async\" src=\"https:\/\/static.hupso.com\/share\/buttons\/lang\/fr\/share-small.png\" style=\"border:0px; padding-top:2px; float:left;\" alt=\"Share Button\"\/><\/a><script type=\"text\/javascript\">var hupso_services_c=new Array(\"twitter\",\"facebook_like\",\"facebook_send\",\"email\",\"print\",\"linkedin\");var hupso_counters_lang = \"fr_FR\";var hupso_image_folder_url = \"\";var hupso_twitter_via=\"BenoitRiviere14\";var hupso_url_c=\"\";var hupso_title_c=\"Le%20robot%20cuisine%20Companion%20de%20Moulinex\";<\/script><script type=\"text\/javascript\" src=\"https:\/\/static.hupso.com\/share\/js\/counters.js\"><\/script><!-- Hupso Share Buttons --><\/div>","protected":false},"excerpt":{"rendered":"<p>Le robot Companion permet de r\u00e9aliser toutes sortes de recettes, de la sauce aux desserts, en passant par les soupes, velout\u00e9s et plats. Il m&#8217;accompagne dans beaucoup de mes r\u00e9alisations. Les programmes automatiques : Retrouver le Companion sur la boutique de Moulinex : &nbsp;___ Recettes de cuisine 2.13.0.0<\/p>\n<div style=\"padding-bottom:20px; padding-top:10px;\" class=\"hupso-share-buttons\"><!-- Hupso Share Buttons - https:\/\/www.hupso.com\/share\/ --><a class=\"hupso_counters\" href=\"https:\/\/www.hupso.com\/share\/\"><img src=\"https:\/\/static.hupso.com\/share\/buttons\/lang\/fr\/share-small.png\" style=\"border:0px; padding-top:2px; float:left;\" alt=\"Share Button\"\/><\/a><script type=\"text\/javascript\">var hupso_services_c=new Array(\"twitter\",\"facebook_like\",\"facebook_send\",\"email\",\"print\",\"linkedin\");var hupso_counters_lang = \"fr_FR\";var hupso_image_folder_url = \"\";var hupso_twitter_via=\"BenoitRiviere14\";var hupso_url_c=\"\";var hupso_title_c=\"Le%20robot%20cuisine%20Companion%20de%20Moulinex\";<\/script><script type=\"text\/javascript\" src=\"https:\/\/static.hupso.com\/share\/js\/counters.js\"><\/script><!-- Hupso Share Buttons --><\/div>","protected":false},"author":1,"featured_media":0,"parent":0,"menu_order":0,"comment_status":"closed","ping_status":"closed","template":"","meta":{"advanced_seo_description":"","jetpack_seo_html_title":"","jetpack_seo_noindex":false,"ngg_post_thumbnail":0,"footnotes":"","_links_to":"","_links_to_target":""},"class_list":["post-9704","page","type-page","status-publish","hentry"],"jetpack_sharing_enabled":true,"jetpack_likes_enabled":false,"_links":{"self":[{"href":"https:\/\/www.auditsi.eu\/index.php?rest_route=\/wp\/v2\/pages\/9704","targetHints":{"allow":["GET"]}}],"collection":[{"href":"https:\/\/www.auditsi.eu\/index.php?rest_route=\/wp\/v2\/pages"}],"about":[{"href":"https:\/\/www.auditsi.eu\/index.php?rest_route=\/wp\/v2\/types\/page"}],"author":[{"embeddable":true,"href":"https:\/\/www.auditsi.eu\/index.php?rest_route=\/wp\/v2\/users\/1"}],"replies":[{"embeddable":true,"href":"https:\/\/www.auditsi.eu\/index.php?rest_route=%2Fwp%2Fv2%2Fcomments&post=9704"}],"version-history":[{"count":3,"href":"https:\/\/www.auditsi.eu\/index.php?rest_route=\/wp\/v2\/pages\/9704\/revisions"}],"predecessor-version":[{"id":9804,"href":"https:\/\/www.auditsi.eu\/index.php?rest_route=\/wp\/v2\/pages\/9704\/revisions\/9804"}],"wp:attachment":[{"href":"https:\/\/www.auditsi.eu\/index.php?rest_route=%2Fwp%2Fv2%2Fmedia&parent=9704"}],"curies":[{"name":"wp","href":"https:\/\/api.w.org\/{rel}","templated":true}]}}