{"id":5073,"date":"2014-07-04T13:14:21","date_gmt":"2014-07-04T11:14:21","guid":{"rendered":"http:\/\/www.auditsi.eu\/?page_id=5073"},"modified":"2014-07-06T17:42:40","modified_gmt":"2014-07-06T15:42:40","slug":"manipuler-une-calculatrice-a-crosses","status":"publish","type":"page","link":"https:\/\/www.auditsi.eu\/?page_id=5073","title":{"rendered":"Manipuler une calculatrice \u00e0 crosses"},"content":{"rendered":"<p style=\"text-align: justify;\">La r\u00e9alisation des additions et soustractions sur <a title=\"Mes machines \u00e0 calculer\" href=\"http:\/\/www.auditsi.eu\/?page_id=4507\">calculatrices \u00e0 crosses<\/a> est simple et rapide notamment parce que les retenues sont g\u00e9r\u00e9es automatiquement par la machine.<\/p>\n<p style=\"text-align: justify;\">Je vous pr\u00e9sente ci-apr\u00e8s un tutoriel pour apprendre \u00e0 r\u00e9aliser successivement des additions et des soustractions dans une m\u00eame s\u00e9rie de calculs. La manipulation de cette machine est d&#8217;une simplicit\u00e9 enfantine !<\/p>\n<p style=\"text-align: justify;\">Ce tutoriel s&#8217;appuiera sur la machine ADDIATOR.<\/p>\n<p style=\"text-align: justify;\">Nous allons r\u00e9aliser la s\u00e9rie d&#8217;op\u00e9rations suivante :<\/p>\n<p style=\"text-align: center;\">521 + 435 = <strong>956<\/strong> +235 =<strong>1191<\/strong> -61 =<strong>1130<\/strong> -412 =<strong>718<\/strong><\/p>\n<p style=\"text-align: justify;\"><strong><em>Remise \u00e0 z\u00e9ro des r\u00e9sultats pr\u00e9c\u00e9dents :<\/em><\/strong><\/p>\n<p style=\"text-align: justify;\">Tirer (1) sur la barre m\u00e9tallique situ\u00e9e en haut de la face Addition (l&#8217;affichage des r\u00e9sultats se remet \u00e0 z\u00e9ro) puis rabattre la barre (2).<\/p>\n<div id=\"attachment_5090\" style=\"width: 454px\" class=\"wp-caption aligncenter\"><a href=\"https:\/\/www.auditsi.eu\/wp-content\/uploads\/2014\/07\/ADDIATOR-A.jpg\"><img loading=\"lazy\" decoding=\"async\" aria-describedby=\"caption-attachment-5090\" class=\"size-full wp-image-5090\" src=\"https:\/\/www.auditsi.eu\/wp-content\/uploads\/2014\/07\/ADDIATOR-A.jpg\" alt=\"Remise \u00e0 z\u00e9ro des r\u00e9sultats\" width=\"444\" height=\"800\" srcset=\"https:\/\/www.auditsi.eu\/wp-content\/uploads\/2014\/07\/ADDIATOR-A.jpg 444w, https:\/\/www.auditsi.eu\/wp-content\/uploads\/2014\/07\/ADDIATOR-A-166x300.jpg 166w\" sizes=\"auto, (max-width: 444px) 100vw, 444px\" \/><\/a><p id=\"caption-attachment-5090\" class=\"wp-caption-text\">Remise \u00e0 z\u00e9ro des r\u00e9sultats<\/p><\/div>\n<div id=\"attachment_5092\" style=\"width: 434px\" class=\"wp-caption aligncenter\"><a href=\"https:\/\/www.auditsi.eu\/wp-content\/uploads\/2014\/07\/ADDIATOR-Abis.jpg\"><img loading=\"lazy\" decoding=\"async\" aria-describedby=\"caption-attachment-5092\" class=\"size-full wp-image-5092\" src=\"https:\/\/www.auditsi.eu\/wp-content\/uploads\/2014\/07\/ADDIATOR-Abis.jpg\" alt=\"L'affichage des r\u00e9sultats est r\u00e9initialis\u00e9\" width=\"424\" height=\"404\" srcset=\"https:\/\/www.auditsi.eu\/wp-content\/uploads\/2014\/07\/ADDIATOR-Abis.jpg 424w, https:\/\/www.auditsi.eu\/wp-content\/uploads\/2014\/07\/ADDIATOR-Abis-300x285.jpg 300w\" sizes=\"auto, (max-width: 424px) 100vw, 424px\" \/><\/a><p id=\"caption-attachment-5092\" class=\"wp-caption-text\">L&#8217;affichage des r\u00e9sultats est r\u00e9initialis\u00e9<\/p><\/div>\n<p style=\"text-align: justify;\"><strong><em>R\u00e9alisation de la premi\u00e8re addition : 521 + 435<\/em><\/strong><\/p>\n<p style=\"text-align: justify;\">La machine ADDIATOR est, comme la plupart des calculatrice \u00e0 crosses, munie de deux face : l&#8217;une pour les additions (face dor\u00e9e), l&#8217;autre pour les soustractions (face argent\u00e9e).<\/p>\n<p style=\"text-align: justify;\">Pour r\u00e9aliser la premi\u00e8re addition, nous allons tourner la face addition de l&#8217;ADDIATOR face \u00e0 nous puis saisir la premi\u00e8re op\u00e9rande (521). Pour ce faire, il suffit de glisser, vers le bas, successivement toutes les tirettes repr\u00e9sentant les diff\u00e9rents chiffres composant l&#8217;op\u00e9rande \u00e0 l&#8217;aide d&#8217;un stylet jusqu&#8217;\u00e0 la but\u00e9e :<\/p>\n<div id=\"attachment_5101\" style=\"width: 529px\" class=\"wp-caption aligncenter\"><a href=\"https:\/\/www.auditsi.eu\/wp-content\/uploads\/2014\/07\/ADDIATOR-B1.jpg\"><img loading=\"lazy\" decoding=\"async\" aria-describedby=\"caption-attachment-5101\" class=\"size-full wp-image-5101\" src=\"https:\/\/www.auditsi.eu\/wp-content\/uploads\/2014\/07\/ADDIATOR-B1.jpg\" alt=\"Saisie de l'op\u00e9rande 521\" width=\"519\" height=\"800\" srcset=\"https:\/\/www.auditsi.eu\/wp-content\/uploads\/2014\/07\/ADDIATOR-B1.jpg 519w, https:\/\/www.auditsi.eu\/wp-content\/uploads\/2014\/07\/ADDIATOR-B1-194x300.jpg 194w\" sizes=\"auto, (max-width: 519px) 100vw, 519px\" \/><\/a><p id=\"caption-attachment-5101\" class=\"wp-caption-text\">Saisie de l&#8217;op\u00e9rande 521<\/p><\/div>\n<p style=\"text-align: justify;\">L&#8217;ordre de saisie des chiffres n&#8217;a aucune importance. La premi\u00e8re op\u00e9rande appara\u00eet dans la zone d&#8217;affichage :<\/p>\n<p style=\"text-align: justify;\"><a href=\"https:\/\/www.auditsi.eu\/wp-content\/uploads\/2014\/07\/ADDIATOR-Cbis.jpg\"><img loading=\"lazy\" decoding=\"async\" class=\"aligncenter size-full wp-image-5097\" src=\"https:\/\/www.auditsi.eu\/wp-content\/uploads\/2014\/07\/ADDIATOR-Cbis.jpg\" alt=\"Affichage de la premi\u00e8re op\u00e9rande (521)\" width=\"263\" height=\"105\" \/><\/a>La saisie de la deuxi\u00e8me op\u00e9rande (435) s&#8217;op\u00e8re exactement de la m\u00eame mani\u00e8re que la premi\u00e8re :<\/p>\n<div id=\"attachment_5103\" style=\"width: 515px\" class=\"wp-caption aligncenter\"><a href=\"https:\/\/www.auditsi.eu\/wp-content\/uploads\/2014\/07\/ADDIATOR-C.jpg\"><img loading=\"lazy\" decoding=\"async\" aria-describedby=\"caption-attachment-5103\" class=\"size-full wp-image-5103\" src=\"https:\/\/www.auditsi.eu\/wp-content\/uploads\/2014\/07\/ADDIATOR-C.jpg\" alt=\"Saisie de l'op\u00e9rande 435\" width=\"505\" height=\"800\" srcset=\"https:\/\/www.auditsi.eu\/wp-content\/uploads\/2014\/07\/ADDIATOR-C.jpg 505w, https:\/\/www.auditsi.eu\/wp-content\/uploads\/2014\/07\/ADDIATOR-C-189x300.jpg 189w\" sizes=\"auto, (max-width: 505px) 100vw, 505px\" \/><\/a><p id=\"caption-attachment-5103\" class=\"wp-caption-text\">Saisie de l&#8217;op\u00e9rande 435<\/p><\/div>\n<p style=\"text-align: justify;\">Le r\u00e9sultat de l&#8217;op\u00e9ration appara\u00eet (au fur et \u00e0 mesure de la saisie de la seconde op\u00e9rande) dans la zone d&#8217;affichage :<\/p>\n<p style=\"text-align: justify;\"><a href=\"https:\/\/www.auditsi.eu\/wp-content\/uploads\/2014\/07\/ADDIATOR-Dbis.jpg\"><img loading=\"lazy\" decoding=\"async\" class=\"aligncenter size-full wp-image-5104\" src=\"https:\/\/www.auditsi.eu\/wp-content\/uploads\/2014\/07\/ADDIATOR-Dbis.jpg\" alt=\"Affichage du r\u00e9sultat de l'addition (956)\" width=\"259\" height=\"92\" \/><\/a><strong><em>R\u00e9alisation de la deuxi\u00e8me addition : 956 + 235<\/em><\/strong><\/p>\n<p style=\"text-align: justify;\">Cette deuxi\u00e8me op\u00e9ration pr\u00e9sente une particularit\u00e9, par rapport \u00e0 la pr\u00e9c\u00e9dente : les retenues.<\/p>\n<p style=\"text-align: justify;\">La premi\u00e8re op\u00e9rande (956) correspond au r\u00e9sultat du pr\u00e9c\u00e9dent calcul et est d\u00e9j\u00e0 affich\u00e9. Il ne reste qu&#8217;\u00e0 saisir la deuxi\u00e8me op\u00e9rande (235).<\/p>\n<div id=\"attachment_5106\" style=\"width: 514px\" class=\"wp-caption aligncenter\"><a href=\"https:\/\/www.auditsi.eu\/wp-content\/uploads\/2014\/07\/ADDIATOR-D.jpg\"><img loading=\"lazy\" decoding=\"async\" aria-describedby=\"caption-attachment-5106\" class=\"size-full wp-image-5106\" src=\"https:\/\/www.auditsi.eu\/wp-content\/uploads\/2014\/07\/ADDIATOR-D.jpg\" alt=\"Saisie de l'op\u00e9rande 235\" width=\"504\" height=\"800\" srcset=\"https:\/\/www.auditsi.eu\/wp-content\/uploads\/2014\/07\/ADDIATOR-D.jpg 504w, https:\/\/www.auditsi.eu\/wp-content\/uploads\/2014\/07\/ADDIATOR-D-189x300.jpg 189w\" sizes=\"auto, (max-width: 504px) 100vw, 504px\" \/><\/a><p id=\"caption-attachment-5106\" class=\"wp-caption-text\">Saisie de l&#8217;op\u00e9rande 235<\/p><\/div>\n<p style=\"text-align: justify;\">Lorsqu&#8217;un calcul va g\u00e9n\u00e9rer une retenue, la tirette en face de chiffres concern\u00e9e est rouge. Dans ce cas, la tirette ne doit pas \u00eatre \u00eatre gliss\u00e9e vers le bas mais vers le haut. Dans la continuit\u00e9, de la crosse (d&#8217;o\u00f9 ces calculatrices tirent leur nom), nous g\u00e9n\u00e9rons la retenue en continuant le mouvement entam\u00e9 avec le stylet vers le bas :<\/p>\n<p style=\"text-align: justify;\"><a href=\"https:\/\/www.auditsi.eu\/wp-content\/uploads\/2014\/07\/ADDIATOR-Dter.jpg\"><img loading=\"lazy\" decoding=\"async\" class=\"aligncenter size-full wp-image-5108\" src=\"https:\/\/www.auditsi.eu\/wp-content\/uploads\/2014\/07\/ADDIATOR-Dter.jpg\" alt=\"La &quot;crosse&quot; permet de g\u00e9n\u00e9rer la retenue\" width=\"70\" height=\"238\" \/><\/a>Donc, dans notre cas, les glissi\u00e8res des chiffres deux et cinq sont tir\u00e9es vers le haut et celle du trois vers le bas.<\/p>\n<p style=\"text-align: justify;\">Le r\u00e9sultat de cette deuxi\u00e8me op\u00e9ration donne 1191 :<\/p>\n<p style=\"text-align: justify;\"><a href=\"https:\/\/www.auditsi.eu\/wp-content\/uploads\/2014\/07\/ADDIATOR-Hbis.jpg\"><img loading=\"lazy\" decoding=\"async\" class=\"aligncenter size-full wp-image-5112\" src=\"https:\/\/www.auditsi.eu\/wp-content\/uploads\/2014\/07\/ADDIATOR-Hbis.jpg\" alt=\"Affichage du r\u00e9sultat de l'addition (1191)\" width=\"308\" height=\"103\" srcset=\"https:\/\/www.auditsi.eu\/wp-content\/uploads\/2014\/07\/ADDIATOR-Hbis.jpg 308w, https:\/\/www.auditsi.eu\/wp-content\/uploads\/2014\/07\/ADDIATOR-Hbis-300x100.jpg 300w\" sizes=\"auto, (max-width: 308px) 100vw, 308px\" \/><\/a><strong><em>R\u00e9alisation de la premi\u00e8re soustraction : 1191 &#8211; 61<\/em><\/strong><\/p>\n<p style=\"text-align: justify;\">Avant toute chose, retournons la calculatrice pour d\u00e9couvrir la face des soustractions :<\/p>\n<div id=\"attachment_5114\" style=\"width: 521px\" class=\"wp-caption aligncenter\"><a href=\"https:\/\/www.auditsi.eu\/wp-content\/uploads\/2014\/07\/ADDIATOR-I.jpg\"><img loading=\"lazy\" decoding=\"async\" aria-describedby=\"caption-attachment-5114\" class=\"size-full wp-image-5114\" src=\"https:\/\/www.auditsi.eu\/wp-content\/uploads\/2014\/07\/ADDIATOR-I.jpg\" alt=\"La face soustraction de l'ADDIATOR\" width=\"511\" height=\"800\" srcset=\"https:\/\/www.auditsi.eu\/wp-content\/uploads\/2014\/07\/ADDIATOR-I.jpg 511w, https:\/\/www.auditsi.eu\/wp-content\/uploads\/2014\/07\/ADDIATOR-I-191x300.jpg 191w\" sizes=\"auto, (max-width: 511px) 100vw, 511px\" \/><\/a><p id=\"caption-attachment-5114\" class=\"wp-caption-text\">La face soustraction de l&#8217;ADDIATOR<\/p><\/div>\n<p style=\"text-align: justify;\">Nous remarquons que l&#8217;affichage reprend le r\u00e9sultat de la pr\u00e9c\u00e9dente addition (1191).<\/p>\n<p style=\"text-align: justify;\">Nous allons retrancher \u00e0 ce r\u00e9sultat le nombre 61. Pour ce faire, nous allons proc\u00e9der de la m\u00eame mani\u00e8re que pour les additions. Ainsi comme pour la face addition, les r\u00e9glettes des chiffres en rouge sont gliss\u00e9es vers le haut (et la retenue est actionn\u00e9e) et les autres vers le bas.<\/p>\n<div id=\"attachment_5115\" style=\"width: 521px\" class=\"wp-caption aligncenter\"><a href=\"https:\/\/www.auditsi.eu\/wp-content\/uploads\/2014\/07\/ADDIATOR-I1.jpg\"><img loading=\"lazy\" decoding=\"async\" aria-describedby=\"caption-attachment-5115\" class=\"size-full wp-image-5115\" src=\"https:\/\/www.auditsi.eu\/wp-content\/uploads\/2014\/07\/ADDIATOR-I1.jpg\" alt=\"Saisie de l'op\u00e9rande 61\" width=\"511\" height=\"800\" srcset=\"https:\/\/www.auditsi.eu\/wp-content\/uploads\/2014\/07\/ADDIATOR-I1.jpg 511w, https:\/\/www.auditsi.eu\/wp-content\/uploads\/2014\/07\/ADDIATOR-I1-191x300.jpg 191w\" sizes=\"auto, (max-width: 511px) 100vw, 511px\" \/><\/a><p id=\"caption-attachment-5115\" class=\"wp-caption-text\">Saisie de l&#8217;op\u00e9rande 61<\/p><\/div>\n<p style=\"text-align: justify;\">Le r\u00e9sultat de la soustraction 1191 &#8211; 61 appara\u00eet alors \u00e0 l&#8217;affichage (1130) :<\/p>\n<p style=\"text-align: justify;\"><a href=\"https:\/\/www.auditsi.eu\/wp-content\/uploads\/2014\/07\/ADDIATOR-Jbis.jpg\"><img loading=\"lazy\" decoding=\"async\" class=\"aligncenter size-full wp-image-5116\" src=\"https:\/\/www.auditsi.eu\/wp-content\/uploads\/2014\/07\/ADDIATOR-Jbis.jpg\" alt=\"Affichage du r\u00e9sultat de l'addition (1130)\" width=\"280\" height=\"98\" \/><\/a><strong><em>R\u00e9alisation de la deuxi\u00e8me soustraction : 1130 -412<\/em><\/strong><\/p>\n<p style=\"text-align: justify;\">Cette seconde soustraction fait appara\u00eetre des retenues. Elles sont trait\u00e9es de la m\u00eame mani\u00e8re que pour les additions :<\/p>\n<div id=\"attachment_5118\" style=\"width: 530px\" class=\"wp-caption aligncenter\"><a href=\"https:\/\/www.auditsi.eu\/wp-content\/uploads\/2014\/07\/ADDIATOR-J.jpg\"><img loading=\"lazy\" decoding=\"async\" aria-describedby=\"caption-attachment-5118\" class=\"size-full wp-image-5118\" src=\"https:\/\/www.auditsi.eu\/wp-content\/uploads\/2014\/07\/ADDIATOR-J.jpg\" alt=\"Saisie de l\u2019op\u00e9rande 412\" width=\"520\" height=\"800\" srcset=\"https:\/\/www.auditsi.eu\/wp-content\/uploads\/2014\/07\/ADDIATOR-J.jpg 520w, https:\/\/www.auditsi.eu\/wp-content\/uploads\/2014\/07\/ADDIATOR-J-195x300.jpg 195w\" sizes=\"auto, (max-width: 520px) 100vw, 520px\" \/><\/a><p id=\"caption-attachment-5118\" class=\"wp-caption-text\">Saisie de l\u2019op\u00e9rande 412<\/p><\/div>\n<p style=\"text-align: justify;\">L&#8217;affichage pr\u00e9sente le r\u00e9sultat (718) :<\/p>\n<p style=\"text-align: justify;\"><a href=\"https:\/\/www.auditsi.eu\/wp-content\/uploads\/2014\/07\/ADDIATOR-L.jpg\"><img loading=\"lazy\" decoding=\"async\" class=\"aligncenter size-full wp-image-5120\" src=\"https:\/\/www.auditsi.eu\/wp-content\/uploads\/2014\/07\/ADDIATOR-L.jpg\" alt=\"Affichage du r\u00e9sultat de la soustraction (718)\" width=\"260\" height=\"91\" \/><\/a><strong><em>Conclusion :<\/em><\/strong><\/p>\n<p style=\"text-align: justify;\">En conclusion, nous noterons que la manipulation d&#8217;une calculatrice \u00e0 crosses est aussi rapide que celle d&#8217;une calculatrice \u00e9lectronique. Il ne manquait finalement que les capacit\u00e9s de m\u00e9morisation de donn\u00e9es et de programmation&#8230; Ce sont ses lacunes qui scelleront la fin de ces fabuleuses machines&#8230;<\/p>\n<p style=\"text-align: justify;\">S\u00e9lection de documents sur le sujet :<\/p>\n<ul>\n<li>Mode d&#8217;emploi ADDIMAX &#8211; MAXIMATOR<\/li>\n<\/ul>\n<p><em>Les photos d\u2019illustration sont issues de ma <a title=\"Ma collection\" href=\"http:\/\/www.auditsi.eu\/?page_id=1983\">collection personnelle<\/a>.<\/em><\/p>\n<p>Approfondir le sujet :<\/p>\n<p><a title=\"L'informatique des ann\u00e9es 80\" href=\"http:\/\/www.auditsi.eu\/?page_id=2119\">L\u2019informatique des ann\u00e9es 80<\/a> \/ <a title=\"Ma collection\" href=\"http:\/\/www.auditsi.eu\/?page_id=1983\">Ma collection<\/a> \/ <a title=\"Ma documentation\" href=\"http:\/\/www.auditsi.eu\/?page_id=3930\">Ma documentation<\/a> \/ <a title=\"Quelques id\u00e9es de lecture pour en savoir plus\" href=\"http:\/\/www.auditsi.eu\/?page_id=4631\">Quelques id\u00e9es de lecture<\/a><\/p>\n<div style=\"padding-bottom:20px; padding-top:10px;\" class=\"hupso-share-buttons\"><!-- Hupso Share Buttons - https:\/\/www.hupso.com\/share\/ --><a class=\"hupso_counters\" href=\"https:\/\/www.hupso.com\/share\/\"><img decoding=\"async\" src=\"https:\/\/static.hupso.com\/share\/buttons\/lang\/fr\/share-small.png\" style=\"border:0px; padding-top:2px; float:left;\" alt=\"Share Button\"\/><\/a><script type=\"text\/javascript\">var hupso_services_c=new Array(\"twitter\",\"facebook_like\",\"facebook_send\",\"email\",\"print\",\"linkedin\");var hupso_counters_lang = \"fr_FR\";var hupso_image_folder_url = \"\";var hupso_twitter_via=\"BenoitRiviere14\";var hupso_url_c=\"\";var hupso_title_c=\"Manipuler%20une%20calculatrice%20%C3%A0%20crosses\";<\/script><script type=\"text\/javascript\" src=\"https:\/\/static.hupso.com\/share\/js\/counters.js\"><\/script><!-- Hupso Share Buttons --><\/div>","protected":false},"excerpt":{"rendered":"<p>La r\u00e9alisation des additions et soustractions sur calculatrices \u00e0 crosses est simple et rapide notamment parce que les retenues sont g\u00e9r\u00e9es automatiquement par la machine. Je vous pr\u00e9sente ci-apr\u00e8s un tutoriel pour apprendre \u00e0 r\u00e9aliser successivement des additions et des soustractions dans une m\u00eame s\u00e9rie de calculs. La manipulation de cette machine est d&#8217;une simplicit\u00e9 &#8230;<\/p>\n<p><a href=\"https:\/\/www.auditsi.eu\/?page_id=5073\" class=\"more-link\">Continue reading &lsquo;Manipuler une calculatrice \u00e0 crosses&rsquo; &raquo;<\/a><\/p>\n<div style=\"padding-bottom:20px; padding-top:10px;\" class=\"hupso-share-buttons\"><!-- Hupso Share Buttons - https:\/\/www.hupso.com\/share\/ --><a class=\"hupso_counters\" href=\"https:\/\/www.hupso.com\/share\/\"><img src=\"https:\/\/static.hupso.com\/share\/buttons\/lang\/fr\/share-small.png\" style=\"border:0px; padding-top:2px; float:left;\" alt=\"Share Button\"\/><\/a><script type=\"text\/javascript\">var hupso_services_c=new Array(\"twitter\",\"facebook_like\",\"facebook_send\",\"email\",\"print\",\"linkedin\");var hupso_counters_lang = \"fr_FR\";var hupso_image_folder_url = \"\";var hupso_twitter_via=\"BenoitRiviere14\";var hupso_url_c=\"\";var hupso_title_c=\"Manipuler%20une%20calculatrice%20%C3%A0%20crosses\";<\/script><script type=\"text\/javascript\" src=\"https:\/\/static.hupso.com\/share\/js\/counters.js\"><\/script><!-- Hupso Share Buttons --><\/div>","protected":false},"author":1,"featured_media":0,"parent":0,"menu_order":0,"comment_status":"open","ping_status":"open","template":"","meta":{"advanced_seo_description":"","jetpack_seo_html_title":"","jetpack_seo_noindex":false,"ngg_post_thumbnail":0,"footnotes":"","_links_to":"","_links_to_target":""},"class_list":["post-5073","page","type-page","status-publish","hentry"],"jetpack_sharing_enabled":true,"jetpack_likes_enabled":false,"_links":{"self":[{"href":"https:\/\/www.auditsi.eu\/index.php?rest_route=\/wp\/v2\/pages\/5073","targetHints":{"allow":["GET"]}}],"collection":[{"href":"https:\/\/www.auditsi.eu\/index.php?rest_route=\/wp\/v2\/pages"}],"about":[{"href":"https:\/\/www.auditsi.eu\/index.php?rest_route=\/wp\/v2\/types\/page"}],"author":[{"embeddable":true,"href":"https:\/\/www.auditsi.eu\/index.php?rest_route=\/wp\/v2\/users\/1"}],"replies":[{"embeddable":true,"href":"https:\/\/www.auditsi.eu\/index.php?rest_route=%2Fwp%2Fv2%2Fcomments&post=5073"}],"version-history":[{"count":17,"href":"https:\/\/www.auditsi.eu\/index.php?rest_route=\/wp\/v2\/pages\/5073\/revisions"}],"predecessor-version":[{"id":5122,"href":"https:\/\/www.auditsi.eu\/index.php?rest_route=\/wp\/v2\/pages\/5073\/revisions\/5122"}],"wp:attachment":[{"href":"https:\/\/www.auditsi.eu\/index.php?rest_route=%2Fwp%2Fv2%2Fmedia&parent=5073"}],"curies":[{"name":"wp","href":"https:\/\/api.w.org\/{rel}","templated":true}]}}