{"id":4943,"date":"2014-07-14T16:47:54","date_gmt":"2014-07-14T14:47:54","guid":{"rendered":"http:\/\/www.auditsi.eu\/?page_id=4943"},"modified":"2014-07-14T17:28:25","modified_gmt":"2014-07-14T15:28:25","slug":"le-mo5-serie-limitee-michel-platini","status":"publish","type":"page","link":"https:\/\/www.auditsi.eu\/?page_id=4943","title":{"rendered":"Le MO5 s\u00e9rie limit\u00e9e Michel Platini"},"content":{"rendered":"<p style=\"text-align: justify;\">THOMSON lance en 1985 le <a title=\"TO et MO de THOMSON\" href=\"http:\/\/www.auditsi.eu\/?page_id=2993\">MO5<\/a> s\u00e9rie limit\u00e9e Michel Platini de son MO5 afin de relancer un micro-ordinateur en perte de vitesse.<\/p>\n<p style=\"text-align: justify;\">Hormis l&#8217;aspect ext\u00e9rieur (de couleur blanche, sign\u00e9 Michel Platini et un clavier m\u00e9canique), le MO5 Platini est la copie conforme du MO5 standard.<\/p>\n<div id=\"attachment_4944\" style=\"width: 432px\" class=\"wp-caption aligncenter\"><a href=\"https:\/\/www.auditsi.eu\/wp-content\/uploads\/2014\/06\/MO5-standard-et-Platini.jpg\"><img loading=\"lazy\" decoding=\"async\" aria-describedby=\"caption-attachment-4944\" class=\"size-full wp-image-4944\" src=\"https:\/\/www.auditsi.eu\/wp-content\/uploads\/2014\/06\/MO5-standard-et-Platini.jpg\" alt=\"MO5 standard et Platini\" width=\"422\" height=\"336\" srcset=\"https:\/\/www.auditsi.eu\/wp-content\/uploads\/2014\/06\/MO5-standard-et-Platini.jpg 422w, https:\/\/www.auditsi.eu\/wp-content\/uploads\/2014\/06\/MO5-standard-et-Platini-300x238.jpg 300w\" sizes=\"auto, (max-width: 422px) 100vw, 422px\" \/><\/a><p id=\"caption-attachment-4944\" class=\"wp-caption-text\">MO5 standard et Platini<\/p><\/div>\n<p style=\"text-align: justify;\">L&#8217;ensemble constitu\u00e9 de l&#8217;ordinateur, le lecteur-enregistreur de programmes, les jeux, les manettes de jeu et manuel est rang\u00e9 dans un sac de sport !<\/p>\n<div id=\"attachment_4928\" style=\"width: 355px\" class=\"wp-caption aligncenter\"><a href=\"https:\/\/www.auditsi.eu\/wp-content\/uploads\/2013\/03\/MO5-PLATINI-ET-SON-SAC.jpg\"><img loading=\"lazy\" decoding=\"async\" aria-describedby=\"caption-attachment-4928\" class=\"size-full wp-image-4928\" src=\"https:\/\/www.auditsi.eu\/wp-content\/uploads\/2013\/03\/MO5-PLATINI-ET-SON-SAC.jpg\" alt=\"Le MO5 \u00e9dition sp\u00e9ciale Michel Platini livr\u00e9 dans son sac de sport\" width=\"345\" height=\"336\" srcset=\"https:\/\/www.auditsi.eu\/wp-content\/uploads\/2013\/03\/MO5-PLATINI-ET-SON-SAC.jpg 345w, https:\/\/www.auditsi.eu\/wp-content\/uploads\/2013\/03\/MO5-PLATINI-ET-SON-SAC-300x292.jpg 300w\" sizes=\"auto, (max-width: 345px) 100vw, 345px\" \/><\/a><p id=\"caption-attachment-4928\" class=\"wp-caption-text\">Le MO5 \u00e9dition sp\u00e9ciale Michel Platini livr\u00e9 dans son sac de sport<\/p><\/div>\n<p><em>Les photos d\u2019illustration sont issues de ma <a title=\"Ma collection\" href=\"http:\/\/www.auditsi.eu\/?page_id=1983\">collection personnelle<\/a>.<\/em><\/p>\n<p>Approfondir le sujet :<br \/>\n<a title=\"L'informatique des ann\u00e9es 80\" href=\"http:\/\/www.auditsi.eu\/?page_id=2119\">L\u2019informatique des ann\u00e9es 80<\/a> \/ <a title=\"Ma collection\" href=\"http:\/\/www.auditsi.eu\/?page_id=1983\">Ma collection<\/a> \/ <a title=\"Ma documentation\" href=\"http:\/\/www.auditsi.eu\/?page_id=3930\">Ma documentation<\/a> \/ <a title=\"Quelques id\u00e9es de lecture pour en savoir plus\" href=\"http:\/\/www.auditsi.eu\/?page_id=4631\">Quelques id\u00e9es de lecture<\/a><\/p>\n<div style=\"padding-bottom:20px; padding-top:10px;\" class=\"hupso-share-buttons\"><!-- Hupso Share Buttons - https:\/\/www.hupso.com\/share\/ --><a class=\"hupso_counters\" href=\"https:\/\/www.hupso.com\/share\/\"><img decoding=\"async\" src=\"https:\/\/static.hupso.com\/share\/buttons\/lang\/fr\/share-small.png\" style=\"border:0px; padding-top:2px; float:left;\" alt=\"Share Button\"\/><\/a><script type=\"text\/javascript\">var hupso_services_c=new Array(\"twitter\",\"facebook_like\",\"facebook_send\",\"email\",\"print\",\"linkedin\");var hupso_counters_lang = \"fr_FR\";var hupso_image_folder_url = \"\";var hupso_twitter_via=\"BenoitRiviere14\";var hupso_url_c=\"\";var hupso_title_c=\"Le%20MO5%20s%C3%A9rie%20limit%C3%A9e%20Michel%20Platini\";<\/script><script type=\"text\/javascript\" src=\"https:\/\/static.hupso.com\/share\/js\/counters.js\"><\/script><!-- Hupso Share Buttons --><\/div>","protected":false},"excerpt":{"rendered":"<p>THOMSON lance en 1985 le MO5 s\u00e9rie limit\u00e9e Michel Platini de son MO5 afin de relancer un micro-ordinateur en perte de vitesse. Hormis l&#8217;aspect ext\u00e9rieur (de couleur blanche, sign\u00e9 Michel Platini et un clavier m\u00e9canique), le MO5 Platini est la copie conforme du MO5 standard. L&#8217;ensemble constitu\u00e9 de l&#8217;ordinateur, le lecteur-enregistreur de programmes, les jeux, &#8230;<\/p>\n<p><a href=\"https:\/\/www.auditsi.eu\/?page_id=4943\" class=\"more-link\">Continue reading &lsquo;Le MO5 s\u00e9rie limit\u00e9e Michel Platini&rsquo; &raquo;<\/a><\/p>\n<div style=\"padding-bottom:20px; padding-top:10px;\" class=\"hupso-share-buttons\"><!-- Hupso Share Buttons - https:\/\/www.hupso.com\/share\/ --><a class=\"hupso_counters\" href=\"https:\/\/www.hupso.com\/share\/\"><img src=\"https:\/\/static.hupso.com\/share\/buttons\/lang\/fr\/share-small.png\" style=\"border:0px; padding-top:2px; float:left;\" alt=\"Share Button\"\/><\/a><script type=\"text\/javascript\">var hupso_services_c=new Array(\"twitter\",\"facebook_like\",\"facebook_send\",\"email\",\"print\",\"linkedin\");var hupso_counters_lang = \"fr_FR\";var hupso_image_folder_url = \"\";var hupso_twitter_via=\"BenoitRiviere14\";var hupso_url_c=\"\";var hupso_title_c=\"Le%20MO5%20s%C3%A9rie%20limit%C3%A9e%20Michel%20Platini\";<\/script><script type=\"text\/javascript\" src=\"https:\/\/static.hupso.com\/share\/js\/counters.js\"><\/script><!-- Hupso Share Buttons --><\/div>","protected":false},"author":1,"featured_media":0,"parent":0,"menu_order":0,"comment_status":"open","ping_status":"open","template":"","meta":{"advanced_seo_description":"","jetpack_seo_html_title":"","jetpack_seo_noindex":false,"ngg_post_thumbnail":0,"footnotes":"","_links_to":"","_links_to_target":""},"class_list":["post-4943","page","type-page","status-publish","hentry"],"jetpack_sharing_enabled":true,"jetpack_likes_enabled":false,"_links":{"self":[{"href":"https:\/\/www.auditsi.eu\/index.php?rest_route=\/wp\/v2\/pages\/4943","targetHints":{"allow":["GET"]}}],"collection":[{"href":"https:\/\/www.auditsi.eu\/index.php?rest_route=\/wp\/v2\/pages"}],"about":[{"href":"https:\/\/www.auditsi.eu\/index.php?rest_route=\/wp\/v2\/types\/page"}],"author":[{"embeddable":true,"href":"https:\/\/www.auditsi.eu\/index.php?rest_route=\/wp\/v2\/users\/1"}],"replies":[{"embeddable":true,"href":"https:\/\/www.auditsi.eu\/index.php?rest_route=%2Fwp%2Fv2%2Fcomments&post=4943"}],"version-history":[{"count":3,"href":"https:\/\/www.auditsi.eu\/index.php?rest_route=\/wp\/v2\/pages\/4943\/revisions"}],"predecessor-version":[{"id":5220,"href":"https:\/\/www.auditsi.eu\/index.php?rest_route=\/wp\/v2\/pages\/4943\/revisions\/5220"}],"wp:attachment":[{"href":"https:\/\/www.auditsi.eu\/index.php?rest_route=%2Fwp%2Fv2%2Fmedia&parent=4943"}],"curies":[{"name":"wp","href":"https:\/\/api.w.org\/{rel}","templated":true}]}}