{"id":49,"date":"2008-12-26T21:54:02","date_gmt":"2008-12-26T19:54:02","guid":{"rendered":"http:\/\/www.auditsi.eu\/?page_id=49"},"modified":"2019-01-20T22:00:02","modified_gmt":"2019-01-20T21:00:02","slug":"contact","status":"publish","type":"page","link":"https:\/\/www.auditsi.eu\/?page_id=49","title":{"rendered":"Contact"},"content":{"rendered":"<p style=\"text-align: justify;\">Vous avez des questions, des suggestions ? Vous souhaitez obtenir des informations compl\u00e9mentaires ? N&#8217;h\u00e9sitez pas \u00e0 me laisser un message \u00e0 l&#8217;aide du formulaire ci-apr\u00e8s.<\/p>\n<div id=\"usermessagea\" class=\"cf_info \"><\/div><form enctype=\"multipart\/form-data\" action=\"\/index.php?rest_route=%2Fwp%2Fv2%2Fpages%2F49#usermessagea\" method=\"post\" class=\"cform formulaire-contact \" id=\"cformsform\"><fieldset class=\"cf-fs1\" style=\"\"><legend>Formulaire contact<\/legend><ol class=\"cf-ol\"><li id=\"li--2\" class=\"\"><label id=\"label--2\" for=\"cf_field_2\"><span>Votre nom<\/span><\/label><input type=\"text\" name=\"cf_field_2\" id=\"cf_field_2\" class=\"single fldrequired\" value=\"Votre nom\" onfocus=\"clearField(this)\" onblur=\"setField(this)\" title=\"\"\/><span class=\"reqtxt\">(obligatoire)<\/span><\/li><li id=\"li--3\" class=\"\"><label id=\"label--3\" for=\"cf_field_3\"><span>Votre fonction<\/span><\/label><select name=\"cf_field_3\" id=\"cf_field_3\" class=\"cformselect\" title=\"Votre fonction ?\"><option value=\"ECCAC\">Expert-comptable\/Commissaire aux comptes<\/option><option value=\"ECS\">Expert-comptable\/CA stagiaire<\/option><option value=\"M\u00e9morialiste\">M\u00e9morialiste<\/option><option value=\"Etudiant\">Etudiant<\/option><option value=\"DAF\/RAF\">DAF\/RAF<\/option><option value=\"Comptable\">Comptable<\/option><option value=\"Dirigeant d'entreprise\">Dirigeant d'entreprise<\/option><option value=\"Enseignant\">Enseignant<\/option><option value=\"Autre (\u00e0 pr\u00e9ciser)\">Autre (\u00e0 pr\u00e9ciser)<\/option><\/select><\/li><li id=\"li--4\" class=\"\"><label id=\"label--4\" for=\"cf_field_4\"><span>Adresse m\u00e9l<\/span><\/label><input type=\"text\" name=\"cf_field_4\" id=\"cf_field_4\" class=\"single fldemail fldrequired\" value=\"\" title=\"\"\/><span class=\"emailreqtxt\">(adresse m\u00e9l requise)<\/span><\/li><li id=\"li--5\" class=\"\"><label id=\"label--5\" for=\"cf_field_5\"><span>Votre site internet<\/span><\/label><input type=\"text\" name=\"cf_field_5\" id=\"cf_field_5\" class=\"single\" value=\"http:\/\/\" title=\"\"\/><\/li><li id=\"li--6\" class=\"\"><label id=\"label--6\" for=\"cf_field_6\"><span>Comment avez-vous connu A&amp;SI ?<\/span><\/label><select name=\"cf_field_6\" id=\"cf_field_6\" class=\"cformselect fldrequired\" title=\"\"><option value=\"(non renseign\u00e9)\">--Choisissez :--<\/option><option value=\"Google\">Google<\/option><option value=\"Yahoo\">Yahoo<\/option><option value=\"Le Post\">Le Post<\/option><option value=\"RFC201107\">RFC juillet-ao\u00fbt 2011<\/option><option value=\"RFC201006\">RFC juin 2010<\/option><option value=\"Revue Fran\u00e7aise de Comptabilit\u00e9\">Revue Fran\u00e7aise de Comptabilit\u00e9<\/option><option value=\"01INFORMATIQUE\">01INFORMATIQUE<\/option><option value=\"AUTRE A PRECISER\">Autre (pr\u00e9cisez dans message)<\/option><\/select><span class=\"reqtxt\">(obligatoire)<\/span><\/li><li id=\"li--7\" class=\"\"><label id=\"label--7\" for=\"cf_field_7\"><span>Objet<\/span><\/label><select name=\"cf_field_7\" id=\"cf_field_7\" class=\"cformselect fldrequired\" title=\"Quelle est la nature de votre message ?\"><option value=\"M\u00e9moire\">Identifiants m\u00e9moire<\/option><option value=\"Autre\">Autre<\/option><\/select><span class=\"reqtxt\">(obligatoire)<\/span><\/li><li id=\"li--8\" class=\"\"><label id=\"label--8\" for=\"cf_field_8\"><span>Votre message<\/span><\/label><textarea cols=\"30\" rows=\"8\" name=\"cf_field_8\" id=\"cf_field_8\" class=\"area fldrequired\" title=\"\"><\/textarea><span class=\"reqtxt\">(obligatoire)<\/span><\/li><\/ol><\/fieldset><fieldset class=\"cf_hidden\"><legend>&nbsp;<\/legend><input type=\"hidden\" name=\"cf_working\" id=\"cf_working\" value=\"Veuillez patienter...\"\/><input type=\"hidden\" name=\"cf_failure\" id=\"cf_failure\" value=\"Veuillez remplir tous les champs requis !\"\/><input type=\"hidden\" name=\"cf_customerr\" id=\"cf_customerr\" value=\"y\"\/><\/fieldset><p class=\"cf-sb\"><input type=\"submit\" name=\"sendbutton\" id=\"sendbutton\" class=\"sendbutton\" value=\"Envoyer\" \/><\/p><\/form>\n<p style=\"text-align: justify;\">Vous allez recevoir un accus\u00e9 de r\u00e9ception. Dans le cas contraire, v\u00e9rifiez l&#8217;adresse m\u00e9l que vous avez saisie et v\u00e9rifiez vos SPAM. <strong>Sinon, \u00e9crivez-moi directement \u00e0 contact @ auditsi.eu<\/strong> (il arrive que l&#8217;h\u00e9bergeur du site bloque l&#8217;envoi de m\u00e9ls).<\/p>\n<p>Je re\u00e7ois de nombreux m\u00e9ls. Soyez indulgents, je r\u00e9ponds \u00e0 tous les messages mais il se peut que la r\u00e9ponse se fasse attendre\u2026<\/p>\n<p>Avant d\u2019utiliser ce formulaire consulter les <a title=\"http:\/\/www.auditsi.eu\/?page_id=78\" href=\"http:\/\/\">mentions l\u00e9gales <\/a>(Protection des donn\u00e9es, Echange de liens\u2026)<span id=\"_marker\">\u00a0<\/span><\/p>\n<div style=\"padding-bottom:20px; padding-top:10px;\" class=\"hupso-share-buttons\"><!-- Hupso Share Buttons - https:\/\/www.hupso.com\/share\/ --><a class=\"hupso_counters\" href=\"https:\/\/www.hupso.com\/share\/\"><img decoding=\"async\" src=\"https:\/\/static.hupso.com\/share\/buttons\/lang\/fr\/share-small.png\" style=\"border:0px; padding-top:2px; float:left;\" alt=\"Share Button\"\/><\/a><script type=\"text\/javascript\">var hupso_services_c=new Array(\"twitter\",\"facebook_like\",\"facebook_send\",\"email\",\"print\",\"linkedin\");var hupso_counters_lang = \"fr_FR\";var hupso_image_folder_url = \"\";var hupso_twitter_via=\"BenoitRiviere14\";var hupso_url_c=\"\";var hupso_title_c=\"Contact\";<\/script><script type=\"text\/javascript\" src=\"https:\/\/static.hupso.com\/share\/js\/counters.js\"><\/script><!-- Hupso Share Buttons --><\/div>","protected":false},"excerpt":{"rendered":"<p>Vous avez des questions, des suggestions ? Vous souhaitez obtenir des informations compl\u00e9mentaires ? N&#8217;h\u00e9sitez pas \u00e0 me laisser un message \u00e0 l&#8217;aide du formulaire ci-apr\u00e8s. Vous allez recevoir un accus\u00e9 de r\u00e9ception. Dans le cas contraire, v\u00e9rifiez l&#8217;adresse m\u00e9l que vous avez saisie et v\u00e9rifiez vos SPAM. Sinon, \u00e9crivez-moi directement \u00e0 contact @ auditsi.eu &#8230;<\/p>\n<p><a href=\"https:\/\/www.auditsi.eu\/?page_id=49\" class=\"more-link\">Continue reading &lsquo;Contact&rsquo; &raquo;<\/a><\/p>\n<div style=\"padding-bottom:20px; padding-top:10px;\" class=\"hupso-share-buttons\"><!-- Hupso Share Buttons - https:\/\/www.hupso.com\/share\/ --><a class=\"hupso_counters\" href=\"https:\/\/www.hupso.com\/share\/\"><img src=\"https:\/\/static.hupso.com\/share\/buttons\/lang\/fr\/share-small.png\" style=\"border:0px; padding-top:2px; float:left;\" alt=\"Share Button\"\/><\/a><script type=\"text\/javascript\">var hupso_services_c=new Array(\"twitter\",\"facebook_like\",\"facebook_send\",\"email\",\"print\",\"linkedin\");var hupso_counters_lang = \"fr_FR\";var hupso_image_folder_url = \"\";var hupso_twitter_via=\"BenoitRiviere14\";var hupso_url_c=\"\";var hupso_title_c=\"Contact\";<\/script><script type=\"text\/javascript\" src=\"https:\/\/static.hupso.com\/share\/js\/counters.js\"><\/script><!-- Hupso Share Buttons --><\/div>","protected":false},"author":1,"featured_media":0,"parent":0,"menu_order":4,"comment_status":"closed","ping_status":"closed","template":"","meta":{"advanced_seo_description":"","jetpack_seo_html_title":"","jetpack_seo_noindex":false,"ngg_post_thumbnail":0,"footnotes":"","_links_to":"","_links_to_target":""},"class_list":["post-49","page","type-page","status-publish","hentry"],"jetpack_sharing_enabled":true,"jetpack_likes_enabled":false,"_links":{"self":[{"href":"https:\/\/www.auditsi.eu\/index.php?rest_route=\/wp\/v2\/pages\/49","targetHints":{"allow":["GET"]}}],"collection":[{"href":"https:\/\/www.auditsi.eu\/index.php?rest_route=\/wp\/v2\/pages"}],"about":[{"href":"https:\/\/www.auditsi.eu\/index.php?rest_route=\/wp\/v2\/types\/page"}],"author":[{"embeddable":true,"href":"https:\/\/www.auditsi.eu\/index.php?rest_route=\/wp\/v2\/users\/1"}],"replies":[{"embeddable":true,"href":"https:\/\/www.auditsi.eu\/index.php?rest_route=%2Fwp%2Fv2%2Fcomments&post=49"}],"version-history":[{"count":6,"href":"https:\/\/www.auditsi.eu\/index.php?rest_route=\/wp\/v2\/pages\/49\/revisions"}],"predecessor-version":[{"id":7924,"href":"https:\/\/www.auditsi.eu\/index.php?rest_route=\/wp\/v2\/pages\/49\/revisions\/7924"}],"wp:attachment":[{"href":"https:\/\/www.auditsi.eu\/index.php?rest_route=%2Fwp%2Fv2%2Fmedia&parent=49"}],"curies":[{"name":"wp","href":"https:\/\/api.w.org\/{rel}","templated":true}]}}