{"id":4691,"date":"2014-03-09T23:22:41","date_gmt":"2014-03-09T21:22:41","guid":{"rendered":"http:\/\/www.auditsi.eu\/?page_id=4691"},"modified":"2014-03-09T23:22:41","modified_gmt":"2014-03-09T21:22:41","slug":"fiscalite-et-informatique","status":"publish","type":"page","link":"https:\/\/www.auditsi.eu\/?page_id=4691","title":{"rendered":"Fiscalit\u00e9 et informatique"},"content":{"rendered":"<p style=\"text-align: justify;\">Pour favoriser la progression de l&#8217;informatique dans les entreprises, le l\u00e9gislateur r\u00e9duit la dur\u00e9e d&#8217;amortissement des micro-ordinateurs \u00e0 deux ans.<\/p>\n<div id=\"attachment_4692\" style=\"width: 495px\" class=\"wp-caption aligncenter\"><a href=\"https:\/\/www.auditsi.eu\/wp-content\/uploads\/2014\/03\/Amortissement-ordinateurs-SVM-138-05-1996-p39.jpg\"><img loading=\"lazy\" decoding=\"async\" aria-describedby=\"caption-attachment-4692\" class=\"size-full wp-image-4692\" alt=\"Les ordinateurs amortissables sur deux ans \u00e0 compter d'octobre 1996 (SVM n\u00b0 138, mai 1996, p. 39)\" src=\"https:\/\/www.auditsi.eu\/wp-content\/uploads\/2014\/03\/Amortissement-ordinateurs-SVM-138-05-1996-p39.jpg\" width=\"485\" height=\"1197\" srcset=\"https:\/\/www.auditsi.eu\/wp-content\/uploads\/2014\/03\/Amortissement-ordinateurs-SVM-138-05-1996-p39.jpg 485w, https:\/\/www.auditsi.eu\/wp-content\/uploads\/2014\/03\/Amortissement-ordinateurs-SVM-138-05-1996-p39-121x300.jpg 121w\" sizes=\"auto, (max-width: 485px) 100vw, 485px\" \/><\/a><p id=\"caption-attachment-4692\" class=\"wp-caption-text\">Les ordinateurs amortissables sur deux ans \u00e0 compter d&#8217;octobre 1996 (SVM n\u00b0 138, mai 1996, p. 39)<\/p><\/div>\n<div style=\"padding-bottom:20px; padding-top:10px;\" class=\"hupso-share-buttons\"><!-- Hupso Share Buttons - https:\/\/www.hupso.com\/share\/ --><a class=\"hupso_counters\" href=\"https:\/\/www.hupso.com\/share\/\"><img decoding=\"async\" src=\"https:\/\/static.hupso.com\/share\/buttons\/lang\/fr\/share-small.png\" style=\"border:0px; padding-top:2px; float:left;\" alt=\"Share Button\"\/><\/a><script type=\"text\/javascript\">var hupso_services_c=new Array(\"twitter\",\"facebook_like\",\"facebook_send\",\"email\",\"print\",\"linkedin\");var hupso_counters_lang = \"fr_FR\";var hupso_image_folder_url = \"\";var hupso_twitter_via=\"BenoitRiviere14\";var hupso_url_c=\"\";var hupso_title_c=\"Fiscalit%C3%A9%20et%20informatique\";<\/script><script type=\"text\/javascript\" src=\"https:\/\/static.hupso.com\/share\/js\/counters.js\"><\/script><!-- Hupso Share Buttons --><\/div>","protected":false},"excerpt":{"rendered":"<p>Pour favoriser la progression de l&#8217;informatique dans les entreprises, le l\u00e9gislateur r\u00e9duit la dur\u00e9e d&#8217;amortissement des micro-ordinateurs \u00e0 deux ans.<\/p>\n<div style=\"padding-bottom:20px; padding-top:10px;\" class=\"hupso-share-buttons\"><!-- Hupso Share Buttons - https:\/\/www.hupso.com\/share\/ --><a class=\"hupso_counters\" href=\"https:\/\/www.hupso.com\/share\/\"><img src=\"https:\/\/static.hupso.com\/share\/buttons\/lang\/fr\/share-small.png\" style=\"border:0px; padding-top:2px; float:left;\" alt=\"Share Button\"\/><\/a><script type=\"text\/javascript\">var hupso_services_c=new Array(\"twitter\",\"facebook_like\",\"facebook_send\",\"email\",\"print\",\"linkedin\");var hupso_counters_lang = \"fr_FR\";var hupso_image_folder_url = \"\";var hupso_twitter_via=\"BenoitRiviere14\";var hupso_url_c=\"\";var hupso_title_c=\"Fiscalit%C3%A9%20et%20informatique\";<\/script><script type=\"text\/javascript\" src=\"https:\/\/static.hupso.com\/share\/js\/counters.js\"><\/script><!-- Hupso Share Buttons --><\/div>","protected":false},"author":1,"featured_media":0,"parent":0,"menu_order":0,"comment_status":"open","ping_status":"open","template":"","meta":{"advanced_seo_description":"","jetpack_seo_html_title":"","jetpack_seo_noindex":false,"ngg_post_thumbnail":0,"footnotes":"","_links_to":"","_links_to_target":""},"class_list":["post-4691","page","type-page","status-publish","hentry"],"jetpack_sharing_enabled":true,"jetpack_likes_enabled":false,"_links":{"self":[{"href":"https:\/\/www.auditsi.eu\/index.php?rest_route=\/wp\/v2\/pages\/4691","targetHints":{"allow":["GET"]}}],"collection":[{"href":"https:\/\/www.auditsi.eu\/index.php?rest_route=\/wp\/v2\/pages"}],"about":[{"href":"https:\/\/www.auditsi.eu\/index.php?rest_route=\/wp\/v2\/types\/page"}],"author":[{"embeddable":true,"href":"https:\/\/www.auditsi.eu\/index.php?rest_route=\/wp\/v2\/users\/1"}],"replies":[{"embeddable":true,"href":"https:\/\/www.auditsi.eu\/index.php?rest_route=%2Fwp%2Fv2%2Fcomments&post=4691"}],"version-history":[{"count":1,"href":"https:\/\/www.auditsi.eu\/index.php?rest_route=\/wp\/v2\/pages\/4691\/revisions"}],"predecessor-version":[{"id":4693,"href":"https:\/\/www.auditsi.eu\/index.php?rest_route=\/wp\/v2\/pages\/4691\/revisions\/4693"}],"wp:attachment":[{"href":"https:\/\/www.auditsi.eu\/index.php?rest_route=%2Fwp%2Fv2%2Fmedia&parent=4691"}],"curies":[{"name":"wp","href":"https:\/\/api.w.org\/{rel}","templated":true}]}}