{"id":4631,"date":"2014-03-01T12:59:02","date_gmt":"2014-03-01T10:59:02","guid":{"rendered":"http:\/\/www.auditsi.eu\/?page_id=4631"},"modified":"2017-07-28T13:59:00","modified_gmt":"2017-07-28T11:59:00","slug":"quelques-idees-de-lecture-pour-en-savoir-plus","status":"publish","type":"page","link":"https:\/\/www.auditsi.eu\/?page_id=4631","title":{"rendered":"Quelques id\u00e9es de lecture pour en savoir plus"},"content":{"rendered":"<p style=\"text-align: justify;\">Vous d\u00e9sirez en savoir plus sur l&#8217;<a title=\"La micro-informatique familiale des ann\u00e9es 80, l\u2019\u00e2ge d\u2019or de l\u2019informatique personnelle\" href=\"http:\/\/www.auditsi.eu\/?page_id=2119\">informatique des ann\u00e9es 80<\/a> ? Approfondir un sujet en particulier ?<\/p>\n<p style=\"text-align: justify;\">Voici quelques id\u00e9es de lecture :<\/p>\n<ul>\n<li>Encyclop\u00e9die Basic Plus (Editions du Hennin) : un \u00e9tat des lieux de l&#8217;informatique de ses d\u00e9buts \u00e0 1984&#8230;<\/li>\n<li>Revues et magazines des ann\u00e9es 70 \u00e0 nos jours : nombreuses publications \u00e0 t\u00e9l\u00e9charger gratuitement sur le site <a title=\"Abandonware\" href=\"http:\/\/www.abandonware-magazines.org\/\">Abandonware<\/a> num\u00e9ris\u00e9es par une \u00e9quipe de b\u00e9n\u00e9voles passionn\u00e9s par la pr\u00e9servation de notre patrimoine informatique. Autres sources de t\u00e9l\u00e9chargement : <a href=\"http:\/\/www.1001mags.com\/\">1001mags<\/a> (gratuit et payant), <a href=\"https:\/\/archive.org\/\">Archive<\/a> (US).<\/li>\n<li>Sites d&#8217;information et forums de discussion : <a title=\"Silicium\" href=\"http:\/\/www.silicium.org\/forum\/index.php\" target=\"_blank\" rel=\"noopener\">Silicium<\/a>, <a title=\"System.cfg\" href=\"http:\/\/forum.system-cfg.com\/index.php\" target=\"_blank\" rel=\"noopener\">System.cfg<\/a>, &#8230;<\/li>\n<\/ul>\n<div id=\"attachment_4684\" style=\"width: 336px\" class=\"wp-caption aligncenter\"><a href=\"https:\/\/www.auditsi.eu\/wp-content\/uploads\/2014\/03\/Couverture-encyclop\u00e9die-Basic-Plus.jpg\"><img loading=\"lazy\" decoding=\"async\" aria-describedby=\"caption-attachment-4684\" class=\"size-full wp-image-4684\" src=\"https:\/\/www.auditsi.eu\/wp-content\/uploads\/2014\/03\/Couverture-encyclop\u00e9die-Basic-Plus.jpg\" alt=\"Couverture de l'encyclop\u00e9die Basic Plus\" width=\"326\" height=\"448\" srcset=\"https:\/\/www.auditsi.eu\/wp-content\/uploads\/2014\/03\/Couverture-encyclop\u00e9die-Basic-Plus.jpg 326w, https:\/\/www.auditsi.eu\/wp-content\/uploads\/2014\/03\/Couverture-encyclop\u00e9die-Basic-Plus-218x300.jpg 218w\" sizes=\"auto, (max-width: 326px) 100vw, 326px\" \/><\/a><p id=\"caption-attachment-4684\" class=\"wp-caption-text\">Couverture de l&#8217;encyclop\u00e9die Basic Plus<\/p><\/div>\n<p style=\"text-align: justify;\">N&#8217;h\u00e9sitez pas \u00e0 me <a title=\"Avis de recherche : mat\u00e9riels et documents informatiques des ann\u00e9es 70-80-90\" href=\"http:\/\/www.auditsi.eu\/?page_id=1743\" target=\"_blank\" rel=\"noopener\">contacter<\/a> si un sujet pr\u00e9cis vous int\u00e9resse. Je dispose d&#8217;une <a title=\"Ma documentation\" href=\"http:\/\/www.auditsi.eu\/?page_id=3930\" target=\"_blank\" rel=\"noopener\">documentation<\/a> importante&#8230; pour une bonne part non encore exploit\u00e9e sur ce site&#8230; donc autant de sujets \u00e0 aborder&#8230;<\/p>\n<div style=\"padding-bottom:20px; padding-top:10px;\" class=\"hupso-share-buttons\"><!-- Hupso Share Buttons - https:\/\/www.hupso.com\/share\/ --><a class=\"hupso_counters\" href=\"https:\/\/www.hupso.com\/share\/\"><img decoding=\"async\" src=\"https:\/\/static.hupso.com\/share\/buttons\/lang\/fr\/share-small.png\" style=\"border:0px; padding-top:2px; float:left;\" alt=\"Share Button\"\/><\/a><script type=\"text\/javascript\">var hupso_services_c=new Array(\"twitter\",\"facebook_like\",\"facebook_send\",\"email\",\"print\",\"linkedin\");var hupso_counters_lang = \"fr_FR\";var hupso_image_folder_url = \"\";var hupso_twitter_via=\"BenoitRiviere14\";var hupso_url_c=\"\";var hupso_title_c=\"Quelques%20id%C3%A9es%20de%20lecture%20pour%20en%20savoir%20plus\";<\/script><script type=\"text\/javascript\" src=\"https:\/\/static.hupso.com\/share\/js\/counters.js\"><\/script><!-- Hupso Share Buttons --><\/div>","protected":false},"excerpt":{"rendered":"<p>Vous d\u00e9sirez en savoir plus sur l&#8217;informatique des ann\u00e9es 80 ? Approfondir un sujet en particulier ? Voici quelques id\u00e9es de lecture : Encyclop\u00e9die Basic Plus (Editions du Hennin) : un \u00e9tat des lieux de l&#8217;informatique de ses d\u00e9buts \u00e0 1984&#8230; Revues et magazines des ann\u00e9es 70 \u00e0 nos jours : nombreuses publications \u00e0 t\u00e9l\u00e9charger &#8230;<\/p>\n<p><a href=\"https:\/\/www.auditsi.eu\/?page_id=4631\" class=\"more-link\">Continue reading &lsquo;Quelques id\u00e9es de lecture pour en savoir plus&rsquo; &raquo;<\/a><\/p>\n<div style=\"padding-bottom:20px; padding-top:10px;\" class=\"hupso-share-buttons\"><!-- Hupso Share Buttons - https:\/\/www.hupso.com\/share\/ --><a class=\"hupso_counters\" href=\"https:\/\/www.hupso.com\/share\/\"><img src=\"https:\/\/static.hupso.com\/share\/buttons\/lang\/fr\/share-small.png\" style=\"border:0px; padding-top:2px; float:left;\" alt=\"Share Button\"\/><\/a><script type=\"text\/javascript\">var hupso_services_c=new Array(\"twitter\",\"facebook_like\",\"facebook_send\",\"email\",\"print\",\"linkedin\");var hupso_counters_lang = \"fr_FR\";var hupso_image_folder_url = \"\";var hupso_twitter_via=\"BenoitRiviere14\";var hupso_url_c=\"\";var hupso_title_c=\"Quelques%20id%C3%A9es%20de%20lecture%20pour%20en%20savoir%20plus\";<\/script><script type=\"text\/javascript\" src=\"https:\/\/static.hupso.com\/share\/js\/counters.js\"><\/script><!-- Hupso Share Buttons --><\/div>","protected":false},"author":1,"featured_media":0,"parent":0,"menu_order":0,"comment_status":"open","ping_status":"open","template":"","meta":{"advanced_seo_description":"","jetpack_seo_html_title":"","jetpack_seo_noindex":false,"ngg_post_thumbnail":0,"footnotes":"","_links_to":"","_links_to_target":""},"class_list":["post-4631","page","type-page","status-publish","hentry"],"jetpack_sharing_enabled":true,"jetpack_likes_enabled":false,"_links":{"self":[{"href":"https:\/\/www.auditsi.eu\/index.php?rest_route=\/wp\/v2\/pages\/4631","targetHints":{"allow":["GET"]}}],"collection":[{"href":"https:\/\/www.auditsi.eu\/index.php?rest_route=\/wp\/v2\/pages"}],"about":[{"href":"https:\/\/www.auditsi.eu\/index.php?rest_route=\/wp\/v2\/types\/page"}],"author":[{"embeddable":true,"href":"https:\/\/www.auditsi.eu\/index.php?rest_route=\/wp\/v2\/users\/1"}],"replies":[{"embeddable":true,"href":"https:\/\/www.auditsi.eu\/index.php?rest_route=%2Fwp%2Fv2%2Fcomments&post=4631"}],"version-history":[{"count":9,"href":"https:\/\/www.auditsi.eu\/index.php?rest_route=\/wp\/v2\/pages\/4631\/revisions"}],"predecessor-version":[{"id":4637,"href":"https:\/\/www.auditsi.eu\/index.php?rest_route=\/wp\/v2\/pages\/4631\/revisions\/4637"}],"wp:attachment":[{"href":"https:\/\/www.auditsi.eu\/index.php?rest_route=%2Fwp%2Fv2%2Fmedia&parent=4631"}],"curies":[{"name":"wp","href":"https:\/\/api.w.org\/{rel}","templated":true}]}}