{"id":3365,"date":"2013-07-06T21:55:13","date_gmt":"2013-07-06T19:55:13","guid":{"rendered":"http:\/\/www.auditsi.eu\/?page_id=3365"},"modified":"2018-12-30T00:32:53","modified_gmt":"2018-12-29T23:32:53","slug":"echanges","status":"publish","type":"page","link":"https:\/\/www.auditsi.eu\/?page_id=3365","title":{"rendered":"Echanges"},"content":{"rendered":"<p style=\"text-align: justify;\">Au hasard de mes collectes de documents et mat\u00e9riels pour compl\u00e9ter <a title=\"Ma collection\" href=\"http:\/\/www.auditsi.eu\/?page_id=1983\">ma collection<\/a>, il m&#8217;arrive d&#8217;avoir des doublons ou d&#8217;obtenir des objets qui ne correspondent pas aux objectifs de ma collection. Dans ce cas, je les \u00e9change contre d&#8217;autres objets plus en rapport avec ma passion (en tant que collectionneur, je pr\u00e9f\u00e8re l&#8217;\u00e9change \u00e0 la vente).<\/p>\n<p style=\"text-align: justify;\">Si vous avez des mat\u00e9riels, livres, magazines (cf <a title=\"Avis de recherche\" href=\"http:\/\/www.auditsi.eu\/?page_id=1743\">mon avis de recherche<\/a>), n&#8217;h\u00e9sitez pas \u00e0 me contacter.<\/p>\n<p style=\"text-align: justify;\"><!--cforms name=\"Formulaire contact PASSION INFO\"--><\/p>\n<p style=\"text-align: justify;\">En ce moment, je propose <strong><em>\u00e0 l&#8217;\u00e9change<\/em><\/strong> diff\u00e9rents objets :<\/p>\n<ul>\n<li>Un COMMODORE C128 (jauni, en bo\u00eete mauvais \u00e9tat&nbsp;et manque polystyr\u00e8ne), son moniteur 1901 (en bo\u00eete, non fonctionnel), son imprimante, son lecteur de disquette 1571 (en bo\u00eete, \u00e9tat de fonctionnement inconnu) (lot indissociable)<\/li>\n<li>Nombreuses revues et magazines informatique, \u00e9lectronique et hifi \/ photo : \u00e9tat de tr\u00e8s bon \u00e0 moyen, notamment (entre parenth\u00e8ses les n\u00b0 inf\u00e9rieurs et sup\u00e9rieurs disponibles, s\u00e9ries incompl\u00e8tes sauf pr\u00e9cision contraire) :\n<ul>\n<li>Science &amp; Vie Micro (n\u00b0 3 02\/1984 \u00e0 109 10\/1993) : bon voire tr\u00e8s bon \u00e9tat pour la plupart (n\u00b0 7 manque le cahier des programmes),<\/li>\n<li>Micro-Syst\u00e8mes (n\u00b0 20 11-12\/1981 \u00e0 109 06\/1990) : \u00e9tat de tr\u00e8s bon \u00e0 tr\u00e8s moyen selon les exemplaires,<\/li>\n<li>Soft &amp; Micro (n\u00b0 1 10\/1984 \u00e0 57 11\/1989),<\/li>\n<li>L&#8217;Ordinateur Individuel (n\u00b0 2 11\/1978 \u00e0 87 12\/1986) + HS 65 (couverture \u00e9tat moyen) : quelques mentions manuscrites voire tampons sur certains num\u00e9ros voire pages manquantes (un publiphobes a coup\u00e9 les pages publicitaires de certains num\u00e9ros),<\/li>\n<li>L&#8217;Ordinateur de Poche (n\u00b0 13 05\/1983),<\/li>\n<li>List (n\u00b0 11 07-08\/1985),<\/li>\n<li>La Nouvelle Revue du Son : n\u00b0 89, 90, 91, 92 (juin \u00e0 d\u00e9cembre 1985) : tr\u00e8s bon \u00e9tat,<\/li>\n<li>HIFI St\u00e9r\u00e9o, n\u00b0 119 (octobre 1985), 120, 122, 123, 136, 143 (d\u00e9cembre 1987) : bon \u00e0 tr\u00e8s bon \u00e9tat (tampon sur couverture n\u00b0 123),<\/li>\n<li>Photo Reporter n\u00b0 89 (03\/1986),<\/li>\n<li>Chasseur d&#8217;images, album n\u00b0 34 regroupant les n\u00b0 67 et 68 (11 et 12\/1984) : tr\u00e8s bon \u00e9tat mais reliure craquante et une page est d\u00e9tach\u00e9e,<\/li>\n<li>Un carton plein de revues&nbsp;ATARI ST MAG (40\/50 environ) (dans des \u00e9tats vari\u00e9s),<\/li>\n<li>Joystick (n\u00b0 48 04\/1994 \u00e0 140 09\/2002) : s\u00e9rie compl\u00e8te (je v\u00e9rifierai au besoin), tr\u00e8s bon \u00e9tat, lot non dissociable,<\/li>\n<li>Nombreuses revues d&#8217;\u00e9lectronique (+ de 200) des ann\u00e9es 80 \u00e0 90, essentiellement Radio Plans et Electronique Pratique&nbsp;: je n&#8217;ai pas encore inventori\u00e9 (je ne souhaite conserver que celles en rapport avec l&#8217;informatique).<\/li>\n<\/ul>\n<\/li>\n<\/ul>\n<p style=\"padding-left: 60px;\">Avant \u00e9change, je pr\u00e9ciserai l&#8217;\u00e9tat exact de chaque exemplaire demand\u00e9 et joindrai quelques photos.<\/p>\n<div id=\"attachment_3376\" style=\"width: 458px\" class=\"wp-caption aligncenter\"><a href=\"https:\/\/www.auditsi.eu\/wp-content\/uploads\/2013\/07\/DSCN8726.jpg\"><img loading=\"lazy\" decoding=\"async\" aria-describedby=\"caption-attachment-3376\" width=\"448\" height=\"323\" class=\"size-full wp-image-3376\" alt=\"Science &amp; Vie Micro : n\u00b0 35 (janvier 1987), 37, 38, 39, 40, 42, 46, 49 (avril 1988) : bon \u00e0 tr\u00e8s bon \u00e9tat\" src=\"https:\/\/www.auditsi.eu\/wp-content\/uploads\/2013\/07\/DSCN8726.jpg\" srcset=\"https:\/\/www.auditsi.eu\/wp-content\/uploads\/2013\/07\/DSCN8726.jpg 448w, https:\/\/www.auditsi.eu\/wp-content\/uploads\/2013\/07\/DSCN8726-300x216.jpg 300w\" sizes=\"auto, (max-width: 448px) 100vw, 448px\" \/><\/a><p id=\"caption-attachment-3376\" class=\"wp-caption-text\">Science &amp; Vie Micro : n\u00b0 35 (janvier 1987), 37, 38, 39, 40, 42, 46, 49 (avril 1988) : bon \u00e0 tr\u00e8s bon \u00e9tat<\/p><\/div>\n<div id=\"attachment_3374\" style=\"width: 458px\" class=\"wp-caption aligncenter\"><a href=\"https:\/\/www.auditsi.eu\/wp-content\/uploads\/2013\/07\/DSCN8725.jpg\"><img loading=\"lazy\" decoding=\"async\" aria-describedby=\"caption-attachment-3374\" width=\"448\" height=\"309\" class=\"size-full wp-image-3374\" alt=\"Micro-Syst\u00e8mes n\u00b019 (septembre\/octobre 1981), 20 (novembre\/d\u00e9cembre 1981), 46 (octobre 1984), 56 (septembre 1985) : \u00e9tat moyen (d\u00e9chirures) sauf n\u00b0 20 et 56\" src=\"https:\/\/www.auditsi.eu\/wp-content\/uploads\/2013\/07\/DSCN8725.jpg\" srcset=\"https:\/\/www.auditsi.eu\/wp-content\/uploads\/2013\/07\/DSCN8725.jpg 448w, https:\/\/www.auditsi.eu\/wp-content\/uploads\/2013\/07\/DSCN8725-300x206.jpg 300w\" sizes=\"auto, (max-width: 448px) 100vw, 448px\" \/><\/a><p id=\"caption-attachment-3374\" class=\"wp-caption-text\">Micro-Syst\u00e8mes n\u00b019 (septembre\/octobre 1981), 20 (novembre\/d\u00e9cembre 1981), 46 (octobre 1984), 56 (septembre 1985) : \u00e9tat moyen (d\u00e9chirures) sauf n\u00b0 20 et 56<\/p><\/div>\n<div id=\"attachment_3371\" style=\"width: 462px\" class=\"wp-caption aligncenter\"><a href=\"https:\/\/www.auditsi.eu\/wp-content\/uploads\/2013\/07\/DSCN8722.jpg\"><img loading=\"lazy\" decoding=\"async\" aria-describedby=\"caption-attachment-3371\" width=\"452\" height=\"432\" class=\"size-full wp-image-3371\" alt=\"La Nouvelle Revue du Son : n\u00b0 89, 90, 91, 92 (juin \u00e0 d\u00e9cembre 1985) : tr\u00e8s bon \u00e9tat\" src=\"https:\/\/www.auditsi.eu\/wp-content\/uploads\/2013\/07\/DSCN8722.jpg\" srcset=\"https:\/\/www.auditsi.eu\/wp-content\/uploads\/2013\/07\/DSCN8722.jpg 452w, https:\/\/www.auditsi.eu\/wp-content\/uploads\/2013\/07\/DSCN8722-300x286.jpg 300w\" sizes=\"auto, (max-width: 452px) 100vw, 452px\" \/><\/a><p id=\"caption-attachment-3371\" class=\"wp-caption-text\">La Nouvelle Revue du Son : n\u00b0 89, 90, 91, 92 (juin \u00e0 d\u00e9cembre 1985) : tr\u00e8s bon \u00e9tat<\/p><\/div>\n<div id=\"attachment_3378\" style=\"width: 458px\" class=\"wp-caption aligncenter\"><a href=\"https:\/\/www.auditsi.eu\/wp-content\/uploads\/2013\/07\/DSCN8724.jpg\"><img loading=\"lazy\" decoding=\"async\" aria-describedby=\"caption-attachment-3378\" width=\"448\" height=\"315\" class=\"size-full wp-image-3378\" alt=\"HIFI St\u00e9r\u00e9o, n\u00b0 119 (octobre 1985), 120, 122, 123, 136, 143 (d\u00e9cembre 1987) : bon \u00e0 tr\u00e8s bon \u00e9tat\" src=\"https:\/\/www.auditsi.eu\/wp-content\/uploads\/2013\/07\/DSCN8724.jpg\" srcset=\"https:\/\/www.auditsi.eu\/wp-content\/uploads\/2013\/07\/DSCN8724.jpg 448w, https:\/\/www.auditsi.eu\/wp-content\/uploads\/2013\/07\/DSCN8724-300x210.jpg 300w\" sizes=\"auto, (max-width: 448px) 100vw, 448px\" \/><\/a><p id=\"caption-attachment-3378\" class=\"wp-caption-text\">HIFI St\u00e9r\u00e9o, n\u00b0 119 (octobre 1985), 120, 122, 123, 136, 143 (d\u00e9cembre 1987) : bon \u00e0 tr\u00e8s bon \u00e9tat<\/p><\/div>\n<ul>\n<li>Grand livre MS Exchange 2000 Server, 1\u00e8re \u00e9dition (01\/2001), Micro Application<\/li>\n<li>Go Live 5, 2001, Campus Press<\/li>\n<li>TO16 Thomson Guide de MS-DOS<\/li>\n<li>Jeux en bo\u00eete (avec disquette(s) et manuel) :\n<ul>\n<li>SIERRA SOCCER World Challenge Edition pour Amiga<\/li>\n<li>GOBLINS 3 pour PC<\/li>\n<li>GRAND PRIX (MICROPROSE FORMULA ONE) pour Amiga (avec codes de protection)<\/li>\n<li>MYST pour Windows 95\/98<\/li>\n<li>F1 WORLD GRAND PRIX pour Windows 95\/98<\/li>\n<\/ul>\n<\/li>\n<\/ul>\n<div style=\"padding-bottom:20px; padding-top:10px;\" class=\"hupso-share-buttons\"><!-- Hupso Share Buttons - https:\/\/www.hupso.com\/share\/ --><a class=\"hupso_counters\" href=\"https:\/\/www.hupso.com\/share\/\"><img decoding=\"async\" src=\"https:\/\/static.hupso.com\/share\/buttons\/lang\/fr\/share-small.png\" style=\"border:0px; padding-top:2px; float:left;\" alt=\"Share Button\"\/><\/a><script type=\"text\/javascript\">var hupso_services_c=new Array(\"twitter\",\"facebook_like\",\"facebook_send\",\"email\",\"print\",\"linkedin\");var hupso_counters_lang = \"fr_FR\";var hupso_image_folder_url = \"\";var hupso_twitter_via=\"BenoitRiviere14\";var hupso_url_c=\"\";var hupso_title_c=\"Echanges\";<\/script><script type=\"text\/javascript\" src=\"https:\/\/static.hupso.com\/share\/js\/counters.js\"><\/script><!-- Hupso Share Buttons --><\/div>","protected":false},"excerpt":{"rendered":"<p>Au hasard de mes collectes de documents et mat\u00e9riels pour compl\u00e9ter ma collection, il m&#8217;arrive d&#8217;avoir des doublons ou d&#8217;obtenir des objets qui ne correspondent pas aux objectifs de ma collection. Dans ce cas, je les \u00e9change contre d&#8217;autres objets plus en rapport avec ma passion (en tant que collectionneur, je pr\u00e9f\u00e8re l&#8217;\u00e9change \u00e0 la &#8230;<\/p>\n<p><a href=\"https:\/\/www.auditsi.eu\/?page_id=3365\" class=\"more-link\">Continue reading &lsquo;Echanges&rsquo; &raquo;<\/a><\/p>\n<div style=\"padding-bottom:20px; padding-top:10px;\" class=\"hupso-share-buttons\"><!-- Hupso Share Buttons - https:\/\/www.hupso.com\/share\/ --><a class=\"hupso_counters\" href=\"https:\/\/www.hupso.com\/share\/\"><img src=\"https:\/\/static.hupso.com\/share\/buttons\/lang\/fr\/share-small.png\" style=\"border:0px; padding-top:2px; float:left;\" alt=\"Share Button\"\/><\/a><script type=\"text\/javascript\">var hupso_services_c=new Array(\"twitter\",\"facebook_like\",\"facebook_send\",\"email\",\"print\",\"linkedin\");var hupso_counters_lang = \"fr_FR\";var hupso_image_folder_url = \"\";var hupso_twitter_via=\"BenoitRiviere14\";var hupso_url_c=\"\";var hupso_title_c=\"Echanges\";<\/script><script type=\"text\/javascript\" src=\"https:\/\/static.hupso.com\/share\/js\/counters.js\"><\/script><!-- Hupso Share Buttons --><\/div>","protected":false},"author":1,"featured_media":0,"parent":0,"menu_order":0,"comment_status":"open","ping_status":"open","template":"","meta":{"advanced_seo_description":"","jetpack_seo_html_title":"","jetpack_seo_noindex":false,"ngg_post_thumbnail":0,"footnotes":"","_links_to":"","_links_to_target":""},"class_list":["post-3365","page","type-page","status-publish","hentry"],"jetpack_sharing_enabled":true,"jetpack_likes_enabled":false,"_links":{"self":[{"href":"https:\/\/www.auditsi.eu\/index.php?rest_route=\/wp\/v2\/pages\/3365","targetHints":{"allow":["GET"]}}],"collection":[{"href":"https:\/\/www.auditsi.eu\/index.php?rest_route=\/wp\/v2\/pages"}],"about":[{"href":"https:\/\/www.auditsi.eu\/index.php?rest_route=\/wp\/v2\/types\/page"}],"author":[{"embeddable":true,"href":"https:\/\/www.auditsi.eu\/index.php?rest_route=\/wp\/v2\/users\/1"}],"replies":[{"embeddable":true,"href":"https:\/\/www.auditsi.eu\/index.php?rest_route=%2Fwp%2Fv2%2Fcomments&post=3365"}],"version-history":[{"count":16,"href":"https:\/\/www.auditsi.eu\/index.php?rest_route=\/wp\/v2\/pages\/3365\/revisions"}],"predecessor-version":[{"id":7803,"href":"https:\/\/www.auditsi.eu\/index.php?rest_route=\/wp\/v2\/pages\/3365\/revisions\/7803"}],"wp:attachment":[{"href":"https:\/\/www.auditsi.eu\/index.php?rest_route=%2Fwp%2Fv2%2Fmedia&parent=3365"}],"curies":[{"name":"wp","href":"https:\/\/api.w.org\/{rel}","templated":true}]}}