{"id":3166,"date":"2013-04-28T20:44:21","date_gmt":"2013-04-28T18:44:21","guid":{"rendered":"http:\/\/www.auditsi.eu\/?page_id=3166"},"modified":"2021-03-14T13:01:12","modified_gmt":"2021-03-14T12:01:12","slug":"dans-les-annees-80-la-generalisation-de-la-micro-informatique-a-modifie-en-profondeur-lorganisation-de-lentreprise","status":"publish","type":"page","link":"https:\/\/www.auditsi.eu\/?page_id=3166","title":{"rendered":"L&#8217;homme et les nouvelles technologies"},"content":{"rendered":"<p style=\"text-align: justify;\">Dans les ann\u00e9es 80, la g\u00e9n\u00e9ralisation de la <a title=\"La micro-informatique des ann\u00e9es 80\" href=\"http:\/\/www.auditsi.eu\/?page_id=2119\">micro-informatique<\/a> a modifi\u00e9 en profondeur l\u2019organisation de l\u2019entreprise et les m\u00e9thodes de travail, de la m\u00eame mani\u00e8re que l\u2019entr\u00e9e de la robotique dans les usines dans les ann\u00e9es 70. Exit la machine \u00e0 \u00e9crire, bonjour le <a title=\"La bureautique et les outils de gestion\" href=\"http:\/\/www.auditsi.eu\/?page_id=2402\">traitement de texte<\/a> ; exit les tableaux et la gomme, bonjour le <a title=\"La bureautique et les outils de gestion\" href=\"http:\/\/www.auditsi.eu\/?page_id=2402\">tableur<\/a> !<\/p>\n<p style=\"text-align: justify;\">Le d\u00e9veloppement de l&#8217;usage des <a title=\"R\u00e9seaux et t\u00e9l\u00e9communication\" href=\"http:\/\/www.auditsi.eu\/?page_id=3756\">r\u00e9seaux, des moyens de t\u00e9l\u00e9communication<\/a> (t\u00e9l\u00e9phone, fax, modem, minitel&#8230;) favorisent les \u00e9changes de la voix puis progressivement des donn\u00e9es. De nouvelles formes d&#8217;organisation du travail apparaissent comme le t\u00e9l\u00e9travail. La mutation sociale a \u00e9t\u00e9 aussi profonde que peu anticip\u00e9e par la soci\u00e9t\u00e9.<\/p>\n<div id=\"attachment_5321\" style=\"width: 490px\" class=\"wp-caption aligncenter\"><a href=\"https:\/\/www.auditsi.eu\/wp-content\/uploads\/2013\/04\/LICENCIEMENT-ET-NOUVELLES-TECHNOLOGIES-INFOWORLD-27-01-1986.png\"><img loading=\"lazy\" decoding=\"async\" aria-describedby=\"caption-attachment-5321\" class=\"size-full wp-image-5321\" src=\"https:\/\/www.auditsi.eu\/wp-content\/uploads\/2013\/04\/LICENCIEMENT-ET-NOUVELLES-TECHNOLOGIES-INFOWORLD-27-01-1986.png\" alt=\"Nouvelles technologies et confidentialit\u00e9 (BD GRANTLAND publi\u00e9e dans INFOWORLD du 27 janvier 1986)\" width=\"480\" height=\"607\" srcset=\"https:\/\/www.auditsi.eu\/wp-content\/uploads\/2013\/04\/LICENCIEMENT-ET-NOUVELLES-TECHNOLOGIES-INFOWORLD-27-01-1986.png 480w, https:\/\/www.auditsi.eu\/wp-content\/uploads\/2013\/04\/LICENCIEMENT-ET-NOUVELLES-TECHNOLOGIES-INFOWORLD-27-01-1986-237x300.png 237w\" sizes=\"auto, (max-width: 480px) 100vw, 480px\" \/><\/a><p id=\"caption-attachment-5321\" class=\"wp-caption-text\">Nouvelles technologies et confidentialit\u00e9 (BD GRANTLAND publi\u00e9e dans INFOWORLD du 27 janvier 1986)<\/p><\/div>\n<p style=\"text-align: justify;\">Si cette r\u00e9volution des moeurs professionnelles a \u00e9t\u00e9 mal v\u00e9cue par certains, beaucoup d&#8217;autres s&#8217;y sont tr\u00e8s bien accommod\u00e9s anticipant les \u00e9volutions \u00e0 venir, \u00e0 l&#8217;image de cet <a title=\"L\u2019usage des assistants personnels par un expert-comptable\u2026 en 1981\" href=\"http:\/\/www.auditsi.eu\/?p=1613\">expert-comptable utilisant au quotidien son assistant num\u00e9rique personnel<\/a>&#8230; d\u00e8s 1981. A tel point que dix ans plus tard, on se demandait comment on faisait avant sans la bureautique&#8230; Tout comme on se demande actuellement comment on ferait sans internet, la messagerie \u00e9lectronique et le wifi&#8230;<\/p>\n<p style=\"text-align: justify;\">Toutefois, l&#8217;informatisation n&#8217;a pas toujours \u00e9t\u00e9 sans heurts, apportant quelquefois plus de probl\u00e8mes que de solutions.<\/p>\n<div id=\"attachment_5257\" style=\"width: 244px\" class=\"wp-caption aligncenter\"><a href=\"https:\/\/www.auditsi.eu\/wp-content\/uploads\/2013\/04\/TEMPS-MICRO-DECISION-PC-25-03-1987-p8-PHARMACIEN-DECU.jpg\"><img loading=\"lazy\" decoding=\"async\" aria-describedby=\"caption-attachment-5257\" class=\"size-full wp-image-5257\" src=\"https:\/\/www.auditsi.eu\/wp-content\/uploads\/2013\/04\/TEMPS-MICRO-DECISION-PC-25-03-1987-p8-PHARMACIEN-DECU.jpg\" alt=\"Un pharmacien d\u00e9\u00e7u, TEMPS MICRO-DECISION PC n\u00b0 25 (mars 1987), p. 8 : retards de livraison, syst\u00e8mes ferm\u00e9s, incomplets, maintenance d\u00e9faillante... la dure r\u00e9alit\u00e9 des d\u00e9buts de l'informatisation des entreprises\" width=\"234\" height=\"680\" srcset=\"https:\/\/www.auditsi.eu\/wp-content\/uploads\/2013\/04\/TEMPS-MICRO-DECISION-PC-25-03-1987-p8-PHARMACIEN-DECU.jpg 234w, https:\/\/www.auditsi.eu\/wp-content\/uploads\/2013\/04\/TEMPS-MICRO-DECISION-PC-25-03-1987-p8-PHARMACIEN-DECU-103x300.jpg 103w\" sizes=\"auto, (max-width: 234px) 100vw, 234px\" \/><\/a><p id=\"caption-attachment-5257\" class=\"wp-caption-text\">Un pharmacien d\u00e9\u00e7u, TEMPS MICRO-DECISION PC n\u00b0 25 (mars 1987), p. 8 : retards de livraison, syst\u00e8mes ferm\u00e9s, incomplets, maintenance d\u00e9faillante&#8230; la dure r\u00e9alit\u00e9 des d\u00e9buts de l&#8217;informatisation des entreprises<\/p><\/div>\n<p style=\"text-align: justify;\">Le d\u00e9veloppement de l&#8217;informatique et des nouvelles technologies de communication (NTIC) ont pos\u00e9 de nouvelles probl\u00e9matiques \u00e0 la soci\u00e9t\u00e9 : <a title=\"Sant\u00e9 et nouvelles technologies\" href=\"http:\/\/www.auditsi.eu\/?page_id=2433\">impacts des nouvelles technologies sur la sant\u00e9<\/a>, d\u00e9veloppement de la <a title=\"Fraude et nouvelles technologies\" href=\"http:\/\/www.auditsi.eu\/?page_id=2587\">d\u00e9linquance en col blanc<\/a> (d\u00e9j\u00e0 dans les ann\u00e9es 30, les gangsters ont d\u00e9tourn\u00e9 l&#8217;usage des tractions-avants pour leurs activit\u00e9s illicites), <a title=\"L\u2019image de la femme\" href=\"http:\/\/www.auditsi.eu\/?page_id=4638\">image de la femme<\/a>&#8230; sans compter l&#8217;incomp\u00e9tence manifeste de nos <a title=\"Nos hommes politiques ne sont pas des informaticiens !\" href=\"http:\/\/www.auditsi.eu\/?page_id=3598\">hommes politiques<\/a> en mati\u00e8re de nouvelles technologies ! La <a title=\"La micro-informatique fran\u00e7aise, une exp\u00e9rience mitig\u00e9e\" href=\"http:\/\/www.auditsi.eu\/?page_id=2333\">strat\u00e9gie de l&#8217;informatique fran\u00e7aise<\/a>, dict\u00e9e uniquement sur la base de choix politiques, a sombr\u00e9 lamentablement, creusant un peu plus les d\u00e9ficits&#8230;<\/p>\n<div id=\"attachment_8828\" style=\"width: 522px\" class=\"wp-caption aligncenter\"><a href=\"https:\/\/www.auditsi.eu\/?attachment_id=8828\" rel=\"attachment wp-att-8828\"><img loading=\"lazy\" decoding=\"async\" aria-describedby=\"caption-attachment-8828\" class=\"size-full wp-image-8828\" src=\"https:\/\/www.auditsi.eu\/wp-content\/uploads\/2020\/05\/Annonce-MOTOBECANE.jpg\" alt=\"MOTOBECANE (SAINT-QUENTIN) recherche un programmeur syst\u00e8me et un programmeur COBOL pour travailler sur un IBM 360\/25\" width=\"512\" height=\"847\" srcset=\"https:\/\/www.auditsi.eu\/wp-content\/uploads\/2020\/05\/Annonce-MOTOBECANE.jpg 512w, https:\/\/www.auditsi.eu\/wp-content\/uploads\/2020\/05\/Annonce-MOTOBECANE-181x300.jpg 181w\" sizes=\"auto, (max-width: 512px) 100vw, 512px\" \/><\/a><p id=\"caption-attachment-8828\" class=\"wp-caption-text\">MOTOBECANE (SAINT-QUENTIN) recherche un programmeur syst\u00e8me et un programmeur COBOL pour travailler sur un IBM 360\/25<\/p><\/div>\n<div id=\"attachment_5178\" style=\"width: 488px\" class=\"wp-caption aligncenter\"><a href=\"https:\/\/www.auditsi.eu\/wp-content\/uploads\/2013\/04\/MIRAGE-DES-OEUFS-ECMAS-MS-36-11-1983-P27.jpg\"><img loading=\"lazy\" decoding=\"async\" aria-describedby=\"caption-attachment-5178\" class=\" wp-image-5178\" src=\"https:\/\/www.auditsi.eu\/wp-content\/uploads\/2013\/04\/MIRAGE-DES-OEUFS-ECMAS-MS-36-11-1983-P27.jpg\" alt=\"Un ordinateur qui fait l'oeuf... : le mirage des oeufs gr\u00e2ce \u00e0 un oeil \u00e9lectronique permettant de trier 64 000 oeufs par heure et mis au point par la soci\u00e9t\u00e9 ECMAS (Les Essarts), Micro-Syst\u00e8mes n\u00b0 36 (novembre 1983), p. 27\" width=\"478\" height=\"279\"><\/a><p id=\"caption-attachment-5178\" class=\"wp-caption-text\">Un ordinateur qui fait l&#8217;oeuf&#8230; : le mirage des oeufs gr\u00e2ce \u00e0 un oeil \u00e9lectronique permettant de trier 64 000 oeufs par heure et mis au point par la soci\u00e9t\u00e9 ECMAS (Les Essarts), Micro-Syst\u00e8mes n\u00b0 36 (novembre 1983), p. 27<\/p><\/div>\n<div id=\"attachment_2702\" style=\"width: 490px\" class=\"wp-caption aligncenter\"><a href=\"https:\/\/www.auditsi.eu\/wp-content\/uploads\/2012\/11\/SVM27-INFORMATIQUE-ET-PME.jpg\"><img loading=\"lazy\" decoding=\"async\" aria-describedby=\"caption-attachment-2702\" class=\"size-full wp-image-2702\" title=\"L'informatique ne fait plus peur aux PME : 60 % seront informatis\u00e9es \u00e0 fin 1986 (SVM 27, avril 1986)\" src=\"https:\/\/www.auditsi.eu\/wp-content\/uploads\/2012\/11\/SVM27-INFORMATIQUE-ET-PME.jpg\" alt=\"L'informatique ne fait plus peur aux PME : 60 % seront informatis\u00e9es \u00e0 fin 1986 (SVM 27, avril 1986)\" width=\"480\" height=\"605\" srcset=\"https:\/\/www.auditsi.eu\/wp-content\/uploads\/2012\/11\/SVM27-INFORMATIQUE-ET-PME.jpg 480w, https:\/\/www.auditsi.eu\/wp-content\/uploads\/2012\/11\/SVM27-INFORMATIQUE-ET-PME-238x300.jpg 238w\" sizes=\"auto, (max-width: 480px) 100vw, 480px\" \/><\/a><p id=\"caption-attachment-2702\" class=\"wp-caption-text\">L&#8217;informatique ne fait plus peur aux PME : 60 % seront informatis\u00e9es \u00e0 fin 1986 (SVM 27, avril 1986)<\/p><\/div>\n<p style=\"text-align: justify;\">En \u00e0 peine 10 ans, le taux d&#8217;informatisation des PME fran\u00e7aises est pass\u00e9 de 60% \u00e0 85%.<\/p>\n<div id=\"attachment_4686\" style=\"width: 480px\" class=\"wp-caption aligncenter\"><a href=\"https:\/\/www.auditsi.eu\/wp-content\/uploads\/2013\/04\/PME-informatique-PC-MAGAZINE-n\u00b0-87-AVRIL-1995.jpg\"><img loading=\"lazy\" decoding=\"async\" aria-describedby=\"caption-attachment-4686\" class=\"size-full wp-image-4686\" src=\"https:\/\/www.auditsi.eu\/wp-content\/uploads\/2013\/04\/PME-informatique-PC-MAGAZINE-n\u00b0-87-AVRIL-1995.jpg\" alt=\"85 % des PME fran\u00e7aises \u00e9quip\u00e9es en micros (PC MAGAZINE n\u00b0 87, avril 1995)\" width=\"470\" height=\"482\" srcset=\"https:\/\/www.auditsi.eu\/wp-content\/uploads\/2013\/04\/PME-informatique-PC-MAGAZINE-n\u00b0-87-AVRIL-1995.jpg 470w, https:\/\/www.auditsi.eu\/wp-content\/uploads\/2013\/04\/PME-informatique-PC-MAGAZINE-n\u00b0-87-AVRIL-1995-292x300.jpg 292w\" sizes=\"auto, (max-width: 470px) 100vw, 470px\" \/><\/a><p id=\"caption-attachment-4686\" class=\"wp-caption-text\">85 % des PME fran\u00e7aises \u00e9quip\u00e9es en micros (PC MAGAZINE n\u00b0 87, avril 1995)<\/p><\/div>\n<p style=\"text-align: justify;\">Actuellement, l&#8217;informatique n&#8217;est plus une source d&#8217;inqui\u00e9tude dans le monde de l&#8217;entreprise ; bien au contraire, l&#8217;ordinateur a su prendre sa place et les hommes ont su tirer partie ce formidable outil qui fait gagner en productivit\u00e9 \u00e0 moindre co\u00fbt. L&#8217;informatique et plus g\u00e9n\u00e9ralement les nouvelles technologies constituent maintenant plus une source de malaise vis-\u00e0-vis de nos libert\u00e9s individuelles, Big Brother et son PRISM sont pass\u00e9s par l\u00e0.<\/p>\n<p style=\"text-align: justify;\">Alors que les ann\u00e9es 80 correspondaient \u00e0 une p\u00e9riode de libert\u00e9 assum\u00e9e (radios libres, privatisations d&#8217;entreprises publiques, cr\u00e9ation du CAC 40&#8230;), certains redoutaient, avec l&#8217;informatisation croissante de la soci\u00e9t\u00e9 et du d\u00e9veloppement des r\u00e9seaux informatiques,&nbsp;le&nbsp;retour de la censure et anticipaient les probl\u00e9matiques de collecte de donn\u00e9es personnelles, de leur divulgation et de la protection de la vie priv\u00e9e&#8230;<\/p>\n<div id=\"attachment_5314\" style=\"width: 485px\" class=\"wp-caption aligncenter\"><a href=\"https:\/\/www.auditsi.eu\/wp-content\/uploads\/2013\/04\/Censure-InfoWorld-16-03-1981-n\u00b0-5-vol-3-partie-1.png\"><img loading=\"lazy\" decoding=\"async\" aria-describedby=\"caption-attachment-5314\" class=\" wp-image-5314\" src=\"https:\/\/www.auditsi.eu\/wp-content\/uploads\/2013\/04\/Censure-InfoWorld-16-03-1981-n\u00b0-5-vol-3-partie-1.png\" alt=\"L'informatique favorisera-t-elle la censure ?, InfoWorld du 16 mars 1981 (n\u00b0 5, volume 3), 1\/2 (cliquer pour agrandir)\" width=\"475\" height=\"467\"><\/a><p id=\"caption-attachment-5314\" class=\"wp-caption-text\">L&#8217;informatique favorisera-t-elle la censure ?, InfoWorld du 16 mars 1981 (n\u00b0 5, volume 3), 1\/2 (cliquer pour agrandir)<\/p><\/div>\n<div id=\"attachment_5317\" style=\"width: 485px\" class=\"wp-caption aligncenter\"><a href=\"https:\/\/www.auditsi.eu\/wp-content\/uploads\/2013\/04\/Censure-InfoWorld-16-03-1981-n\u00b0-5-vol-3-partie-2.png\"><img loading=\"lazy\" decoding=\"async\" aria-describedby=\"caption-attachment-5317\" class=\" wp-image-5317\" src=\"https:\/\/www.auditsi.eu\/wp-content\/uploads\/2013\/04\/Censure-InfoWorld-16-03-1981-n\u00b0-5-vol-3-partie-2.png\" alt=\"L'informatique favorisera-t-elle la censure ?, InfoWorld du 16 mars 1981 (n\u00b0 5, volume 3), 2\/2 (cliquer pour agrandir)\" width=\"475\" height=\"429\"><\/a><p id=\"caption-attachment-5317\" class=\"wp-caption-text\">L&#8217;informatique favorisera-t-elle la censure ?, InfoWorld du 16 mars 1981 (n\u00b0 5, volume 3), 2\/2 (cliquer pour agrandir)<\/p><\/div>\n<p>Par ailleurs, les probl\u00e9matiques li\u00e9es par la collecte de donn\u00e9es et la protection de la vie priv\u00e9e ont commenc\u00e9 d\u00e8s les ann\u00e9es 80 \u00e0 poser question.<\/p>\n<p style=\"text-align: justify;\">Il n&#8217;est pas certain qu&#8217;il y aura toujours des Edward Snowden pour attirer l&#8217;attention du public sur les d\u00e9rives du syst\u00e8me.<\/p>\n<p style=\"text-align: justify;\">A terme, la <a title=\"Cybern\u00e9tique : la fin de l'humanit\u00e9 ?\" href=\"http:\/\/www.auditsi.eu\/?page_id=3728\">cybern\u00e9tique<\/a> avec ses syst\u00e8mes auto-r\u00e9gul\u00e9s seront une menace bien plus pr\u00e9cise o\u00f9, fatalement, l&#8217;homme entrera frontalement en concurrence avec la machine qu&#8217;il aura cr\u00e9\u00e9e&#8230;<\/p>\n<div id=\"attachment_4588\" style=\"width: 464px\" class=\"wp-caption aligncenter\"><a href=\"https:\/\/www.auditsi.eu\/wp-content\/uploads\/2013\/04\/Salle-de-contr\u00f4le-dune-centrale.png\"><img loading=\"lazy\" decoding=\"async\" aria-describedby=\"caption-attachment-4588\" class=\"size-full wp-image-4588\" src=\"https:\/\/www.auditsi.eu\/wp-content\/uploads\/2013\/04\/Salle-de-contr\u00f4le-dune-centrale.png\" alt=\"La salle de contr\u00f4le d'une centrale \u00e9lectrique moderne\" width=\"454\" height=\"295\" srcset=\"https:\/\/www.auditsi.eu\/wp-content\/uploads\/2013\/04\/Salle-de-contr\u00f4le-dune-centrale.png 454w, https:\/\/www.auditsi.eu\/wp-content\/uploads\/2013\/04\/Salle-de-contr\u00f4le-dune-centrale-300x194.png 300w\" sizes=\"auto, (max-width: 454px) 100vw, 454px\" \/><\/a><p id=\"caption-attachment-4588\" class=\"wp-caption-text\">La salle de contr\u00f4le d&#8217;une centrale \u00e9lectrique moderne<\/p><\/div>\n<p style=\"text-align: justify;\">C&#8217;est peu connu, mais tr\u00e8s curieusement, certains mat\u00e9riels ont travers\u00e9 les \u00e9poques sans \u00e9voluer. Il en est ainsi du syst\u00e8me de communication SACCS (Syst\u00e8me de Commandement et de Contr\u00f4le Automatis\u00e9 Strat\u00e9gique Am\u00e9ricain) que l&#8217;arm\u00e9e am\u00e9ricaine utilise depuis 1968 pour g\u00e9rer son arsenal nucl\u00e9aire. Ce n&#8217;est qu&#8217;en 2019 que l&#8217;arm\u00e9e am\u00e9ricaine a abandonn\u00e9 l&#8217;usage des <a href=\"https:\/\/www.auditsi.eu\/?page_id=3267\">disquettes 8 pouces<\/a> (vestige des ann\u00e9es 70) pour recevoir les codes pr\u00e9sidentiels de lancement de ses projectiles nucl\u00e9aires sur son syst\u00e8me de communication. Ce support a \u00e9t\u00e9 remplac\u00e9 par un disque SSD (Solid State Drive) plus moderne mais pilot\u00e9 par un antique IBM Series\/1&#8230; machine des ann\u00e9es 70 non piratable&#8230; (j&#8217;avoue que j&#8217;ai du mal \u00e0 comprendre comment cet assemblage peut fonctionner).<\/p>\n<p>Quelques articles d\u2019\u00e9poque sur le sujet :<\/p>\n<ul>\n<li>L&#8217;informaceutique, une bonne th\u00e9rapeutique pour la gestion de l&#8217;officine, L&#8217;Ordinateur Individuel n\u00b0 1 (octobre 1978), p. 53 : informatisation des pharmacies<\/li>\n<li>A petit commerce petit ordinateur, L&#8217;Ordinateur Individuel n\u00b0 2 (novembre 1978), p. 24 : la gestion d&#8217;un commerce de d\u00e9tail de v\u00eatements situ\u00e9 \u00e0 Louviers : stocks, caisse, pr\u00e9paration des commandes&#8230;<\/li>\n<li>M\u00e9decins, consultez un PSI !, L&#8217;Ordinateur Individuel n\u00b0 6 (avril 1979), p. 24 : l&#8217;utilisation d&#8217;un petit syst\u00e8me individuel pour une profession lib\u00e9rale<\/li>\n<li>Faut-il redouter l&#8217;informatique ?, L&#8217;Ordinateur Individuel n\u00b0 11 (octobre 1979), p. 26<\/li>\n<li>Privacy and Vid\u00e9otex systems &#8211; Two-way services bring with them the potential for abuse, BYTE volume 8 n\u00b0 7 (juillet 1983), p. 96 : data collection and disclosure, protecting privacy, interception<\/li>\n<li>De la bureautique au t\u00e9l\u00e9travail, la vision de Louis Naug\u00e8s, Science &amp; Vie Micro n\u00b0 4 (mars 1984), p. 32<\/li>\n<li>Les nouveaux outils du garagiste, Science &amp; Vie Micro n\u00b0 4 (mars 1984), p. 92<\/li>\n<li>Au sujet de la loi Informatique et Libert\u00e9s, Science &amp; Vie Micro n\u00b0 15 (mars 1985), p. 132 : la loi du 6 janvier 1978 vise \u00e0 prot\u00e9ger le citoyen et ses donn\u00e9es personnelles face au fichage des entreprises et de l&#8217;Etat. La CNIL veille \u00e0 la pr\u00e9servation des droits des citoyens et contr\u00f4le les traitements de donn\u00e9es par les entreprises.<\/li>\n<li>R\u00e9ussir son informatisation, introduction \u00e0 la micro-informatique professionnelle, Soft &amp; Micro n\u00b0 8 (mai 1985), 109 : l&#8217;informatique cens\u00e9e donner des solutions aux entreprises pose bien souvent plus de probl\u00e8mes : mat\u00e9riels inadapt\u00e9s, logiciels d\u00e9faillants, utilisateurs peu form\u00e9s, les exemples d&#8217;exp\u00e9riences malheureuses sont nombreuses. Pour une une informatisation r\u00e9ussie, le conseil est primordial.<\/li>\n<li>PME : la pause micro, D\u00e9cision Informatique n\u00b0 133 (23 mars 1987) : selon une enqu\u00eate d&#8217;UFB Locabail, en 1986, les petites entreprises ont tr\u00e8s nettement ralenti leurs achats.<\/li>\n<li>PME, commer\u00e7ants, artisans, professions lib\u00e9rales : Comment s&#8217;informatiser, Science &amp; Vie Micro HS n\u00b0 8 (1989) : comptabilit\u00e9, facturation, stocks, paie, devis, prospection commerciale, traitements de texte, gestion de fichiers&#8230;<\/li>\n<\/ul>\n<p><em>Les documents reproduits ci-dessus sont issus de ma <a title=\"Ma collection\" href=\"http:\/\/www.auditsi.eu\/?page_id=1983\">collection personnelle<\/a>.<\/em><\/p>\n<p>Approfondir le sujet :<br \/>\n<a title=\"L'informatique des ann\u00e9es 80\" href=\"http:\/\/www.auditsi.eu\/?page_id=2119\">L&#8217;informatique des ann\u00e9es 80<\/a> \/ <a title=\"Ma collection\" href=\"http:\/\/www.auditsi.eu\/?page_id=1983\">Ma collection<\/a> \/ <a title=\"Ma documentation\" href=\"http:\/\/www.auditsi.eu\/?page_id=3930\">Ma documentation<\/a><\/p>\n<div style=\"padding-bottom:20px; padding-top:10px;\" class=\"hupso-share-buttons\"><!-- Hupso Share Buttons - https:\/\/www.hupso.com\/share\/ --><a class=\"hupso_counters\" href=\"https:\/\/www.hupso.com\/share\/\"><img decoding=\"async\" src=\"https:\/\/static.hupso.com\/share\/buttons\/lang\/fr\/share-small.png\" style=\"border:0px; padding-top:2px; float:left;\" alt=\"Share Button\"\/><\/a><script type=\"text\/javascript\">var hupso_services_c=new Array(\"twitter\",\"facebook_like\",\"facebook_send\",\"email\",\"print\",\"linkedin\");var hupso_counters_lang = \"fr_FR\";var hupso_image_folder_url = \"\";var hupso_twitter_via=\"BenoitRiviere14\";var hupso_url_c=\"\";var hupso_title_c=\"L%27homme%20et%20les%20nouvelles%20technologies\";<\/script><script type=\"text\/javascript\" src=\"https:\/\/static.hupso.com\/share\/js\/counters.js\"><\/script><!-- Hupso Share Buttons --><\/div>","protected":false},"excerpt":{"rendered":"<p>Dans les ann\u00e9es 80, la g\u00e9n\u00e9ralisation de la micro-informatique a modifi\u00e9 en profondeur l\u2019organisation de l\u2019entreprise et les m\u00e9thodes de travail, de la m\u00eame mani\u00e8re que l\u2019entr\u00e9e de la robotique dans les usines dans les ann\u00e9es 70. Exit la machine \u00e0 \u00e9crire, bonjour le traitement de texte ; exit les tableaux et la gomme, bonjour &#8230;<\/p>\n<p><a href=\"https:\/\/www.auditsi.eu\/?page_id=3166\" class=\"more-link\">Continue reading &lsquo;L&#8217;homme et les nouvelles technologies&rsquo; &raquo;<\/a><\/p>\n<div style=\"padding-bottom:20px; padding-top:10px;\" class=\"hupso-share-buttons\"><!-- Hupso Share Buttons - https:\/\/www.hupso.com\/share\/ --><a class=\"hupso_counters\" href=\"https:\/\/www.hupso.com\/share\/\"><img src=\"https:\/\/static.hupso.com\/share\/buttons\/lang\/fr\/share-small.png\" style=\"border:0px; padding-top:2px; float:left;\" alt=\"Share Button\"\/><\/a><script type=\"text\/javascript\">var hupso_services_c=new Array(\"twitter\",\"facebook_like\",\"facebook_send\",\"email\",\"print\",\"linkedin\");var hupso_counters_lang = \"fr_FR\";var hupso_image_folder_url = \"\";var hupso_twitter_via=\"BenoitRiviere14\";var hupso_url_c=\"\";var hupso_title_c=\"L%27homme%20et%20les%20nouvelles%20technologies\";<\/script><script type=\"text\/javascript\" src=\"https:\/\/static.hupso.com\/share\/js\/counters.js\"><\/script><!-- Hupso Share Buttons --><\/div>","protected":false},"author":1,"featured_media":0,"parent":0,"menu_order":0,"comment_status":"open","ping_status":"open","template":"","meta":{"advanced_seo_description":"","jetpack_seo_html_title":"","jetpack_seo_noindex":false,"ngg_post_thumbnail":0,"footnotes":"","_links_to":"","_links_to_target":""},"class_list":["post-3166","page","type-page","status-publish","hentry"],"jetpack_sharing_enabled":true,"jetpack_likes_enabled":false,"_links":{"self":[{"href":"https:\/\/www.auditsi.eu\/index.php?rest_route=\/wp\/v2\/pages\/3166","targetHints":{"allow":["GET"]}}],"collection":[{"href":"https:\/\/www.auditsi.eu\/index.php?rest_route=\/wp\/v2\/pages"}],"about":[{"href":"https:\/\/www.auditsi.eu\/index.php?rest_route=\/wp\/v2\/types\/page"}],"author":[{"embeddable":true,"href":"https:\/\/www.auditsi.eu\/index.php?rest_route=\/wp\/v2\/users\/1"}],"replies":[{"embeddable":true,"href":"https:\/\/www.auditsi.eu\/index.php?rest_route=%2Fwp%2Fv2%2Fcomments&post=3166"}],"version-history":[{"count":36,"href":"https:\/\/www.auditsi.eu\/index.php?rest_route=\/wp\/v2\/pages\/3166\/revisions"}],"predecessor-version":[{"id":9548,"href":"https:\/\/www.auditsi.eu\/index.php?rest_route=\/wp\/v2\/pages\/3166\/revisions\/9548"}],"wp:attachment":[{"href":"https:\/\/www.auditsi.eu\/index.php?rest_route=%2Fwp%2Fv2%2Fmedia&parent=3166"}],"curies":[{"name":"wp","href":"https:\/\/api.w.org\/{rel}","templated":true}]}}