{"id":2970,"date":"2013-03-03T17:08:12","date_gmt":"2013-03-03T15:08:12","guid":{"rendered":"http:\/\/www.auditsi.eu\/?page_id=2970"},"modified":"2015-08-16T12:26:47","modified_gmt":"2015-08-16T10:26:47","slug":"latmos-doric","status":"publish","type":"page","link":"https:\/\/www.auditsi.eu\/?page_id=2970","title":{"rendered":"L&#8217;ATMOS d&#8217;ORIC"},"content":{"rendered":"<p style=\"text-align: justify;\">L&#8217;ATMOS est commercialis\u00e9 en 1984 par son constructeur, le britannique Oric, et succ\u00e8de \u00e0 l&#8217;Oric 1.<\/p>\n<div id=\"attachment_2971\" style=\"width: 458px\" class=\"wp-caption aligncenter\"><a href=\"https:\/\/www.auditsi.eu\/wp-content\/uploads\/2013\/03\/DSCN8149.jpg\"><img loading=\"lazy\" decoding=\"async\" aria-describedby=\"caption-attachment-2971\" class=\"size-full wp-image-2971\" src=\"https:\/\/www.auditsi.eu\/wp-content\/uploads\/2013\/03\/DSCN8149.jpg\" alt=\"L'ATMOS d'ORIC (1984)\" width=\"448\" height=\"298\" srcset=\"https:\/\/www.auditsi.eu\/wp-content\/uploads\/2013\/03\/DSCN8149.jpg 448w, https:\/\/www.auditsi.eu\/wp-content\/uploads\/2013\/03\/DSCN8149-300x199.jpg 300w\" sizes=\"auto, (max-width: 448px) 100vw, 448px\" \/><\/a><p id=\"caption-attachment-2971\" class=\"wp-caption-text\">L&#8217;ATMOS d&#8217;ORIC (1984)<\/p><\/div>\n<p style=\"text-align: justify;\">L&#8217;\u00e9lectronique de l&#8217;Atmos est tr\u00e8s similaire \u00e0 celle de l&#8217;Oric 1, les bogues en moins !<\/p>\n<div id=\"attachment_2496\" style=\"width: 458px\" class=\"wp-caption aligncenter\"><a href=\"https:\/\/www.auditsi.eu\/wp-content\/uploads\/2012\/11\/DSCN7374.jpg\"><img loading=\"lazy\" decoding=\"async\" aria-describedby=\"caption-attachment-2496\" class=\"size-full wp-image-2496\" src=\"https:\/\/www.auditsi.eu\/wp-content\/uploads\/2012\/11\/DSCN7374.jpg\" alt=\"L'\u00e9cran d'accueil de l'Oric Atmos\" width=\"448\" height=\"305\" srcset=\"https:\/\/www.auditsi.eu\/wp-content\/uploads\/2012\/11\/DSCN7374.jpg 448w, https:\/\/www.auditsi.eu\/wp-content\/uploads\/2012\/11\/DSCN7374-300x204.jpg 300w\" sizes=\"auto, (max-width: 448px) 100vw, 448px\" \/><\/a><p id=\"caption-attachment-2496\" class=\"wp-caption-text\">L&#8217;\u00e9cran d&#8217;accueil de l&#8217;Oric Atmos<\/p><\/div>\n<div id=\"attachment_3316\" style=\"width: 458px\" class=\"wp-caption aligncenter\"><a href=\"https:\/\/www.auditsi.eu\/wp-content\/uploads\/2013\/03\/JEUX-ORIC.jpg\"><img loading=\"lazy\" decoding=\"async\" aria-describedby=\"caption-attachment-3316\" class=\"size-full wp-image-3316\" src=\"https:\/\/www.auditsi.eu\/wp-content\/uploads\/2013\/03\/JEUX-ORIC.jpg\" alt=\"Jeux pour ordinateurs ORIC \u00e9dit\u00e9s par Tansoft dont OricMunch (adaptation de Pac Man)\" width=\"448\" height=\"316\" srcset=\"https:\/\/www.auditsi.eu\/wp-content\/uploads\/2013\/03\/JEUX-ORIC.jpg 448w, https:\/\/www.auditsi.eu\/wp-content\/uploads\/2013\/03\/JEUX-ORIC-300x211.jpg 300w\" sizes=\"auto, (max-width: 448px) 100vw, 448px\" \/><\/a><p id=\"caption-attachment-3316\" class=\"wp-caption-text\">Jeux pour ordinateurs ORIC \u00e9dit\u00e9s par Tansoft dont OricMunch (adaptation de Pac Man)<\/p><\/div>\n<p>L&#8217;Atmos dans sa mallette de transport :<\/p>\n<div id=\"attachment_2094\" style=\"width: 490px\" class=\"wp-caption aligncenter\"><a href=\"https:\/\/www.auditsi.eu\/wp-content\/uploads\/2012\/09\/DSCN7264.jpg\"><img loading=\"lazy\" decoding=\"async\" aria-describedby=\"caption-attachment-2094\" class=\"size-full wp-image-2094\" src=\"https:\/\/www.auditsi.eu\/wp-content\/uploads\/2012\/09\/DSCN7264.jpg\" alt=\"Un Oric Atmos en mallette avec ses accessoires\" width=\"480\" height=\"640\" srcset=\"https:\/\/www.auditsi.eu\/wp-content\/uploads\/2012\/09\/DSCN7264.jpg 480w, https:\/\/www.auditsi.eu\/wp-content\/uploads\/2012\/09\/DSCN7264-225x300.jpg 225w\" sizes=\"auto, (max-width: 480px) 100vw, 480px\" \/><\/a><p id=\"caption-attachment-2094\" class=\"wp-caption-text\">Un Oric Atmos en mallette avec ses accessoires<\/p><\/div>\n<p style=\"text-align: justify;\">Oric finira par faire faillite en 1985 et \u00eatre rachet\u00e9 par son importateur exclusif pour la France, ASN.<\/p>\n<div id=\"attachment_6186\" style=\"width: 470px\" class=\"wp-caption aligncenter\"><a href=\"https:\/\/www.auditsi.eu\/wp-content\/uploads\/2012\/10\/ORIC-en-faillite-SVM-15-03-1985-p11.jpg\"><img loading=\"lazy\" decoding=\"async\" aria-describedby=\"caption-attachment-6186\" class=\" wp-image-6186\" src=\"https:\/\/www.auditsi.eu\/wp-content\/uploads\/2012\/10\/ORIC-en-faillite-SVM-15-03-1985-p11.jpg\" alt=\"ORIC : le miracle prend fin, SVM n\u00b0 15 (mars 1985), p. 11 : malgr\u00e9 le succ\u00e8s commercial de l'Atmos notamment en France, le constructeur britannique Oric d\u00e9pose le bilan en 1985\" width=\"460\" height=\"508\" srcset=\"https:\/\/www.auditsi.eu\/wp-content\/uploads\/2012\/10\/ORIC-en-faillite-SVM-15-03-1985-p11.jpg 724w, https:\/\/www.auditsi.eu\/wp-content\/uploads\/2012\/10\/ORIC-en-faillite-SVM-15-03-1985-p11-272x300.jpg 272w\" sizes=\"auto, (max-width: 460px) 100vw, 460px\" \/><\/a><p id=\"caption-attachment-6186\" class=\"wp-caption-text\">ORIC : le miracle prend fin, SVM n\u00b0 15 (mars 1985), p. 11 : malgr\u00e9 le succ\u00e8s commercial de l&#8217;Atmos notamment en France, le constructeur britannique Oric d\u00e9pose le bilan en 1985<\/p><\/div>\n<div id=\"attachment_5584\" style=\"width: 469px\" class=\"wp-caption aligncenter\"><a href=\"https:\/\/www.auditsi.eu\/wp-content\/uploads\/2013\/03\/ORIC-FRANCAIS-HEBDOGICIEL-83-17-05-1985-P.-10.jpg\"><img loading=\"lazy\" decoding=\"async\" aria-describedby=\"caption-attachment-5584\" class=\"size-full wp-image-5584\" src=\"https:\/\/www.auditsi.eu\/wp-content\/uploads\/2013\/03\/ORIC-FRANCAIS-HEBDOGICIEL-83-17-05-1985-P.-10.jpg\" alt=\"Fais-moi un Oric dans le dos, HEBDOGICIEL n\u00b0 83 (17 mai 1985), page 10\" width=\"459\" height=\"800\" srcset=\"https:\/\/www.auditsi.eu\/wp-content\/uploads\/2013\/03\/ORIC-FRANCAIS-HEBDOGICIEL-83-17-05-1985-P.-10.jpg 459w, https:\/\/www.auditsi.eu\/wp-content\/uploads\/2013\/03\/ORIC-FRANCAIS-HEBDOGICIEL-83-17-05-1985-P.-10-172x300.jpg 172w\" sizes=\"auto, (max-width: 459px) 100vw, 459px\" \/><\/a><p id=\"caption-attachment-5584\" class=\"wp-caption-text\">Fais-moi un Oric dans le dos, HEBDOGICIEL n\u00b0 83 (17 mai 1985), page 10<\/p><\/div>\n<p>Quelques articles d&#8217;\u00e9poque :<\/p>\n<ul>\n<li>Oric 1 : peintre et musicien, Micro-Syst\u00e8mes n\u00b0 30 (avril 1983) p. 80<\/li>\n<li>Mon Oric pour un Atmos, Science &amp; Vie Micro n\u00b0 3 (f\u00e9vrier 1984) p. 8 : \u00e0 l&#8217;occasion de la sortie de l&#8217;Atmos, Oric a propos\u00e9 d&#8217;\u00e9changer son pr\u00e9d\u00e9cesseur, l&#8217;Oric 1.<\/li>\n<li>Oric Atmos, un air de d\u00e9j\u00e0 vu, Science &amp; Vie Micro n\u00b0 4 (mars 1984) p. 48<\/li>\n<li>Oric Atmos, premier contact, Th\u00e9oric n\u00b0 1 (avril 1984) p. 23<\/li>\n<li>Fais-moi un Oric dans le dos, HEBDOGICIEL n\u00b0 83 (17 mai 1985), page 10<\/li>\n<\/ul>\n<p><em>Les photos d\u2019illustration sont issues de ma <a title=\"Ma collection\" href=\"http:\/\/www.auditsi.eu\/?page_id=1983\">collection personnelle<\/a>.<\/em><\/p>\n<p>Approfondir le sujet :<br \/>\n<a title=\"L'informatique des ann\u00e9es 80\" href=\"http:\/\/www.auditsi.eu\/?page_id=2119\">L\u2019informatique des ann\u00e9es 80<\/a> \/ <a title=\"Ma collection\" href=\"http:\/\/www.auditsi.eu\/?page_id=1983\">Ma collection<\/a> \/ <a title=\"Ma documentation\" href=\"http:\/\/www.auditsi.eu\/?page_id=3930\">Ma documentation<\/a> \/ <a title=\"Quelques id\u00e9es de lecture pour en savoir plus\" href=\"http:\/\/www.auditsi.eu\/?page_id=4631\">Quelques id\u00e9es de lecture<\/a><\/p>\n<div style=\"padding-bottom:20px; padding-top:10px;\" class=\"hupso-share-buttons\"><!-- Hupso Share Buttons - https:\/\/www.hupso.com\/share\/ --><a class=\"hupso_counters\" href=\"https:\/\/www.hupso.com\/share\/\"><img decoding=\"async\" src=\"https:\/\/static.hupso.com\/share\/buttons\/lang\/fr\/share-small.png\" style=\"border:0px; padding-top:2px; float:left;\" alt=\"Share Button\"\/><\/a><script type=\"text\/javascript\">var hupso_services_c=new Array(\"twitter\",\"facebook_like\",\"facebook_send\",\"email\",\"print\",\"linkedin\");var hupso_counters_lang = \"fr_FR\";var hupso_image_folder_url = \"\";var hupso_twitter_via=\"BenoitRiviere14\";var hupso_url_c=\"\";var hupso_title_c=\"L%27ATMOS%20d%27ORIC\";<\/script><script type=\"text\/javascript\" src=\"https:\/\/static.hupso.com\/share\/js\/counters.js\"><\/script><!-- Hupso Share Buttons --><\/div>","protected":false},"excerpt":{"rendered":"<p>L&#8217;ATMOS est commercialis\u00e9 en 1984 par son constructeur, le britannique Oric, et succ\u00e8de \u00e0 l&#8217;Oric 1. L&#8217;\u00e9lectronique de l&#8217;Atmos est tr\u00e8s similaire \u00e0 celle de l&#8217;Oric 1, les bogues en moins ! L&#8217;Atmos dans sa mallette de transport : Oric finira par faire faillite en 1985 et \u00eatre rachet\u00e9 par son importateur exclusif pour la &#8230;<\/p>\n<p><a href=\"https:\/\/www.auditsi.eu\/?page_id=2970\" class=\"more-link\">Continue reading &lsquo;L&#8217;ATMOS d&#8217;ORIC&rsquo; &raquo;<\/a><\/p>\n<div style=\"padding-bottom:20px; padding-top:10px;\" class=\"hupso-share-buttons\"><!-- Hupso Share Buttons - https:\/\/www.hupso.com\/share\/ --><a class=\"hupso_counters\" href=\"https:\/\/www.hupso.com\/share\/\"><img src=\"https:\/\/static.hupso.com\/share\/buttons\/lang\/fr\/share-small.png\" style=\"border:0px; padding-top:2px; float:left;\" alt=\"Share Button\"\/><\/a><script type=\"text\/javascript\">var hupso_services_c=new Array(\"twitter\",\"facebook_like\",\"facebook_send\",\"email\",\"print\",\"linkedin\");var hupso_counters_lang = \"fr_FR\";var hupso_image_folder_url = \"\";var hupso_twitter_via=\"BenoitRiviere14\";var hupso_url_c=\"\";var hupso_title_c=\"L%27ATMOS%20d%27ORIC\";<\/script><script type=\"text\/javascript\" src=\"https:\/\/static.hupso.com\/share\/js\/counters.js\"><\/script><!-- Hupso Share Buttons --><\/div>","protected":false},"author":1,"featured_media":0,"parent":0,"menu_order":0,"comment_status":"open","ping_status":"open","template":"","meta":{"advanced_seo_description":"","jetpack_seo_html_title":"","jetpack_seo_noindex":false,"ngg_post_thumbnail":0,"footnotes":"","_links_to":"","_links_to_target":""},"class_list":["post-2970","page","type-page","status-publish","hentry"],"jetpack_sharing_enabled":true,"jetpack_likes_enabled":false,"_links":{"self":[{"href":"https:\/\/www.auditsi.eu\/index.php?rest_route=\/wp\/v2\/pages\/2970","targetHints":{"allow":["GET"]}}],"collection":[{"href":"https:\/\/www.auditsi.eu\/index.php?rest_route=\/wp\/v2\/pages"}],"about":[{"href":"https:\/\/www.auditsi.eu\/index.php?rest_route=\/wp\/v2\/types\/page"}],"author":[{"embeddable":true,"href":"https:\/\/www.auditsi.eu\/index.php?rest_route=\/wp\/v2\/users\/1"}],"replies":[{"embeddable":true,"href":"https:\/\/www.auditsi.eu\/index.php?rest_route=%2Fwp%2Fv2%2Fcomments&post=2970"}],"version-history":[{"count":16,"href":"https:\/\/www.auditsi.eu\/index.php?rest_route=\/wp\/v2\/pages\/2970\/revisions"}],"predecessor-version":[{"id":2973,"href":"https:\/\/www.auditsi.eu\/index.php?rest_route=\/wp\/v2\/pages\/2970\/revisions\/2973"}],"wp:attachment":[{"href":"https:\/\/www.auditsi.eu\/index.php?rest_route=%2Fwp%2Fv2%2Fmedia&parent=2970"}],"curies":[{"name":"wp","href":"https:\/\/api.w.org\/{rel}","templated":true}]}}