{"id":2651,"date":"2012-12-03T14:51:51","date_gmt":"2012-12-03T12:51:51","guid":{"rendered":"http:\/\/www.auditsi.eu\/?page_id=2651"},"modified":"2014-08-27T01:27:36","modified_gmt":"2014-08-26T23:27:36","slug":"astronomie-les-etoiles-au-doigt-et-a-loeil","status":"publish","type":"page","link":"https:\/\/www.auditsi.eu\/?page_id=2651","title":{"rendered":"Astronomie : les \u00e9toiles au doigt et \u00e0 l&#8217;oeil"},"content":{"rendered":"<p style=\"text-align: justify;\">L\u2019astronomie passionne l\u2019humanit\u00e9 depuis des mill\u00e9naires. C\u2019est tout naturellement que l\u2019informatique envahit les nuits \u00e9toil\u00e9es de ces grands r\u00eaveurs que sont les astronomes amateurs. A l\u2019image des grands observatoires mondiaux.<\/p>\n<p style=\"text-align: justify;\">Le pilotage automatis\u00e9 du t\u00e9l\u00e9scope permet de suivre le d\u00e9placement des com\u00e8tes et autres astres lumineux. L\u2019ing\u00e9niosit\u00e9 des astronomes vient \u00e0 bout de toutes les difficult\u00e9s. Tous les ordinateurs m\u00eame les plus rudimentaires comme le <a title=\"Le ZX81 de Sinclair : une machine pour apprendre\" href=\"http:\/\/www.auditsi.eu\/?page_id=2945\">Sinclair ZX 81<\/a> sont mis \u00e0 contribution. Le plaisir d\u2019observation de l\u2019astronome est d\u00e9cupl\u00e9 : plus besoin de se focaliser sur les r\u00e9glages, l\u2019ordinateur suit automatiquement le d\u00e9placement des \u00e9toiles !<\/p>\n<div id=\"attachment_2653\" style=\"width: 445px\" class=\"wp-caption aligncenter\"><a href=\"https:\/\/www.auditsi.eu\/wp-content\/uploads\/2012\/12\/Pilotage-t\u00e9l\u00e9scope.png\"><img loading=\"lazy\" decoding=\"async\" aria-describedby=\"caption-attachment-2653\" class=\"size-full wp-image-2653\" title=\"Sch\u00e9ma de principe pour le pilotage automatique d'un t\u00e9l\u00e9scope avec un ordinateur ZX 81 (SVM 11, novembre 1984)\" src=\"https:\/\/www.auditsi.eu\/wp-content\/uploads\/2012\/12\/Pilotage-t\u00e9l\u00e9scope.png\" alt=\"Sch\u00e9ma de principe pour le pilotage automatique d'un t\u00e9l\u00e9scope avec un ordinateur ZX 81 (SVM 11, novembre 1984)\" width=\"435\" height=\"336\" srcset=\"https:\/\/www.auditsi.eu\/wp-content\/uploads\/2012\/12\/Pilotage-t\u00e9l\u00e9scope.png 435w, https:\/\/www.auditsi.eu\/wp-content\/uploads\/2012\/12\/Pilotage-t\u00e9l\u00e9scope-300x231.png 300w\" sizes=\"auto, (max-width: 435px) 100vw, 435px\" \/><\/a><p id=\"caption-attachment-2653\" class=\"wp-caption-text\">Sch\u00e9ma de principe pour le pilotage automatique d&#8217;un t\u00e9l\u00e9scope avec un ordinateur ZX 81 (SVM 11, novembre 1984)<\/p><\/div>\n<p style=\"text-align: justify;\">Les trajectoires et positions des plan\u00e8tes, \u00e9toiles et com\u00e8tes sont mod\u00e9lisables. Certains amateurs ont donc \u00e9crits des programmes pour calculer la position des plan\u00e8tes et autres objets stellaires. La production commerciale n&#8217;est pas en reste, une multitude de logiciels ont \u00e9t\u00e9 \u00e9dit\u00e9s sur les principales machines du march\u00e9 (TO7, MO5, Oric Atmos, Apple II&#8230;), preuve que la communaut\u00e9 des astronomes amateurs \u00e9taient d\u00e9j\u00e0 \u00e0 l&#8217;\u00e9poque dynamique.<\/p>\n<p style=\"text-align: justify;\">S\u00e9lection d\u2019articles sur le sujet :<\/p>\n<ul>\n<li>Des calculs complexes pour traquer Androm\u00e8de ou construire un cadran solaire, L&#8217;Ordinateur Individuel 3 (d\u00e9cembre 1978), p. 22<\/li>\n<li>ASTRONAV : astronomie, topographie, navigation et&#8230; calculatrice programmable TEXAS INSTRUMENTS TI-59, Micro-Syst\u00e8mes n\u00b0 6 (juillet-ao\u00fbt 1979), p. 44<\/li>\n<li>Baigneurs, donnez-vous votre soleil quotidien, L&#8217;Ordinateur Individuel 19 (juillet-ao\u00fbt 1980), p. 66 : calcul des heures de lever et coucher du soleil<\/li>\n<li>La navigation c\u00f4ti\u00e8re en Basic : le calculs de mar\u00e9es, Micro-Syst\u00e8mes n\u00b0 22 (mars-avril 1982), p. 137 (cf erratum Micro-Syst\u00e8mes n\u00b0 24, p. 129)<\/li>\n<li>Avec votre TI-59, allez \u00e0 la poursuite du soleil, L&#8217;Ordinateur Individuel n\u00b0 36 (avril 1982), p. 192 : ce programme d\u00e9termine l&#8217;heure exacte du lever et du coucher du soleil \u00e0 partir de coordonn\u00e9es g\u00e9ographiques<\/li>\n<li>Calculez vos \u00e9ph\u00e9m\u00e9rides : d\u00e9couvrez une activit\u00e9 passionnante, l&#8217;astronomie, Micro-Syst\u00e8mes n\u00b0 37 (d\u00e9cembre 1983), p. 186<\/li>\n<li>Etoiles, la poursuite infernale, Science &amp; Vie Micro 11 (novembre 1984), p. 134<\/li>\n<li>Logiciel \u00e9toil\u00e9, Science &amp; Vie Micro 19 (juillet\/ao\u00fbt 1985), 90<\/li>\n<li>Suivez la com\u00e8te de Halley, Science &amp; Vie Micro 21 (octobre 1985), p. 91<\/li>\n<li>La micro sur orbite, Science &amp; Vie Micro 26 (mars 1986), p. 92 : depuis les satellites d&#8217;observation de la Terre jusqu&#8217;au micro-ordinateur grand public (en l&#8217;occurrence l&#8217;EXL 100 d&#8217;Exelvision), une v\u00e9ritable cha\u00eene de traitement de l&#8217;image a \u00e9t\u00e9 r\u00e9alis\u00e9e par un laboratoire de recherche de l&#8217;Ecole des Mines de Paris, install\u00e9 \u00e0 Sophia Antipolis.<\/li>\n<\/ul>\n<p><em>Les documents reproduits ci-dessus sont issus de ma <a title=\"Ma collection\" href=\"http:\/\/www.auditsi.eu\/?page_id=1983\">collection personnelle<\/a>.<\/em><\/p>\n<p style=\"text-align: justify;\">Approfondir le sujet :<br \/>\n<a title=\"L'informatique des ann\u00e9es 80\" href=\"http:\/\/www.auditsi.eu\/?page_id=2119\">L\u2019informatique des ann\u00e9es 80<\/a> \/ <a title=\"Ma collection\" href=\"http:\/\/www.auditsi.eu\/?page_id=1983\">Ma collection<\/a> \/ <a title=\"Ma documentation\" href=\"http:\/\/www.auditsi.eu\/?page_id=3930\">Ma documentation<\/a> \/ <a title=\"Quelques id\u00e9es de lecture pour en savoir plus\" href=\"http:\/\/www.auditsi.eu\/?page_id=4631\">Quelques id\u00e9es de lecture<\/a><\/p>\n<div style=\"padding-bottom:20px; padding-top:10px;\" class=\"hupso-share-buttons\"><!-- Hupso Share Buttons - https:\/\/www.hupso.com\/share\/ --><a class=\"hupso_counters\" href=\"https:\/\/www.hupso.com\/share\/\"><img decoding=\"async\" src=\"https:\/\/static.hupso.com\/share\/buttons\/lang\/fr\/share-small.png\" style=\"border:0px; padding-top:2px; float:left;\" alt=\"Share Button\"\/><\/a><script type=\"text\/javascript\">var hupso_services_c=new Array(\"twitter\",\"facebook_like\",\"facebook_send\",\"email\",\"print\",\"linkedin\");var hupso_counters_lang = \"fr_FR\";var hupso_image_folder_url = \"\";var hupso_twitter_via=\"BenoitRiviere14\";var hupso_url_c=\"\";var hupso_title_c=\"Astronomie%20%3A%20les%20%C3%A9toiles%20au%20doigt%20et%20%C3%A0%20l%27oeil\";<\/script><script type=\"text\/javascript\" src=\"https:\/\/static.hupso.com\/share\/js\/counters.js\"><\/script><!-- Hupso Share Buttons --><\/div>","protected":false},"excerpt":{"rendered":"<p>L\u2019astronomie passionne l\u2019humanit\u00e9 depuis des mill\u00e9naires. C\u2019est tout naturellement que l\u2019informatique envahit les nuits \u00e9toil\u00e9es de ces grands r\u00eaveurs que sont les astronomes amateurs. A l\u2019image des grands observatoires mondiaux. Le pilotage automatis\u00e9 du t\u00e9l\u00e9scope permet de suivre le d\u00e9placement des com\u00e8tes et autres astres lumineux. L\u2019ing\u00e9niosit\u00e9 des astronomes vient \u00e0 bout de toutes les &#8230;<\/p>\n<p><a href=\"https:\/\/www.auditsi.eu\/?page_id=2651\" class=\"more-link\">Continue reading &lsquo;Astronomie : les \u00e9toiles au doigt et \u00e0 l&#8217;oeil&rsquo; &raquo;<\/a><\/p>\n<div style=\"padding-bottom:20px; padding-top:10px;\" class=\"hupso-share-buttons\"><!-- Hupso Share Buttons - https:\/\/www.hupso.com\/share\/ --><a class=\"hupso_counters\" href=\"https:\/\/www.hupso.com\/share\/\"><img src=\"https:\/\/static.hupso.com\/share\/buttons\/lang\/fr\/share-small.png\" style=\"border:0px; padding-top:2px; float:left;\" alt=\"Share Button\"\/><\/a><script type=\"text\/javascript\">var hupso_services_c=new Array(\"twitter\",\"facebook_like\",\"facebook_send\",\"email\",\"print\",\"linkedin\");var hupso_counters_lang = \"fr_FR\";var hupso_image_folder_url = \"\";var hupso_twitter_via=\"BenoitRiviere14\";var hupso_url_c=\"\";var hupso_title_c=\"Astronomie%20%3A%20les%20%C3%A9toiles%20au%20doigt%20et%20%C3%A0%20l%27oeil\";<\/script><script type=\"text\/javascript\" src=\"https:\/\/static.hupso.com\/share\/js\/counters.js\"><\/script><!-- Hupso Share Buttons --><\/div>","protected":false},"author":1,"featured_media":0,"parent":0,"menu_order":0,"comment_status":"open","ping_status":"open","template":"","meta":{"advanced_seo_description":"","jetpack_seo_html_title":"","jetpack_seo_noindex":false,"ngg_post_thumbnail":0,"footnotes":"","_links_to":"","_links_to_target":""},"class_list":["post-2651","page","type-page","status-publish","hentry"],"jetpack_sharing_enabled":true,"jetpack_likes_enabled":false,"_links":{"self":[{"href":"https:\/\/www.auditsi.eu\/index.php?rest_route=\/wp\/v2\/pages\/2651","targetHints":{"allow":["GET"]}}],"collection":[{"href":"https:\/\/www.auditsi.eu\/index.php?rest_route=\/wp\/v2\/pages"}],"about":[{"href":"https:\/\/www.auditsi.eu\/index.php?rest_route=\/wp\/v2\/types\/page"}],"author":[{"embeddable":true,"href":"https:\/\/www.auditsi.eu\/index.php?rest_route=\/wp\/v2\/users\/1"}],"replies":[{"embeddable":true,"href":"https:\/\/www.auditsi.eu\/index.php?rest_route=%2Fwp%2Fv2%2Fcomments&post=2651"}],"version-history":[{"count":17,"href":"https:\/\/www.auditsi.eu\/index.php?rest_route=\/wp\/v2\/pages\/2651\/revisions"}],"predecessor-version":[{"id":5303,"href":"https:\/\/www.auditsi.eu\/index.php?rest_route=\/wp\/v2\/pages\/2651\/revisions\/5303"}],"wp:attachment":[{"href":"https:\/\/www.auditsi.eu\/index.php?rest_route=%2Fwp%2Fv2%2Fmedia&parent=2651"}],"curies":[{"name":"wp","href":"https:\/\/api.w.org\/{rel}","templated":true}]}}