{"id":2521,"date":"2012-11-25T16:33:30","date_gmt":"2012-11-25T14:33:30","guid":{"rendered":"http:\/\/www.auditsi.eu\/?page_id=2521"},"modified":"2018-11-03T15:52:45","modified_gmt":"2018-11-03T14:52:45","slug":"conception-assistee-par-ordinateur-et-simulation","status":"publish","type":"page","link":"https:\/\/www.auditsi.eu\/?page_id=2521","title":{"rendered":"Conception assist\u00e9e par ordinateur et simulation"},"content":{"rendered":"<p style=\"text-align: justify;\">La puissance de calcul des ordinateurs a permis de r\u00e9volutionner la pratique de certaines activit\u00e9s comme l&#8217;architecture, la conception de v\u00e9hicules ou d&#8217;avions, la simulation d&#8217;essais nucl\u00e9aires, la simulation \u00e9conomique. Le Minist\u00e8re des Finances s&#8217;est dot\u00e9 de programmes informatiques permettant de simuler le rendement des imp\u00f4ts en fonction de la r\u00e9vision de leur taux ou de l&#8217;\u00e9volution de la croissance du PIB.<\/p>\n<div id=\"attachment_7702\" style=\"width: 1175px\" class=\"wp-caption aligncenter\"><a href=\"https:\/\/www.auditsi.eu\/?attachment_id=7702\" rel=\"attachment wp-att-7702\"><img loading=\"lazy\" decoding=\"async\" aria-describedby=\"caption-attachment-7702\" width=\"1165\" height=\"1639\" class=\"size-full wp-image-7702\" alt=\"Publicit\u00e9 pour le logiciel de CFAO CADDStation de COMPUTERVISION adopt\u00e9 par Citro\u00ebn (1988)\" src=\"https:\/\/www.auditsi.eu\/wp-content\/uploads\/2018\/11\/CFAO-pubilicit\u00e9-1988-CADDStation-Citro\u00ebn.png\" srcset=\"https:\/\/www.auditsi.eu\/wp-content\/uploads\/2018\/11\/CFAO-pubilicit\u00e9-1988-CADDStation-Citro\u00ebn.png 1165w, https:\/\/www.auditsi.eu\/wp-content\/uploads\/2018\/11\/CFAO-pubilicit\u00e9-1988-CADDStation-Citro\u00ebn-213x300.png 213w, https:\/\/www.auditsi.eu\/wp-content\/uploads\/2018\/11\/CFAO-pubilicit\u00e9-1988-CADDStation-Citro\u00ebn-768x1080.png 768w, https:\/\/www.auditsi.eu\/wp-content\/uploads\/2018\/11\/CFAO-pubilicit\u00e9-1988-CADDStation-Citro\u00ebn-728x1024.png 728w, https:\/\/www.auditsi.eu\/wp-content\/uploads\/2018\/11\/CFAO-pubilicit\u00e9-1988-CADDStation-Citro\u00ebn-730x1027.png 730w\" sizes=\"auto, (max-width: 1165px) 100vw, 1165px\" \/><\/a><p id=\"caption-attachment-7702\" class=\"wp-caption-text\">Publicit\u00e9 pour le logiciel de CFAO CADDStation de COMPUTERVISION adopt\u00e9 par Citro\u00ebn (1988)<\/p><\/div>\n<p style=\"text-align: justify;\">La conception assist\u00e9e par ordinateur et la simulation sont les grands gagnants de la r\u00e9volution informatique. Les jeux vid\u00e9os ont largement repris la simulation a leur profit ; les jeux de simulation a\u00e9rienne, de char ou de guerre en sont les principaux t\u00e9moins.<\/p>\n<p>S\u00e9lection d\u2019articles sur le sujet :<\/p>\n<ul>\n<li>Le jeu de la bourse : un programme \u00e9crit en Basic pour simuler les p\u00e9rip\u00e9ties de la bourse (sensations garanties !), Micro-Syst\u00e8mes n\u00b0 4 (mars-avril 1979), p. 105<\/li>\n<li>Capricorne : un programme BASIC de simulation d&#8217;entreprises, Micro-Syst\u00e8mes n\u00b0 18 (juillet-ao\u00fbt 1981), p. 53 : politique commerciale, budget publicit\u00e9, imp\u00e9ratifs de production, concurrence&#8230; mettez-vous dans la peau d&#8217;un dirigeant d&#8217;entreprise ; tous les trimestres, votre r\u00e9sultat vous permettra d&#8217;\u00e9valuer l&#8217;impact de vos d\u00e9cisions&#8230; Cf en compl\u00e9ment le Courrier des lecteurs p. 183 du Micro-Syst\u00e8mes n\u00b0 20<\/li>\n<li>CAO : la puissance de l&#8217;ordinateur au service de la cr\u00e9ativit\u00e9, Micro-Syst\u00e8mes n\u00b0 18 (juillet-ao\u00fbt 1981), p. 70 : SNCF (syst\u00e8me SURGENOR utilis\u00e9 pour la conception du TGV), Renault (Syst\u00e8me RA3D, exemple d&#8217;application : positionnement des robots de soudure le long des cha\u00eenes d&#8217;assemblage), conception de circuits imprim\u00e9s, logiciel EUCLID&#8230;<\/li>\n<li>Programme de simulation de circuits \u00e9lectronique, Micro-Syst\u00e8mes n\u00b0 26 (novembre-d\u00e9cembre 1982), p. 151<\/li>\n<li>Conception Assist\u00e9e par Ordinateur, la fin du privil\u00e8ge des gros syst\u00e8mes, Science &amp; Vie Micro 5 (avril 1984), p. 17 : la CAO n&#8217;est plus l&#8217;apanage des gros syst\u00e8mes. La puissance de calcul croissante des ordinateurs individuels ouvre de nouvelles opportunit\u00e9s pour ces syst\u00e8mes de contribuer au d\u00e9veloppement de nouvelles oeuvres virtuelles. Dans ce domaine, les Fran\u00e7ais ne sont pas en reste avec CATIA (CFAO pour l&#8217;avionique) et EUCLID (d\u00e9velopp\u00e9 en partenariat avec le CNRS et utilis\u00e9 dans des domaines aussi divers que l&#8217;automobile, l&#8217;a\u00e9ronautique, les chantiers navals, l&#8217;outillage, la verrerie&#8230;).<\/li>\n<li>Simulation : l&#8217;ordinateur refait le monde, Science &amp; Vie Micro 25 (f\u00e9vrier 1986), p. 28<\/li>\n<li>CAO, une initiation \u00e0 la conception par ordinateur pour THOMSON MO5 et TO7\/70, pour ORIC et pour AMSTRAD CPC 464\/664\/6128 \u00e9dit\u00e9 par LORICIELS, Science &amp; Vie Micro 25 (f\u00e9vrier 1986), p. 98<\/li>\n<li>Cr\u00e9ation d&#8217;images, Soft &amp; Micro n\u00b0 25 (d\u00e9cembre 1986), p. 90 : le graphisme n&#8217;est plus r\u00e9serv\u00e9 \u00e0 un nombre r\u00e9duit de privil\u00e9gi\u00e9s. Les micro-ordinateurs ont des capacit\u00e9s graphiques croissantes et s&#8217;ouvrent \u00e0 la DAO, CAO&#8230;<\/li>\n<li>Contr\u00f4le A\u00e9rien (programme en Basic Amstrad), Soft&amp; Micro n\u00b0 25 (d\u00e9cembre 1986), p. 154<\/li>\n<li>La CFAO sur micros s&#8217;int\u00e8gre au tissu industriel, Soft &amp; Micro 93 (f\u00e9vrier 1993), p. 268 : Le march\u00e9 de la CFAO est en pleine mutation. La vague de concentrations d\u00e9ferle, les petits \u00e9diteurs connaissent de graves difficult\u00e9s, et les survivants doivent satisfaire les besoins sp\u00e9cifiques des bureaux d&#8217;\u00e9tudes, leur apporter des fonctions \u00e9volu\u00e9es et d&#8217;avantage de logiciels par m\u00e9tier.<\/li>\n<\/ul>\n<div style=\"padding-bottom:20px; padding-top:10px;\" class=\"hupso-share-buttons\"><!-- Hupso Share Buttons - https:\/\/www.hupso.com\/share\/ --><a class=\"hupso_counters\" href=\"https:\/\/www.hupso.com\/share\/\"><img decoding=\"async\" src=\"https:\/\/static.hupso.com\/share\/buttons\/lang\/fr\/share-small.png\" style=\"border:0px; padding-top:2px; float:left;\" alt=\"Share Button\"\/><\/a><script type=\"text\/javascript\">var hupso_services_c=new Array(\"twitter\",\"facebook_like\",\"facebook_send\",\"email\",\"print\",\"linkedin\");var hupso_counters_lang = \"fr_FR\";var hupso_image_folder_url = \"\";var hupso_twitter_via=\"BenoitRiviere14\";var hupso_url_c=\"\";var hupso_title_c=\"Conception%20assist%C3%A9e%20par%20ordinateur%20et%20simulation\";<\/script><script type=\"text\/javascript\" src=\"https:\/\/static.hupso.com\/share\/js\/counters.js\"><\/script><!-- Hupso Share Buttons --><\/div>","protected":false},"excerpt":{"rendered":"<p>La puissance de calcul des ordinateurs a permis de r\u00e9volutionner la pratique de certaines activit\u00e9s comme l&#8217;architecture, la conception de v\u00e9hicules ou d&#8217;avions, la simulation d&#8217;essais nucl\u00e9aires, la simulation \u00e9conomique. Le Minist\u00e8re des Finances s&#8217;est dot\u00e9 de programmes informatiques permettant de simuler le rendement des imp\u00f4ts en fonction de la r\u00e9vision de leur taux ou &#8230;<\/p>\n<p><a href=\"https:\/\/www.auditsi.eu\/?page_id=2521\" class=\"more-link\">Continue reading &lsquo;Conception assist\u00e9e par ordinateur et simulation&rsquo; &raquo;<\/a><\/p>\n<div style=\"padding-bottom:20px; padding-top:10px;\" class=\"hupso-share-buttons\"><!-- Hupso Share Buttons - https:\/\/www.hupso.com\/share\/ --><a class=\"hupso_counters\" href=\"https:\/\/www.hupso.com\/share\/\"><img src=\"https:\/\/static.hupso.com\/share\/buttons\/lang\/fr\/share-small.png\" style=\"border:0px; padding-top:2px; float:left;\" alt=\"Share Button\"\/><\/a><script type=\"text\/javascript\">var hupso_services_c=new Array(\"twitter\",\"facebook_like\",\"facebook_send\",\"email\",\"print\",\"linkedin\");var hupso_counters_lang = \"fr_FR\";var hupso_image_folder_url = \"\";var hupso_twitter_via=\"BenoitRiviere14\";var hupso_url_c=\"\";var hupso_title_c=\"Conception%20assist%C3%A9e%20par%20ordinateur%20et%20simulation\";<\/script><script type=\"text\/javascript\" src=\"https:\/\/static.hupso.com\/share\/js\/counters.js\"><\/script><!-- Hupso Share Buttons --><\/div>","protected":false},"author":1,"featured_media":0,"parent":0,"menu_order":0,"comment_status":"open","ping_status":"open","template":"","meta":{"advanced_seo_description":"","jetpack_seo_html_title":"","jetpack_seo_noindex":false,"ngg_post_thumbnail":0,"footnotes":"","_links_to":"","_links_to_target":""},"class_list":["post-2521","page","type-page","status-publish","hentry"],"jetpack_sharing_enabled":true,"jetpack_likes_enabled":false,"_links":{"self":[{"href":"https:\/\/www.auditsi.eu\/index.php?rest_route=\/wp\/v2\/pages\/2521","targetHints":{"allow":["GET"]}}],"collection":[{"href":"https:\/\/www.auditsi.eu\/index.php?rest_route=\/wp\/v2\/pages"}],"about":[{"href":"https:\/\/www.auditsi.eu\/index.php?rest_route=\/wp\/v2\/types\/page"}],"author":[{"embeddable":true,"href":"https:\/\/www.auditsi.eu\/index.php?rest_route=\/wp\/v2\/users\/1"}],"replies":[{"embeddable":true,"href":"https:\/\/www.auditsi.eu\/index.php?rest_route=%2Fwp%2Fv2%2Fcomments&post=2521"}],"version-history":[{"count":23,"href":"https:\/\/www.auditsi.eu\/index.php?rest_route=\/wp\/v2\/pages\/2521\/revisions"}],"predecessor-version":[{"id":7704,"href":"https:\/\/www.auditsi.eu\/index.php?rest_route=\/wp\/v2\/pages\/2521\/revisions\/7704"}],"wp:attachment":[{"href":"https:\/\/www.auditsi.eu\/index.php?rest_route=%2Fwp%2Fv2%2Fmedia&parent=2521"}],"curies":[{"name":"wp","href":"https:\/\/api.w.org\/{rel}","templated":true}]}}