{"id":2433,"date":"2012-11-15T09:09:12","date_gmt":"2012-11-15T07:09:12","guid":{"rendered":"http:\/\/www.auditsi.eu\/?page_id=2433"},"modified":"2014-08-27T01:07:59","modified_gmt":"2014-08-26T23:07:59","slug":"sante-et-nouvelles-technologies","status":"publish","type":"page","link":"https:\/\/www.auditsi.eu\/?page_id=2433","title":{"rendered":"Sant\u00e9 et nouvelles technologies"},"content":{"rendered":"<p style=\"text-align: justify;\">De tout temps, les nouvelles technologies ont fait peur notamment pour leurs effets potentiels sur la sant\u00e9. Ainsi, lorsque le train a fait son apparition, certains craignaient que les yeux ne supportent le d\u00e9filement des paysages&#8230; Actuellement ce sont les ondes wifi et des antennes des op\u00e9rateurs mobiles qui inqui\u00e8tent. A tort ou \u00e0 raison ? Toute la difficult\u00e9 est qu&#8217;on ne conna\u00eetra les effets r\u00e9els des ondes sur notre sant\u00e9 que dans quinze ou trente ans. C&#8217;est-\u00e0-dire quand il sera trop tard ! De la m\u00eame mani\u00e8re que pour l&#8217;amiante&#8230;<\/p>\n<p style=\"text-align: justify;\">L&#8217;impact des nouvelles technologies sur notre sant\u00e9 n&#8217;est pas une pr\u00e9occupation nouvelle, bien au contraire :<\/p>\n<ul>\n<li>Votre \u00e9cran est-il dangereux ? Les rayonnements \u00e9lectromagn\u00e9tiques des tubes cathodiques sur la sellette, Science &amp; Vie Micro n\u00b0 68 (janvier 1990), p. 114<\/li>\n<\/ul>\n<p>Toutefois, l&#8217;outil informatique est un alli\u00e9 pr\u00e9cieux pour la profession m\u00e9dicale ou le particulier soucieux de sa sant\u00e9 :<\/p>\n<ul>\n<li>L&#8217;analyse des mouvements du corps par ordinateur, Micro-Syst\u00e8mes n\u00b0 11 (mai-juin 1980), p. 30<\/li>\n<li>Quand l&#8217;ordinateur est un soulagement, L&#8217;Ordinateur Individuel n\u00b0 32 (novembre 1981), p. 88 : depuis un mois, au Centre de R\u00e9adaptation Fonctionnelle de Valmente (\u00e0 Marseille), un jeune malade t\u00e9trapl\u00e9gique a pu retrouver un certain degr\u00e9 d&#8217;ind\u00e9pendance gr\u00e2ce \u00e0 un ordinateur individuel dot\u00e9 d&#8217;une oreille attentive (synth\u00e8se vocale)<\/li>\n<li>Un programme sur PC 1211 pour calculer votre esp\u00e9rance de vie, L&#8217;Ordinateur Individuel n\u00b0 36 (avril 1982), p. 174<\/li>\n<li>Peau artificielle et laser : nos mains et nos yeux de demain, Micro-Syst\u00e8mes n\u00b0 25 (septembre-octobre 1982), p. 67 : il existe, dans la conception des syst\u00e8mes destin\u00e9s \u00e0 la robotique, un certain &#8220;anthropomorphisme&#8221; des structures utilis\u00e9es. On parle en effet de doigts, de poignets, de bras manipulateurs, d&#8217;articulations&#8230; Cependant, malgr\u00e9 cette analogie m\u00e9canique, il n&#8217;existe aucun rapport de performance entre la pince d&#8217;un manipulateur et la main de l&#8217;homme&#8230;<\/li>\n<li>Bonjour les d\u00e9g\u00e2ts !, Science &amp; Vie Micro n\u00b0 6 (mai 1984), p. 94 : cet article propose un programme qui calcule le taux d&#8217;alcool\u00e9mie d&#8217;un sujet \u00e0 partir de ses consommations et affiche l&#8217;alcool\u00e9mie heure par heure (l&#8217;alcool\u00e9mie ne chutant que de 0,15 par heure&#8230;).<\/li>\n<\/ul>\n<p style=\"text-align: justify;\">Approfondir le sujet :<br \/>\n<a title=\"L'informatique des ann\u00e9es 80\" href=\"http:\/\/www.auditsi.eu\/?page_id=2119\">L\u2019informatique des ann\u00e9es 80<\/a> \/ <a title=\"Ma collection\" href=\"http:\/\/www.auditsi.eu\/?page_id=1983\">Ma collection<\/a> \/ <a title=\"Ma documentation\" href=\"http:\/\/www.auditsi.eu\/?page_id=3930\">Ma documentation<\/a> \/ <a title=\"Quelques id\u00e9es de lecture pour en savoir plus\" href=\"http:\/\/www.auditsi.eu\/?page_id=4631\">Quelques id\u00e9es de lecture<\/a><\/p>\n<div style=\"padding-bottom:20px; padding-top:10px;\" class=\"hupso-share-buttons\"><!-- Hupso Share Buttons - https:\/\/www.hupso.com\/share\/ --><a class=\"hupso_counters\" href=\"https:\/\/www.hupso.com\/share\/\"><img decoding=\"async\" src=\"https:\/\/static.hupso.com\/share\/buttons\/lang\/fr\/share-small.png\" style=\"border:0px; padding-top:2px; float:left;\" alt=\"Share Button\"\/><\/a><script type=\"text\/javascript\">var hupso_services_c=new Array(\"twitter\",\"facebook_like\",\"facebook_send\",\"email\",\"print\",\"linkedin\");var hupso_counters_lang = \"fr_FR\";var hupso_image_folder_url = \"\";var hupso_twitter_via=\"BenoitRiviere14\";var hupso_url_c=\"\";var hupso_title_c=\"Sant%C3%A9%20et%20nouvelles%20technologies\";<\/script><script type=\"text\/javascript\" src=\"https:\/\/static.hupso.com\/share\/js\/counters.js\"><\/script><!-- Hupso Share Buttons --><\/div>","protected":false},"excerpt":{"rendered":"<p>De tout temps, les nouvelles technologies ont fait peur notamment pour leurs effets potentiels sur la sant\u00e9. Ainsi, lorsque le train a fait son apparition, certains craignaient que les yeux ne supportent le d\u00e9filement des paysages&#8230; Actuellement ce sont les ondes wifi et des antennes des op\u00e9rateurs mobiles qui inqui\u00e8tent. A tort ou \u00e0 raison &#8230;<\/p>\n<p><a href=\"https:\/\/www.auditsi.eu\/?page_id=2433\" class=\"more-link\">Continue reading &lsquo;Sant\u00e9 et nouvelles technologies&rsquo; &raquo;<\/a><\/p>\n<div style=\"padding-bottom:20px; padding-top:10px;\" class=\"hupso-share-buttons\"><!-- Hupso Share Buttons - https:\/\/www.hupso.com\/share\/ --><a class=\"hupso_counters\" href=\"https:\/\/www.hupso.com\/share\/\"><img src=\"https:\/\/static.hupso.com\/share\/buttons\/lang\/fr\/share-small.png\" style=\"border:0px; padding-top:2px; float:left;\" alt=\"Share Button\"\/><\/a><script type=\"text\/javascript\">var hupso_services_c=new Array(\"twitter\",\"facebook_like\",\"facebook_send\",\"email\",\"print\",\"linkedin\");var hupso_counters_lang = \"fr_FR\";var hupso_image_folder_url = \"\";var hupso_twitter_via=\"BenoitRiviere14\";var hupso_url_c=\"\";var hupso_title_c=\"Sant%C3%A9%20et%20nouvelles%20technologies\";<\/script><script type=\"text\/javascript\" src=\"https:\/\/static.hupso.com\/share\/js\/counters.js\"><\/script><!-- Hupso Share Buttons --><\/div>","protected":false},"author":1,"featured_media":0,"parent":0,"menu_order":0,"comment_status":"open","ping_status":"open","template":"","meta":{"advanced_seo_description":"","jetpack_seo_html_title":"","jetpack_seo_noindex":false,"ngg_post_thumbnail":0,"footnotes":"","_links_to":"","_links_to_target":""},"class_list":["post-2433","page","type-page","status-publish","hentry"],"jetpack_sharing_enabled":true,"jetpack_likes_enabled":false,"_links":{"self":[{"href":"https:\/\/www.auditsi.eu\/index.php?rest_route=\/wp\/v2\/pages\/2433","targetHints":{"allow":["GET"]}}],"collection":[{"href":"https:\/\/www.auditsi.eu\/index.php?rest_route=\/wp\/v2\/pages"}],"about":[{"href":"https:\/\/www.auditsi.eu\/index.php?rest_route=\/wp\/v2\/types\/page"}],"author":[{"embeddable":true,"href":"https:\/\/www.auditsi.eu\/index.php?rest_route=\/wp\/v2\/users\/1"}],"replies":[{"embeddable":true,"href":"https:\/\/www.auditsi.eu\/index.php?rest_route=%2Fwp%2Fv2%2Fcomments&post=2433"}],"version-history":[{"count":11,"href":"https:\/\/www.auditsi.eu\/index.php?rest_route=\/wp\/v2\/pages\/2433\/revisions"}],"predecessor-version":[{"id":5300,"href":"https:\/\/www.auditsi.eu\/index.php?rest_route=\/wp\/v2\/pages\/2433\/revisions\/5300"}],"wp:attachment":[{"href":"https:\/\/www.auditsi.eu\/index.php?rest_route=%2Fwp%2Fv2%2Fmedia&parent=2433"}],"curies":[{"name":"wp","href":"https:\/\/api.w.org\/{rel}","templated":true}]}}