{"id":2425,"date":"2012-11-14T23:05:34","date_gmt":"2012-11-14T21:05:34","guid":{"rendered":"http:\/\/www.auditsi.eu\/?page_id=2425"},"modified":"2014-03-02T12:52:26","modified_gmt":"2014-03-02T10:52:26","slug":"recyclage-et-retraitement","status":"publish","type":"page","link":"https:\/\/www.auditsi.eu\/?page_id=2425","title":{"rendered":"Recyclage et retraitement"},"content":{"rendered":"<p style=\"text-align: justify;\">Comme tout produit issu d&#8217;un processus industriel, l&#8217;ordinateur finit son cycle de vie par le retraitement :<\/p>\n<ul>\n<li><a title=\"Ma collection\" href=\"http:\/\/www.auditsi.eu\/?page_id=1983\">Don \u00e0 un collectionneur<\/a> (informatique ancienne) comme moi ;-),<\/li>\n<li>Don \u00e0 une association caritative (informatique r\u00e9cente) : Emma\u00fcs&#8230;,<\/li>\n<li>Recyclage (mat\u00e9riel en panne) : d\u00e9p\u00f4t en d\u00e9ch\u00e8terie ou vente \u00e0 une soci\u00e9t\u00e9 sp\u00e9cialis\u00e9e. Infos et adresses sur le site sp\u00e9cialis\u00e9 <a title=\"Forum de discussion R\u00e9cupe &amp; Recycle\" href=\"http:\/\/www.recuperecycle.fr\/forum\/index.php\" target=\"_blank\">R\u00e9cupe &amp; Recycle<\/a>.<\/li>\n<\/ul>\n<p>S\u00e9lection d&#8217;articles sur le sujet :<\/p>\n<ul>\n<li>Les ordinateurs \u00e0 la casse, SVM 68 (janvier 1990), p. 146<\/li>\n<\/ul>\n<p>Approfondir le sujet :<br \/>\n<a title=\"L'informatique des ann\u00e9es 80\" href=\"http:\/\/www.auditsi.eu\/?page_id=2119\">L&#8217;informatique des ann\u00e9es 80<\/a> \/ <a title=\"Ma collection\" href=\"http:\/\/www.auditsi.eu\/?page_id=1983\">Ma collection<\/a> \/ <a title=\"Ma documentation\" href=\"http:\/\/www.auditsi.eu\/?page_id=3930\">Ma documentation<\/a><\/p>\n<div style=\"padding-bottom:20px; padding-top:10px;\" class=\"hupso-share-buttons\"><!-- Hupso Share Buttons - https:\/\/www.hupso.com\/share\/ --><a class=\"hupso_counters\" href=\"https:\/\/www.hupso.com\/share\/\"><img decoding=\"async\" src=\"https:\/\/static.hupso.com\/share\/buttons\/lang\/fr\/share-small.png\" style=\"border:0px; padding-top:2px; float:left;\" alt=\"Share Button\"\/><\/a><script type=\"text\/javascript\">var hupso_services_c=new Array(\"twitter\",\"facebook_like\",\"facebook_send\",\"email\",\"print\",\"linkedin\");var hupso_counters_lang = \"fr_FR\";var hupso_image_folder_url = \"\";var hupso_twitter_via=\"BenoitRiviere14\";var hupso_url_c=\"\";var hupso_title_c=\"Recyclage%20et%20retraitement\";<\/script><script type=\"text\/javascript\" src=\"https:\/\/static.hupso.com\/share\/js\/counters.js\"><\/script><!-- Hupso Share Buttons --><\/div>","protected":false},"excerpt":{"rendered":"<p>Comme tout produit issu d&#8217;un processus industriel, l&#8217;ordinateur finit son cycle de vie par le retraitement : Don \u00e0 un collectionneur (informatique ancienne) comme moi ;-), Don \u00e0 une association caritative (informatique r\u00e9cente) : Emma\u00fcs&#8230;, Recyclage (mat\u00e9riel en panne) : d\u00e9p\u00f4t en d\u00e9ch\u00e8terie ou vente \u00e0 une soci\u00e9t\u00e9 sp\u00e9cialis\u00e9e. Infos et adresses sur le site &#8230;<\/p>\n<p><a href=\"https:\/\/www.auditsi.eu\/?page_id=2425\" class=\"more-link\">Continue reading &lsquo;Recyclage et retraitement&rsquo; &raquo;<\/a><\/p>\n<div style=\"padding-bottom:20px; padding-top:10px;\" class=\"hupso-share-buttons\"><!-- Hupso Share Buttons - https:\/\/www.hupso.com\/share\/ --><a class=\"hupso_counters\" href=\"https:\/\/www.hupso.com\/share\/\"><img src=\"https:\/\/static.hupso.com\/share\/buttons\/lang\/fr\/share-small.png\" style=\"border:0px; padding-top:2px; float:left;\" alt=\"Share Button\"\/><\/a><script type=\"text\/javascript\">var hupso_services_c=new Array(\"twitter\",\"facebook_like\",\"facebook_send\",\"email\",\"print\",\"linkedin\");var hupso_counters_lang = \"fr_FR\";var hupso_image_folder_url = \"\";var hupso_twitter_via=\"BenoitRiviere14\";var hupso_url_c=\"\";var hupso_title_c=\"Recyclage%20et%20retraitement\";<\/script><script type=\"text\/javascript\" src=\"https:\/\/static.hupso.com\/share\/js\/counters.js\"><\/script><!-- Hupso Share Buttons --><\/div>","protected":false},"author":1,"featured_media":0,"parent":0,"menu_order":0,"comment_status":"open","ping_status":"open","template":"","meta":{"advanced_seo_description":"","jetpack_seo_html_title":"","jetpack_seo_noindex":false,"ngg_post_thumbnail":0,"footnotes":"","_links_to":"","_links_to_target":""},"class_list":["post-2425","page","type-page","status-publish","hentry"],"jetpack_sharing_enabled":true,"jetpack_likes_enabled":false,"_links":{"self":[{"href":"https:\/\/www.auditsi.eu\/index.php?rest_route=\/wp\/v2\/pages\/2425","targetHints":{"allow":["GET"]}}],"collection":[{"href":"https:\/\/www.auditsi.eu\/index.php?rest_route=\/wp\/v2\/pages"}],"about":[{"href":"https:\/\/www.auditsi.eu\/index.php?rest_route=\/wp\/v2\/types\/page"}],"author":[{"embeddable":true,"href":"https:\/\/www.auditsi.eu\/index.php?rest_route=\/wp\/v2\/users\/1"}],"replies":[{"embeddable":true,"href":"https:\/\/www.auditsi.eu\/index.php?rest_route=%2Fwp%2Fv2%2Fcomments&post=2425"}],"version-history":[{"count":10,"href":"https:\/\/www.auditsi.eu\/index.php?rest_route=\/wp\/v2\/pages\/2425\/revisions"}],"predecessor-version":[{"id":4653,"href":"https:\/\/www.auditsi.eu\/index.php?rest_route=\/wp\/v2\/pages\/2425\/revisions\/4653"}],"wp:attachment":[{"href":"https:\/\/www.auditsi.eu\/index.php?rest_route=%2Fwp%2Fv2%2Fmedia&parent=2425"}],"curies":[{"name":"wp","href":"https:\/\/api.w.org\/{rel}","templated":true}]}}