{"id":2179,"date":"2012-10-28T20:35:47","date_gmt":"2012-10-28T18:35:47","guid":{"rendered":"http:\/\/www.auditsi.eu\/?page_id=2179"},"modified":"2019-05-08T13:19:43","modified_gmt":"2019-05-08T11:19:43","slug":"les-consoles-de-jeux-des-micros-ludiques","status":"publish","type":"page","link":"https:\/\/www.auditsi.eu\/?page_id=2179","title":{"rendered":"Les consoles de jeux : des micros&#8230; ludiques"},"content":{"rendered":"<p style=\"text-align: justify;\">On ne peut pas parler de <a title=\"La micro-informatique familiale des ann\u00e9es 80\" href=\"http:\/\/www.auditsi.eu\/?page_id=2119\">micro-informatique<\/a> sans aborder les consoles de jeux. En effet, les consoles de jeux ont des caract\u00e9ristiques similaires aux ordinateurs (<a title=\"Le microprocesseur, cerveau de l\u2019ordinateur\" href=\"http:\/\/www.auditsi.eu\/?page_id=3759\">microprocesseur<\/a>, processeurs graphique et sonore&#8230;). Les capacit\u00e9s graphiques et sonores des consoles, les plus utiles aux besoins vid\u00e9o-ludiques, sont renforc\u00e9es&#8230; m\u00eame si pour les consoles de jeux des ann\u00e9es 70-d\u00e9but 80, le r\u00e9sultat n&#8217;est pas flagrant.<\/p>\n<div id=\"attachment_3218\" style=\"width: 490px\" class=\"wp-caption aligncenter\"><a href=\"https:\/\/www.auditsi.eu\/wp-content\/uploads\/2012\/10\/Pub-MASTERMIND-1980-JS-1.jpg\"><img loading=\"lazy\" decoding=\"async\" aria-describedby=\"caption-attachment-3218\" width=\"480\" height=\"640\" class=\"size-full wp-image-3218\" alt=\"Publicit\u00e9 pour le MASTERMIND \u00e9lectronique (1980)\" src=\"https:\/\/www.auditsi.eu\/wp-content\/uploads\/2012\/10\/Pub-MASTERMIND-1980-JS-1.jpg\" srcset=\"https:\/\/www.auditsi.eu\/wp-content\/uploads\/2012\/10\/Pub-MASTERMIND-1980-JS-1.jpg 480w, https:\/\/www.auditsi.eu\/wp-content\/uploads\/2012\/10\/Pub-MASTERMIND-1980-JS-1-225x300.jpg 225w\" sizes=\"auto, (max-width: 480px) 100vw, 480px\" \/><\/a><p id=\"caption-attachment-3218\" class=\"wp-caption-text\">Publicit\u00e9 pour le MASTERMIND \u00e9lectronique (1980)<\/p><\/div>\n<p style=\"text-align: justify;\">A cette \u00e9poque, les effets graphiques et sonores de ces machines sont tr\u00e8s limit\u00e9s. D&#8217;ailleurs, les \u00e9diteurs de jeux compensaient la faiblesse du rendu graphique par de belles jaquettes&#8230; Dans les ann\u00e9es 70, les consoles de type PONG ont commenc\u00e9 \u00e0 voir le jour : deux raquettes mat\u00e9rialis\u00e9es par un trait blanc, une balle carr\u00e9e, deux joueurs&#8230; et voici un ping pong ! El\u00e9mentaire mais efficace pour l&#8217;\u00e9poque.<\/p>\n<div id=\"attachment_8184\" style=\"width: 810px\" class=\"wp-caption aligncenter\"><a href=\"https:\/\/www.auditsi.eu\/?attachment_id=8184\" rel=\"attachment wp-att-8184\"><img loading=\"lazy\" decoding=\"async\" aria-describedby=\"caption-attachment-8184\" width=\"800\" height=\"600\" class=\"size-full wp-image-8184\" alt=\"Jeu de Pong, 1972 (Source : Wikipedia)\" src=\"https:\/\/www.auditsi.eu\/wp-content\/uploads\/2019\/05\/Jeu-de-Pong.png\" srcset=\"https:\/\/www.auditsi.eu\/wp-content\/uploads\/2019\/05\/Jeu-de-Pong.png 800w, https:\/\/www.auditsi.eu\/wp-content\/uploads\/2019\/05\/Jeu-de-Pong-300x225.png 300w, https:\/\/www.auditsi.eu\/wp-content\/uploads\/2019\/05\/Jeu-de-Pong-768x576.png 768w, https:\/\/www.auditsi.eu\/wp-content\/uploads\/2019\/05\/Jeu-de-Pong-730x548.png 730w\" sizes=\"auto, (max-width: 800px) 100vw, 800px\" \/><\/a><p id=\"caption-attachment-8184\" class=\"wp-caption-text\">Jeu de Pong, 1972 (Source : Wikipedia)<\/p><\/div>\n<p style=\"text-align: justify;\">Pong est un des premiers jeux vid\u00e9o d&#8217;arcade. Il a \u00e9t\u00e9 imagin\u00e9 par l&#8217;Am\u00e9ricain Nolan Bushnell et d\u00e9velopp\u00e9 par Allan Alcorn, et la soci\u00e9t\u00e9 Atari le commercialise \u00e0 partir de novembre 1972. Bien que d&#8217;autres jeux vid\u00e9o aient \u00e9t\u00e9 invent\u00e9s pr\u00e9c\u00e9demment, comme Computer Space, Pong est le premier \u00e0 devenir populaire. Le jeu est inspir\u00e9 du tennis de table en vue de dessus, et chaque joueur s&#8217;affronte en d\u00e9pla\u00e7ant la raquette virtuelle de haut en bas (<a href=\"https:\/\/fr.wikipedia.org\/wiki\/Pong\" target=\"_blank\" rel=\"noopener noreferrer\">Wikip\u00e9dia<\/a>).<\/p>\n<div id=\"attachment_3495\" style=\"width: 458px\" class=\"wp-caption aligncenter\"><a href=\"https:\/\/www.auditsi.eu\/wp-content\/uploads\/2012\/10\/DSCN8787.jpg\"><img loading=\"lazy\" decoding=\"async\" aria-describedby=\"caption-attachment-3495\" width=\"448\" height=\"329\" class=\"size-full wp-image-3495\" alt=\"L'anc\u00eatre du flipper et des consoles de jeux\" src=\"https:\/\/www.auditsi.eu\/wp-content\/uploads\/2012\/10\/DSCN8787.jpg\" srcset=\"https:\/\/www.auditsi.eu\/wp-content\/uploads\/2012\/10\/DSCN8787.jpg 448w, https:\/\/www.auditsi.eu\/wp-content\/uploads\/2012\/10\/DSCN8787-300x220.jpg 300w\" sizes=\"auto, (max-width: 448px) 100vw, 448px\" \/><\/a><p id=\"caption-attachment-3495\" class=\"wp-caption-text\">L&#8217;anc\u00eatre du flipper et des consoles de jeux<\/p><\/div>\n<p style=\"text-align: justify;\">Les premi\u00e8res consoles sont mono jeux : elles ne comprennent qu&#8217;un seul jeux (avec \u00e9ventuellement des variantes et des difficult\u00e9s de jeux param\u00e9trables) \u00e0 l&#8217;image des <a title=\"Game &amp; Watch de Nintendo\" href=\"http:\/\/www.auditsi.eu\/?page_id=3496\">Game &amp; Watch de Nintendo<\/a> ou des Pongs. L&#8217;apparition des cartouches de jeux r\u00e9volutionnera le monde des consoles.<\/p>\n<div id=\"attachment_2463\" style=\"width: 383px\" class=\"wp-caption aligncenter\"><a href=\"https:\/\/www.auditsi.eu\/wp-content\/uploads\/2012\/10\/DSCN7691.jpg\"><img loading=\"lazy\" decoding=\"async\" aria-describedby=\"caption-attachment-2463\" width=\"373\" height=\"336\" title=\"Les entrailles de la Videopac C52 de Philips : un contenu assez d\u00e9pouill\u00e9 !\" class=\"size-full wp-image-2463\" alt=\"Les entrailles de la Videopac C52 de Philips : un contenu assez d\u00e9pouill\u00e9 !\" src=\"https:\/\/www.auditsi.eu\/wp-content\/uploads\/2012\/10\/DSCN7691.jpg\" srcset=\"https:\/\/www.auditsi.eu\/wp-content\/uploads\/2012\/10\/DSCN7691.jpg 373w, https:\/\/www.auditsi.eu\/wp-content\/uploads\/2012\/10\/DSCN7691-300x270.jpg 300w\" sizes=\"auto, (max-width: 373px) 100vw, 373px\" \/><\/a><p id=\"caption-attachment-2463\" class=\"wp-caption-text\">Les entrailles de la Videopac C52 de Philips : un contenu assez d\u00e9pouill\u00e9 !<\/p><\/div>\n<p style=\"text-align: justify;\">Autre exemple avec les consoles de jeux \u00e0 cartouche Vid\u00e9opac de Philips apparues \u00e0 la fin des ann\u00e9es 70 (apr\u00e8s le rachat de l&#8217;am\u00e9ricain Magnavox). D\u00e8s le d\u00e9part, les choix (ou plut\u00f4t limitations) techniques du constructeur n&#8217;ont pas \u00e9t\u00e9 les meilleurs (m\u00eame pour l&#8217;\u00e9poque), pourtant quel enfant aurait r\u00e9sist\u00e9 devant un jeu vid\u00e9o m\u00eame rudimentaire ?<\/p>\n<div id=\"attachment_2458\" style=\"width: 490px\" class=\"wp-caption aligncenter\"><a href=\"https:\/\/www.auditsi.eu\/wp-content\/uploads\/2012\/10\/DSCN7676.jpg\"><img loading=\"lazy\" decoding=\"async\" aria-describedby=\"caption-attachment-2458\" width=\"480\" height=\"521\" title='Cartouche de jeu n\u00b038 \"Glouton et Voraces\" sur Vid\u00e9opac' class=\"size-full wp-image-2458\" alt='Cartouche de jeu n\u00b038 \"Glouton et Voraces\" sur Vid\u00e9opac' src=\"https:\/\/www.auditsi.eu\/wp-content\/uploads\/2012\/10\/DSCN7676.jpg\" srcset=\"https:\/\/www.auditsi.eu\/wp-content\/uploads\/2012\/10\/DSCN7676.jpg 480w, https:\/\/www.auditsi.eu\/wp-content\/uploads\/2012\/10\/DSCN7676-276x300.jpg 276w\" sizes=\"auto, (max-width: 480px) 100vw, 480px\" \/><\/a><p id=\"caption-attachment-2458\" class=\"wp-caption-text\">Cartouche de jeu n\u00b038 &#8220;Glouton et Voraces&#8221; sur Vid\u00e9opac<\/p><\/div>\n<p style=\"text-align: justify;\">Afin d&#8217;accro\u00eetre plus rapidement le parc de consoles Vid\u00e9opac en service, Philips a tent\u00e9 d&#8217;\u00e9lever la norme Vid\u00e9opac en standard europ\u00e9en en conc\u00e9dant des licences \u00e0 diff\u00e9rents industriels. C&#8217;est ainsi que BRANDT (alors filiale de THOMSON) a commercialis\u00e9 sa propre console sous la d\u00e9nomination Jopac (pour Jeux Ordinateur vid\u00e9oPAC) ; la photo ci-apr\u00e8s pr\u00e9sente la JO7400, <a title=\"Mes consoles de jeux\" href=\"http:\/\/www.auditsi.eu\/?page_id=3198\">une des consoles de ma collection<\/a>.<\/p>\n<div id=\"attachment_2180\" style=\"width: 458px\" class=\"wp-caption aligncenter\"><a href=\"https:\/\/www.auditsi.eu\/wp-content\/uploads\/2012\/10\/DSCN6511-mini.jpg\"><img loading=\"lazy\" decoding=\"async\" aria-describedby=\"caption-attachment-2180\" width=\"448\" height=\"280\" title=\"Console de jeux JOPAC JO7400 de Brandt\" class=\"size-full wp-image-2180\" alt=\"Console de jeux JOPAC JO7400 de Brandt\" src=\"https:\/\/www.auditsi.eu\/wp-content\/uploads\/2012\/10\/DSCN6511-mini.jpg\" srcset=\"https:\/\/www.auditsi.eu\/wp-content\/uploads\/2012\/10\/DSCN6511-mini.jpg 448w, https:\/\/www.auditsi.eu\/wp-content\/uploads\/2012\/10\/DSCN6511-mini-300x187.jpg 300w, https:\/\/www.auditsi.eu\/wp-content\/uploads\/2012\/10\/DSCN6511-mini-320x200.jpg 320w\" sizes=\"auto, (max-width: 448px) 100vw, 448px\" \/><\/a><p id=\"caption-attachment-2180\" class=\"wp-caption-text\">Console de jeux JOPAC JO7400 de Brandt<\/p><\/div>\n<p style=\"text-align: justify;\">Finalement, on n&#8217;aime ou on n&#8217;aime pas. A titre personnel, j&#8217;aime bien le cot\u00e9 tr\u00e8s r\u00e9tro de cette console ; quand je l&#8217;allume, je ne m&#8217;attends pas \u00e0 voir de grands effets sp\u00e9ciaux mais \u00e0 retomber dans l&#8217;univers du d\u00e9but des ann\u00e9es 80 ! Comment ne pas succomber \u00e0 Glouton et Voraces (concurrent du Pac Man de chez ATARI) ?<\/p>\n<div id=\"attachment_2183\" style=\"width: 458px\" class=\"wp-caption aligncenter\"><a href=\"https:\/\/www.auditsi.eu\/wp-content\/uploads\/2012\/10\/DSCN6517.jpg\"><img loading=\"lazy\" decoding=\"async\" aria-describedby=\"caption-attachment-2183\" width=\"448\" height=\"241\" title=\"Jeu Glouton et Voraces sur Vid\u00e9opac\" class=\"size-full wp-image-2183\" alt=\"Jeu Glouton et Voraces sur Vid\u00e9opac\" src=\"https:\/\/www.auditsi.eu\/wp-content\/uploads\/2012\/10\/DSCN6517.jpg\" srcset=\"https:\/\/www.auditsi.eu\/wp-content\/uploads\/2012\/10\/DSCN6517.jpg 448w, https:\/\/www.auditsi.eu\/wp-content\/uploads\/2012\/10\/DSCN6517-300x161.jpg 300w\" sizes=\"auto, (max-width: 448px) 100vw, 448px\" \/><\/a><p id=\"caption-attachment-2183\" class=\"wp-caption-text\">Jeu Glouton et Voraces sur Vid\u00e9opac<\/p><\/div>\n<p style=\"text-align: justify;\">Malheureusement pour PHILIPS, sa console a \u00e9t\u00e9 d\u00e9pass\u00e9e d\u00e8s sa sortie par ses concurrents, au premier rang desquels figure ATARI, et ce n&#8217;est pas la Vid\u00e9opac+ lanc\u00e9e en 1984 qui changera la donne.<\/p>\n<div id=\"attachment_2184\" style=\"width: 373px\" class=\"wp-caption aligncenter\"><a href=\"https:\/\/www.auditsi.eu\/wp-content\/uploads\/2012\/10\/DSCN6510.jpg\"><img loading=\"lazy\" decoding=\"async\" aria-describedby=\"caption-attachment-2184\" width=\"363\" height=\"336\" title=\"Cartouches de jeu pour console ATARI 2066 : Road Runner, Space Invaders et Pac-Man\" class=\"size-full wp-image-2184\" alt=\"Cartouches de jeu pour console ATARI 2066 : Road Runner, Space Invaders et Pac-Man\" src=\"https:\/\/www.auditsi.eu\/wp-content\/uploads\/2012\/10\/DSCN6510.jpg\" srcset=\"https:\/\/www.auditsi.eu\/wp-content\/uploads\/2012\/10\/DSCN6510.jpg 363w, https:\/\/www.auditsi.eu\/wp-content\/uploads\/2012\/10\/DSCN6510-300x277.jpg 300w\" sizes=\"auto, (max-width: 363px) 100vw, 363px\" \/><\/a><p id=\"caption-attachment-2184\" class=\"wp-caption-text\">Cartouches de jeu pour console ATARI 2600 : Road Runner, Space Invaders et Pac-Man<\/p><\/div>\n<p style=\"text-align: justify;\">Non seulement, les consoles ATARI VCS 2600 \u00e9taient dot\u00e9es de meilleures capacit\u00e9s techniques que les Vid\u00e9opac mais en plus les jeux, sous licence, comme Pac Man ou Space Invaders, sont devenus des incontournables.<\/p>\n<p style=\"text-align: justify;\">Par la suite, de nouvelles consoles (pour la plupart japonaises) et de nouveaux h\u00e9ros sont venus bouleverser le march\u00e9 de la console et ont balay\u00e9 toutes les autres consoles y compris ATARI (\u00e0 l&#8217;image de l&#8217;<a title=\"La console ATARI XE\" href=\"http:\/\/www.auditsi.eu\/?page_id=3515\">ATARI XE<\/a>). Mais ceci est une autre histoire&#8230;<\/p>\n<div id=\"attachment_3516\" style=\"width: 458px\" class=\"wp-caption aligncenter\"><a href=\"https:\/\/www.auditsi.eu\/wp-content\/uploads\/2013\/08\/DSCN8871.jpg\"><img loading=\"lazy\" decoding=\"async\" aria-describedby=\"caption-attachment-3516\" width=\"448\" height=\"252\" class=\"size-full wp-image-3516\" alt=\"La console ATARI XE\" src=\"https:\/\/www.auditsi.eu\/wp-content\/uploads\/2013\/08\/DSCN8871.jpg\" srcset=\"https:\/\/www.auditsi.eu\/wp-content\/uploads\/2013\/08\/DSCN8871.jpg 448w, https:\/\/www.auditsi.eu\/wp-content\/uploads\/2013\/08\/DSCN8871-300x168.jpg 300w\" sizes=\"auto, (max-width: 448px) 100vw, 448px\" \/><\/a><p id=\"caption-attachment-3516\" class=\"wp-caption-text\">La console ATARI XE<\/p><\/div>\n<p style=\"text-align: justify;\">L&#8217;utilisation des consoles de premi\u00e8re g\u00e9n\u00e9ration sur nos \u00e9crans modernes n&#8217;est pas toujours ais\u00e9e. La plupart d&#8217;entre elles ne sont dot\u00e9es que d&#8217;une prise antenne (UHF) ; le r\u00e9glage du canal analogique est tr\u00e8s difficile \u00e0 obtenir sur les \u00e9crans LCD. Pour les plus chanceux, certaines consoles disposent une prise <a title=\"La prise P\u00e9ritel\" href=\"http:\/\/www.auditsi.eu\/?page_id=3901\">P\u00e9ritel<\/a>. Pour les autres, c&#8217;est au petit bonheur la chance. Le sch\u00e9ma du c\u00e2ble DIN &#8211; P\u00e9ritel des Vid\u00e9opac est fourni sur <a title=\"C\u00e2ble vid\u00e9o pour console Jopac \/ Videopac\" href=\"http:\/\/www.auditsi.eu\/?page_id=1764\">cette page<\/a>.<\/p>\n<p>S\u00e9lection d\u2019articles sur le sujet :<\/p>\n<ul>\n<li>Circuits LSI pour jeux vid\u00e9o \u00e0 micro-processeur, Micro-Syst\u00e8mes n\u00b0 3 (janvier-f\u00e9vrier 1979), p. 17<\/li>\n<li>Galop d&#8217;essai : Vid\u00e9opac Philips, L&#8217;Ordinateur Individuel n\u00b0 35 (mars 1982), p. 129<\/li>\n<li>SEGA et NINTENDO cassent des briques, Science &amp; Vie Micro n\u00b0 41 (juillet-ao\u00fbt 1987), p. 62 : le retour triomphal des consoles de jeu<\/li>\n<\/ul>\n<p style=\"text-align: justify;\"><span style=\"font-size: small;\"><em>Les photos d\u2019illustration sont issues de ma <a title=\"Ma collection\" href=\"http:\/\/www.auditsi.eu\/?page_id=1983\">collection personnelle<\/a>.<\/em><\/span><\/p>\n<p style=\"text-align: justify;\">Approfondir le sujet :<br \/>\n<a title=\"L'informatique des ann\u00e9es 80\" href=\"http:\/\/www.auditsi.eu\/?page_id=2119\">L\u2019informatique des ann\u00e9es 80<\/a> \/ <a title=\"Ma collection\" href=\"http:\/\/www.auditsi.eu\/?page_id=1983\">Ma collection<\/a> \/ <a title=\"Ma documentation\" href=\"http:\/\/www.auditsi.eu\/?page_id=3930\">Ma documentation<\/a> \/ <a title=\"Quelques id\u00e9es de lecture pour en savoir plus\" href=\"http:\/\/www.auditsi.eu\/?page_id=4631\">Quelques id\u00e9es de lecture<\/a><\/p>\n<div style=\"padding-bottom:20px; padding-top:10px;\" class=\"hupso-share-buttons\"><!-- Hupso Share Buttons - https:\/\/www.hupso.com\/share\/ --><a class=\"hupso_counters\" href=\"https:\/\/www.hupso.com\/share\/\"><img decoding=\"async\" src=\"https:\/\/static.hupso.com\/share\/buttons\/lang\/fr\/share-small.png\" style=\"border:0px; padding-top:2px; float:left;\" alt=\"Share Button\"\/><\/a><script type=\"text\/javascript\">var hupso_services_c=new Array(\"twitter\",\"facebook_like\",\"facebook_send\",\"email\",\"print\",\"linkedin\");var hupso_counters_lang = \"fr_FR\";var hupso_image_folder_url = \"\";var hupso_twitter_via=\"BenoitRiviere14\";var hupso_url_c=\"\";var hupso_title_c=\"Les%20consoles%20de%20jeux%20%3A%20des%20micros...%20ludiques\";<\/script><script type=\"text\/javascript\" src=\"https:\/\/static.hupso.com\/share\/js\/counters.js\"><\/script><!-- Hupso Share Buttons --><\/div>","protected":false},"excerpt":{"rendered":"<p>On ne peut pas parler de micro-informatique sans aborder les consoles de jeux. En effet, les consoles de jeux ont des caract\u00e9ristiques similaires aux ordinateurs (microprocesseur, processeurs graphique et sonore&#8230;). Les capacit\u00e9s graphiques et sonores des consoles, les plus utiles aux besoins vid\u00e9o-ludiques, sont renforc\u00e9es&#8230; m\u00eame si pour les consoles de jeux des ann\u00e9es 70-d\u00e9but &#8230;<\/p>\n<p><a href=\"https:\/\/www.auditsi.eu\/?page_id=2179\" class=\"more-link\">Continue reading &lsquo;Les consoles de jeux : des micros&#8230; ludiques&rsquo; &raquo;<\/a><\/p>\n<div style=\"padding-bottom:20px; padding-top:10px;\" class=\"hupso-share-buttons\"><!-- Hupso Share Buttons - https:\/\/www.hupso.com\/share\/ --><a class=\"hupso_counters\" href=\"https:\/\/www.hupso.com\/share\/\"><img src=\"https:\/\/static.hupso.com\/share\/buttons\/lang\/fr\/share-small.png\" style=\"border:0px; padding-top:2px; float:left;\" alt=\"Share Button\"\/><\/a><script type=\"text\/javascript\">var hupso_services_c=new Array(\"twitter\",\"facebook_like\",\"facebook_send\",\"email\",\"print\",\"linkedin\");var hupso_counters_lang = \"fr_FR\";var hupso_image_folder_url = \"\";var hupso_twitter_via=\"BenoitRiviere14\";var hupso_url_c=\"\";var hupso_title_c=\"Les%20consoles%20de%20jeux%20%3A%20des%20micros...%20ludiques\";<\/script><script type=\"text\/javascript\" src=\"https:\/\/static.hupso.com\/share\/js\/counters.js\"><\/script><!-- Hupso Share Buttons --><\/div>","protected":false},"author":1,"featured_media":0,"parent":0,"menu_order":0,"comment_status":"open","ping_status":"open","template":"","meta":{"advanced_seo_description":"","jetpack_seo_html_title":"","jetpack_seo_noindex":false,"ngg_post_thumbnail":0,"footnotes":"","_links_to":"","_links_to_target":""},"class_list":["post-2179","page","type-page","status-publish","hentry"],"jetpack_sharing_enabled":true,"jetpack_likes_enabled":false,"_links":{"self":[{"href":"https:\/\/www.auditsi.eu\/index.php?rest_route=\/wp\/v2\/pages\/2179","targetHints":{"allow":["GET"]}}],"collection":[{"href":"https:\/\/www.auditsi.eu\/index.php?rest_route=\/wp\/v2\/pages"}],"about":[{"href":"https:\/\/www.auditsi.eu\/index.php?rest_route=\/wp\/v2\/types\/page"}],"author":[{"embeddable":true,"href":"https:\/\/www.auditsi.eu\/index.php?rest_route=\/wp\/v2\/users\/1"}],"replies":[{"embeddable":true,"href":"https:\/\/www.auditsi.eu\/index.php?rest_route=%2Fwp%2Fv2%2Fcomments&post=2179"}],"version-history":[{"count":33,"href":"https:\/\/www.auditsi.eu\/index.php?rest_route=\/wp\/v2\/pages\/2179\/revisions"}],"predecessor-version":[{"id":8185,"href":"https:\/\/www.auditsi.eu\/index.php?rest_route=\/wp\/v2\/pages\/2179\/revisions\/8185"}],"wp:attachment":[{"href":"https:\/\/www.auditsi.eu\/index.php?rest_route=%2Fwp%2Fv2%2Fmedia&parent=2179"}],"curies":[{"name":"wp","href":"https:\/\/api.w.org\/{rel}","templated":true}]}}