{"id":2003,"date":"2012-09-22T13:29:16","date_gmt":"2012-09-22T11:29:16","guid":{"rendered":"http:\/\/www.auditsi.eu\/?page_id=2003"},"modified":"2014-06-08T13:25:52","modified_gmt":"2014-06-08T11:25:52","slug":"offre-de-service","status":"publish","type":"page","link":"https:\/\/www.auditsi.eu\/?page_id=2003","title":{"rendered":"Offre de service"},"content":{"rendered":"<p>Chef d&#8217;entreprise, profession lib\u00e9rale, vous recherchez un <a title=\"Mon CV\" href=\"http:\/\/www.auditsi.eu\/?page_id=3\">expert-comptable exp\u00e9riment\u00e9<\/a> et proche de vous ?<\/p>\n<ul>\n<li>Cr\u00e9ation ou reprise d\u2019entreprise,<\/li>\n<li>Mise en place de comptabilit\u00e9 (g\u00e9n\u00e9rale et analytique), tableau de bord,<\/li>\n<li>Accompagnement et conseils du dirigeant,<\/li>\n<li>Etablissement des comptes annuels et liasses fiscales,<\/li>\n<li>Audit des <a title=\"Articles sur les comptes annuels\" href=\"http:\/\/www.auditsi.eu\/?cat=717\">comptes annuels<\/a> et <a title=\"Articles sur les comptes consolid\u00e9s\" href=\"http:\/\/www.auditsi.eu\/?cat=324\">consolid\u00e9s<\/a> (commissariat aux comptes, audit d&#8217;acquisition&#8230;),<\/li>\n<li><a title=\"Articles sur l'analyse de donn\u00e9es\" href=\"http:\/\/www.auditsi.eu\/?tag=analyse-de-donnees\">Analyse de donn\u00e9es<\/a> comptables et financi\u00e8res,<\/li>\n<li><a title=\"Articles sur l'automatisation\" href=\"http:\/\/www.auditsi.eu\/?tag=automatisation\">Automatisation de t\u00e2ches<\/a> (<a title=\"Articles sur la collecte de l'information\" href=\"http:\/\/www.auditsi.eu\/?tag=collecte-de-linformation\">collecte<\/a> et <a title=\"Articles sur la mise en forme de donn\u00e9es\" href=\"http:\/\/www.auditsi.eu\/?tag=mise-en-forme\">mise en forme<\/a> de donn\u00e9es comptables, financi\u00e8res&#8230;), r\u00e9alisation de macros et programmes <a title=\"Articles sur le langage de programmation VBA\" href=\"http:\/\/www.auditsi.eu\/?tag=vba\">VBA<\/a>.<\/li>\n<\/ul>\n<p>N&#8217;h\u00e9sitez pas \u00e0 me contacter :<\/p>\n<ul>\n<li>Par t\u00e9l\u00e9phone : 02 31 94 55 80<\/li>\n<li>Par m\u00e9l : benoit.riviere@cogediac.com<\/li>\n<\/ul>\n<p>Coordonn\u00e9es du cabinet :<\/p>\n<p style=\"padding-left: 30px;\"><em>COGEDIAC S.A.S.<\/em><\/p>\n<p style=\"padding-left: 30px;\"><em>4 rue Alfred Kastler<\/em><\/p>\n<p style=\"padding-left: 30px;\"><em>Quartier Unicit\u00e9<\/em><\/p>\n<p style=\"padding-left: 30px;\"><em>14000 CAEN<\/em><\/p>\n<p>Localiser le cabinet :<\/p>\n<p><iframe loading=\"lazy\" src=\"https:\/\/maps.google.fr\/maps?ie=UTF8&amp;cid=5326427655876374476&amp;q=Cogediac+Et+Associ%C3%A9s+S.A.&amp;gl=FR&amp;hl=fr&amp;t=h&amp;iwloc=A&amp;ll=49.201825,-0.392274&amp;spn=0.006295,0.006295&amp;output=embed\" width=\"495\" height=\"650\" frameborder=\"0\" marginwidth=\"0\" marginheight=\"0\" scrolling=\"no\"><\/iframe><br \/>\n<small><a style=\"color: #0000ff; text-align: left;\" href=\"https:\/\/maps.google.fr\/maps?ie=UTF8&amp;cid=5326427655876374476&amp;q=Cogediac+Et+Associ%C3%A9s+S.A.&amp;gl=FR&amp;hl=fr&amp;t=h&amp;iwloc=A&amp;ll=49.201825,-0.392274&amp;spn=0.006295,0.006295&amp;source=embed\">Agrandir le plan<\/a><\/small><\/p>\n<div style=\"padding-bottom:20px; padding-top:10px;\" class=\"hupso-share-buttons\"><!-- Hupso Share Buttons - https:\/\/www.hupso.com\/share\/ --><a class=\"hupso_counters\" href=\"https:\/\/www.hupso.com\/share\/\"><img decoding=\"async\" src=\"https:\/\/static.hupso.com\/share\/buttons\/lang\/fr\/share-small.png\" style=\"border:0px; padding-top:2px; float:left;\" alt=\"Share Button\"\/><\/a><script type=\"text\/javascript\">var hupso_services_c=new Array(\"twitter\",\"facebook_like\",\"facebook_send\",\"email\",\"print\",\"linkedin\");var hupso_counters_lang = \"fr_FR\";var hupso_image_folder_url = \"\";var hupso_twitter_via=\"BenoitRiviere14\";var hupso_url_c=\"\";var hupso_title_c=\"Offre%20de%20service\";<\/script><script type=\"text\/javascript\" src=\"https:\/\/static.hupso.com\/share\/js\/counters.js\"><\/script><!-- Hupso Share Buttons --><\/div>","protected":false},"excerpt":{"rendered":"<p>Chef d&#8217;entreprise, profession lib\u00e9rale, vous recherchez un expert-comptable exp\u00e9riment\u00e9 et proche de vous ? Cr\u00e9ation ou reprise d\u2019entreprise, Mise en place de comptabilit\u00e9 (g\u00e9n\u00e9rale et analytique), tableau de bord, Accompagnement et conseils du dirigeant, Etablissement des comptes annuels et liasses fiscales, Audit des comptes annuels et consolid\u00e9s (commissariat aux comptes, audit d&#8217;acquisition&#8230;), Analyse de donn\u00e9es &#8230;<\/p>\n<p><a href=\"https:\/\/www.auditsi.eu\/?page_id=2003\" class=\"more-link\">Continue reading &lsquo;Offre de service&rsquo; &raquo;<\/a><\/p>\n<div style=\"padding-bottom:20px; padding-top:10px;\" class=\"hupso-share-buttons\"><!-- Hupso Share Buttons - https:\/\/www.hupso.com\/share\/ --><a class=\"hupso_counters\" href=\"https:\/\/www.hupso.com\/share\/\"><img src=\"https:\/\/static.hupso.com\/share\/buttons\/lang\/fr\/share-small.png\" style=\"border:0px; padding-top:2px; float:left;\" alt=\"Share Button\"\/><\/a><script type=\"text\/javascript\">var hupso_services_c=new Array(\"twitter\",\"facebook_like\",\"facebook_send\",\"email\",\"print\",\"linkedin\");var hupso_counters_lang = \"fr_FR\";var hupso_image_folder_url = \"\";var hupso_twitter_via=\"BenoitRiviere14\";var hupso_url_c=\"\";var hupso_title_c=\"Offre%20de%20service\";<\/script><script type=\"text\/javascript\" src=\"https:\/\/static.hupso.com\/share\/js\/counters.js\"><\/script><!-- Hupso Share Buttons --><\/div>","protected":false},"author":1,"featured_media":0,"parent":0,"menu_order":0,"comment_status":"open","ping_status":"open","template":"","meta":{"advanced_seo_description":"","jetpack_seo_html_title":"","jetpack_seo_noindex":false,"ngg_post_thumbnail":0,"footnotes":"","_links_to":"","_links_to_target":""},"class_list":["post-2003","page","type-page","status-publish","hentry"],"jetpack_sharing_enabled":true,"jetpack_likes_enabled":false,"_links":{"self":[{"href":"https:\/\/www.auditsi.eu\/index.php?rest_route=\/wp\/v2\/pages\/2003","targetHints":{"allow":["GET"]}}],"collection":[{"href":"https:\/\/www.auditsi.eu\/index.php?rest_route=\/wp\/v2\/pages"}],"about":[{"href":"https:\/\/www.auditsi.eu\/index.php?rest_route=\/wp\/v2\/types\/page"}],"author":[{"embeddable":true,"href":"https:\/\/www.auditsi.eu\/index.php?rest_route=\/wp\/v2\/users\/1"}],"replies":[{"embeddable":true,"href":"https:\/\/www.auditsi.eu\/index.php?rest_route=%2Fwp%2Fv2%2Fcomments&post=2003"}],"version-history":[{"count":20,"href":"https:\/\/www.auditsi.eu\/index.php?rest_route=\/wp\/v2\/pages\/2003\/revisions"}],"predecessor-version":[{"id":4912,"href":"https:\/\/www.auditsi.eu\/index.php?rest_route=\/wp\/v2\/pages\/2003\/revisions\/4912"}],"wp:attachment":[{"href":"https:\/\/www.auditsi.eu\/index.php?rest_route=%2Fwp%2Fv2%2Fmedia&parent=2003"}],"curies":[{"name":"wp","href":"https:\/\/api.w.org\/{rel}","templated":true}]}}