{"id":1743,"date":"2012-05-20T21:55:39","date_gmt":"2012-05-20T19:55:39","guid":{"rendered":"http:\/\/www.auditsi.eu\/?page_id=1743"},"modified":"2019-02-03T12:27:45","modified_gmt":"2019-02-03T11:27:45","slug":"avis-de-recherche-materiels-et-documents-informatiques-des-annees-80","status":"publish","type":"page","link":"https:\/\/www.auditsi.eu\/?page_id=1743","title":{"rendered":"Avis de recherche : mat\u00e9riels et documents informatiques des ann\u00e9es 70-80-90"},"content":{"rendered":"<p style=\"text-align: justify;\">J&#8217;ai d\u00e9couvert l&#8217;informatique pendant mon enfance dans les ann\u00e9es 80. Ces ann\u00e9es passionnantes ont vu la naissance de la micro-informatique personnelle. <a title=\"Passion informatique\" href=\"http:\/\/www.auditsi.eu\/?page_id=1521\">Passionn\u00e9 d&#8217;informatique<\/a> depuis toujours, je rassemble progressivement dans ma <a title=\"Ma collection\" href=\" http:\/\/www.auditsi.eu\/?page_id=1983\">collection<\/a> tout ce qui touche \u00e0 l\u2019informatique de cette \u00e9poque : ordinateurs, logiciels, p\u00e9riph\u00e9riques, <a title=\"Ma documentation\" href=\"http:\/\/www.auditsi.eu\/?page_id=3930\">livres, revues et magazines<\/a>. Je fais revivre ce patrimoine num\u00e9rique au travers de ma <a title=\"La micro-informatique familiale des ann\u00e9es 80\" href=\"http:\/\/www.auditsi.eu\/?page_id=2119\">r\u00e9trospective personnelle de l&#8217;informatique<\/a> que je partage sur mon blog. Pour continuer de travail de mise en valeur et de m\u00e9moire, je recherche en permanence de nouveaux mat\u00e9riels, logiciels, livres, magazines&#8230; N&#8217;h\u00e9sitez pas \u00e0 me laisser un message \u00e0 l&#8217;aide du formulaire ci-apr\u00e8s si vous avez des choses susceptibles de m&#8217;int\u00e9resser. Chaque don re\u00e7u fait l&#8217;objet d&#8217;un <a title=\"Remerciements\" href=\"http:\/\/www.auditsi.eu\/?page_id=2065\">remerciement<\/a>.<\/p>\n<p style=\"text-align: justify;\">Une liste non exhaustive de ce que je recherche plus particuli\u00e8rement actuellement figure en bas de cette page.<\/p>\n<p style=\"text-align: justify;\">Je ne laisse rien dormir dans des placards ! Progressivement, j&#8217;exploite chaque \u00e9l\u00e9ment de ma collection sur mon blog pour partager ma passion et faire revivre ce patrimoine pr\u00e9cieux.<\/p>\n<p style=\"text-align: justify;\"><em>Petite pr\u00e9cision pour r\u00e9pondre \u00e0 une question qui m&#8217;est r\u00e9guli\u00e8rement pos\u00e9e : je suis un collectionneur particulier passionn\u00e9 d&#8217;informatique et b\u00e9n\u00e9vole (je ne repr\u00e9sente donc ni une association, ni une entreprise commerciale). Ma collection a fait la <a href=\"https:\/\/www.auditsi.eu\/?page_id=7873\">une du magazine 01net<\/a>, v\u00e9ritable reconnaissance de mon travail de conservation du patrimoine informatique\u00a0et de celui de tous les collectionneurs. Les dons qui me sont faits ne font l&#8217;objet d&#8217;aucune transaction commerciale ult\u00e9rieure. Je m&#8217;autorise seulement l&#8217;\u00e9change entre collectionneurs en vue d&#8217;acqu\u00e9rir des objets ou documentation me permettant de remplir les objectifs documentaires que je me fixe.<\/em><\/p>\n<div id=\"usermessage2a\" class=\"cf_info \"><\/div><form enctype=\"multipart\/form-data\" action=\"\/index.php?rest_route=%2Fwp%2Fv2%2Fpages%2F1743#usermessage2a\" method=\"post\" class=\"cform formulaire-contact-passion-info \" id=\"cforms2form\"><fieldset class=\"cf-fs1\" style=\"\"><legend>Formulaire contact<\/legend><ol class=\"cf-ol\"><li id=\"li-2-2\" class=\"\"><label id=\"label-2-2\" for=\"cf2_field_2\"><span>Votre nom<\/span><\/label><input type=\"text\" name=\"cf2_field_2\" id=\"cf2_field_2\" class=\"single fldrequired\" value=\"Votre nom\" onfocus=\"clearField(this)\" onblur=\"setField(this)\" title=\"\"\/><span class=\"reqtxt\">(obligatoire)<\/span><\/li><li id=\"li-2-3\" class=\"\"><label id=\"label-2-3\" for=\"cf2_field_3\"><span>Adresse m\u00e9l<\/span><\/label><input type=\"text\" name=\"cf2_field_3\" id=\"cf2_field_3\" class=\"single fldemail fldrequired\" value=\"\" title=\"\"\/><span class=\"emailreqtxt\">(adresse m\u00e9l requise)<\/span><\/li><li id=\"li-2-4\" class=\"\"><label id=\"label-2-4\" for=\"cf2_field_4\"><span>Votre site internet<\/span><\/label><input type=\"text\" name=\"cf2_field_4\" id=\"cf2_field_4\" class=\"single\" value=\"http:\/\/\" title=\"\"\/><\/li><li id=\"li-2-5\" class=\"\"><label id=\"label-2-5\" for=\"cf2_field_5\"><span>Comment avez-vous connu mon blog ?<\/span><\/label><select name=\"cf2_field_5\" id=\"cf2_field_5\" class=\"cformselect fldrequired\" title=\"\"><option value=\"(non renseign\u00e9)\">--Choisissez :--<\/option><option value=\"Google\">Google<\/option><option value=\"Yahoo\">Yahoo<\/option><option value=\"AUTRE A PRECISER\">Autre (pr\u00e9cisez dans message)<\/option><\/select><span class=\"reqtxt\">(obligatoire)<\/span><\/li><li id=\"li-2-6\" class=\"\"><label id=\"label-2-6\" for=\"cf2_field_6\"><span>Objet<\/span><\/label><select name=\"cf2_field_6\" id=\"cf2_field_6\" class=\"cformselect fldrequired\" title=\"Quelle est l'objet de votre message ?\"><option value=\"Don mat\u00e9riel, magazines...\">Don mat\u00e9riel, magazines...<\/option><option value=\"Autre\">Autre<\/option><\/select><span class=\"reqtxt\">(obligatoire)<\/span><\/li><li id=\"li-2-7\" class=\"\"><label id=\"label-2-7\" for=\"cf2_field_7\"><span>Votre message<\/span><\/label><textarea cols=\"30\" rows=\"8\" name=\"cf2_field_7\" id=\"cf2_field_7\" class=\"area fldrequired\" title=\"\"><\/textarea><span class=\"reqtxt\">(obligatoire)<\/span><\/li><\/ol><\/fieldset><fieldset class=\"cf_hidden\"><legend>&nbsp;<\/legend><input type=\"hidden\" name=\"cf_working2\" id=\"cf_working2\" value=\"Veuillez patienter...\"\/><input type=\"hidden\" name=\"cf_failure2\" id=\"cf_failure2\" value=\"Veuillez remplir tous les champs requis !\"\/><input type=\"hidden\" name=\"cf_customerr2\" id=\"cf_customerr2\" value=\"y\"\/><\/fieldset><p class=\"cf-sb\"><input type=\"submit\" name=\"sendbutton2\" id=\"sendbutton2\" class=\"sendbutton\" value=\"Envoyer\" \/><\/p><\/form>\n<p style=\"text-align: justify;\"><span style=\"font-size: small;\">Suite \u00e0 l&#8217;envoi d&#8217;un message, vous allez recevoir un accus\u00e9 de r\u00e9ception. Dans le cas contraire, v\u00e9rifiez l&#8217;adresse m\u00e9l que vous avez saisie et v\u00e9rifiez vos SPAM. <strong>Sinon, \u00e9crivez-moi directement \u00e0 : contact @ auditsi.eu<\/strong> (il arrive que l&#8217;h\u00e9bergeur du site bloque l&#8217;envoi de m\u00e9ls).<\/span><\/p>\n<p style=\"text-align: justify;\"><em><span style=\"text-decoration: underline;\"><strong>Message \u00e0 destination des entreprises :<\/strong><\/span> si vous souhaitez vous d\u00e9barrasser de mat\u00e9riels plus encombrants (serveurs type IBM AS\/400, terminaux passifs, imprimantes&#8230;), avant d&#8217;envisager leur recyclage ou le d\u00e9p\u00f4t en d\u00e9chetterie, je peux vous mettre en relation avec des collectionneurs sp\u00e9cialis\u00e9s dans ce domaine ou avec des recycleurs \/ ferrailleurs en fonction de l&#8217;\u00e9tat apparent du mat\u00e9riel.<\/em><\/p>\n<div id=\"attachment_3015\" style=\"width: 458px\" class=\"wp-caption aligncenter\"><a href=\"https:\/\/www.auditsi.eu\/wp-content\/uploads\/2012\/05\/IMG_13241.jpg\"><img loading=\"lazy\" decoding=\"async\" aria-describedby=\"caption-attachment-3015\" class=\"size-full wp-image-3015\" src=\"https:\/\/www.auditsi.eu\/wp-content\/uploads\/2012\/05\/IMG_13241.jpg\" alt=\"Chargement de deux serveurs IBM 5363, quatre terminaux, quatre imprimantes, un IBM PC... qui a \u00e9vit\u00e9 la d\u00e9ch\u00e8terie !\" width=\"448\" height=\"317\" srcset=\"https:\/\/www.auditsi.eu\/wp-content\/uploads\/2012\/05\/IMG_13241.jpg 448w, https:\/\/www.auditsi.eu\/wp-content\/uploads\/2012\/05\/IMG_13241-300x212.jpg 300w\" sizes=\"auto, (max-width: 448px) 100vw, 448px\" \/><\/a><p id=\"caption-attachment-3015\" class=\"wp-caption-text\">Chargement de deux serveurs IBM 5363, quatre terminaux, quatre imprimantes, un IBM PC&#8230; qui a \u00e9vit\u00e9 la d\u00e9ch\u00e8terie !<\/p><\/div>\n<p style=\"text-align: center;\">__________<\/p>\n<p style=\"text-align: justify;\">En ce moment, je recherche plus particuli\u00e8rement, pour compl\u00e9ter des mat\u00e9riels incomplets ou pr\u00e9parer la r\u00e9daction de nouveaux articles :<\/p>\n<ul>\n<li>L\u2019article intitul\u00e9 &#8220;l&#8217;automation enrichira chaque fran\u00e7ais&#8221; (copie ou original) publi\u00e9 dans Science &amp; Vie n\u00b0 467 (ao\u00fbt 1956),<\/li>\n<li>La revue am\u00e9ricaine BYTE des ann\u00e9es 70 au d\u00e9but des ann\u00e9es 90,<\/li>\n<li>La publication Informatique et Gestion,<\/li>\n<li>Les num\u00e9ros des ann\u00e9es 70-80-90 des revues SVM Science &amp; Vie Micro (y compris les cahiers des programmes), MICRO-SYSTEMES, SOFT &amp; MICRO, HEBDOGICIEL\u00a0et de l&#8217;OI (L&#8217;Ordinateur Individuel) ainsi que livres et magazines sur les machines de marque AMSTRAD, THOMSON (MO5, TO8), ORIC&#8230;<\/li>\n<li>L&#8217;Ordinateur Individuel &#8211; SVM de 2010 \u00e0 2013,<\/li>\n<li>En priorit\u00e9, je recherche les exemplaires de revues et magazines suivants : Hebdogiciel n\u00b0 2, Science &amp; Vie Micro n\u00b0 14, 70, 148, 173 et 286, Micro-Syst\u00e8mes n\u00b0 1, 2 et 64,<\/li>\n<li>Documents et mat\u00e9riels en rapport avec l&#8217;informatisation de la comptabilit\u00e9 et des entreprises des ann\u00e9es 70 \u00e0 90 pour la pr\u00e9paration d&#8217;un article sur le th\u00e8me &#8220;de la carte perfor\u00e9e \u00e0 l&#8217;informatique en nuage&#8221;,<\/li>\n<li>Documents et logiciels en rapport avec l&#8217;intelligence artificielle et les syst\u00e8mes experts,<\/li>\n<li>Programmes professionnels et bureautique, au premier rang desquels figure MULTIPLAN,<\/li>\n<li>Langages de programmation (environnement de d\u00e9veloppement, documentations, manuels&#8230;) quel que soit l&#8217;ordinateur concern\u00e9 : Basic, Pascal, C, Logo, Fortran, Assembleur&#8230; ; cartouche n\u00b0 9 pour Videopac,<\/li>\n<li>Un lecteur de disquette interne pour remplacer celui d&#8217;un ATARI MEGA ST (ou un ATARI ST \/ MEGA ST en panne),<\/li>\n<li>Un lecteur de disquette 5&#8243; 1\/4,<\/li>\n<li>Cartouche BASIC ETENDU pour mon TI-99\/4A.<\/li>\n<\/ul>\n<div style=\"padding-bottom:20px; padding-top:10px;\" class=\"hupso-share-buttons\"><!-- Hupso Share Buttons - https:\/\/www.hupso.com\/share\/ --><a class=\"hupso_counters\" href=\"https:\/\/www.hupso.com\/share\/\"><img decoding=\"async\" src=\"https:\/\/static.hupso.com\/share\/buttons\/lang\/fr\/share-small.png\" style=\"border:0px; padding-top:2px; float:left;\" alt=\"Share Button\"\/><\/a><script type=\"text\/javascript\">var hupso_services_c=new Array(\"twitter\",\"facebook_like\",\"facebook_send\",\"email\",\"print\",\"linkedin\");var hupso_counters_lang = \"fr_FR\";var hupso_image_folder_url = \"\";var hupso_twitter_via=\"BenoitRiviere14\";var hupso_url_c=\"\";var hupso_title_c=\"Avis%20de%20recherche%20%3A%20mat%C3%A9riels%20et%20documents%20informatiques%20des%20ann%C3%A9es%2070-80-90\";<\/script><script type=\"text\/javascript\" src=\"https:\/\/static.hupso.com\/share\/js\/counters.js\"><\/script><!-- Hupso Share Buttons --><\/div>","protected":false},"excerpt":{"rendered":"<p>J&#8217;ai d\u00e9couvert l&#8217;informatique pendant mon enfance dans les ann\u00e9es 80. Ces ann\u00e9es passionnantes ont vu la naissance de la micro-informatique personnelle. Passionn\u00e9 d&#8217;informatique depuis toujours, je rassemble progressivement dans ma collection tout ce qui touche \u00e0 l\u2019informatique de cette \u00e9poque : ordinateurs, logiciels, p\u00e9riph\u00e9riques, livres, revues et magazines. Je fais revivre ce patrimoine num\u00e9rique au &#8230;<\/p>\n<p><a href=\"https:\/\/www.auditsi.eu\/?page_id=1743\" class=\"more-link\">Continue reading &lsquo;Avis de recherche : mat\u00e9riels et documents informatiques des ann\u00e9es 70-80-90&rsquo; &raquo;<\/a><\/p>\n<div style=\"padding-bottom:20px; padding-top:10px;\" class=\"hupso-share-buttons\"><!-- Hupso Share Buttons - https:\/\/www.hupso.com\/share\/ --><a class=\"hupso_counters\" href=\"https:\/\/www.hupso.com\/share\/\"><img src=\"https:\/\/static.hupso.com\/share\/buttons\/lang\/fr\/share-small.png\" style=\"border:0px; padding-top:2px; float:left;\" alt=\"Share Button\"\/><\/a><script type=\"text\/javascript\">var hupso_services_c=new Array(\"twitter\",\"facebook_like\",\"facebook_send\",\"email\",\"print\",\"linkedin\");var hupso_counters_lang = \"fr_FR\";var hupso_image_folder_url = \"\";var hupso_twitter_via=\"BenoitRiviere14\";var hupso_url_c=\"\";var hupso_title_c=\"Avis%20de%20recherche%20%3A%20mat%C3%A9riels%20et%20documents%20informatiques%20des%20ann%C3%A9es%2070-80-90\";<\/script><script type=\"text\/javascript\" src=\"https:\/\/static.hupso.com\/share\/js\/counters.js\"><\/script><!-- Hupso Share Buttons --><\/div>","protected":false},"author":1,"featured_media":0,"parent":0,"menu_order":0,"comment_status":"open","ping_status":"open","template":"","meta":{"advanced_seo_description":"","jetpack_seo_html_title":"","jetpack_seo_noindex":false,"ngg_post_thumbnail":0,"footnotes":"","_links_to":"","_links_to_target":""},"class_list":["post-1743","page","type-page","status-publish","hentry"],"jetpack_sharing_enabled":true,"jetpack_likes_enabled":false,"_links":{"self":[{"href":"https:\/\/www.auditsi.eu\/index.php?rest_route=\/wp\/v2\/pages\/1743","targetHints":{"allow":["GET"]}}],"collection":[{"href":"https:\/\/www.auditsi.eu\/index.php?rest_route=\/wp\/v2\/pages"}],"about":[{"href":"https:\/\/www.auditsi.eu\/index.php?rest_route=\/wp\/v2\/types\/page"}],"author":[{"embeddable":true,"href":"https:\/\/www.auditsi.eu\/index.php?rest_route=\/wp\/v2\/users\/1"}],"replies":[{"embeddable":true,"href":"https:\/\/www.auditsi.eu\/index.php?rest_route=%2Fwp%2Fv2%2Fcomments&post=1743"}],"version-history":[{"count":56,"href":"https:\/\/www.auditsi.eu\/index.php?rest_route=\/wp\/v2\/pages\/1743\/revisions"}],"predecessor-version":[{"id":7968,"href":"https:\/\/www.auditsi.eu\/index.php?rest_route=\/wp\/v2\/pages\/1743\/revisions\/7968"}],"wp:attachment":[{"href":"https:\/\/www.auditsi.eu\/index.php?rest_route=%2Fwp%2Fv2%2Fmedia&parent=1743"}],"curies":[{"name":"wp","href":"https:\/\/api.w.org\/{rel}","templated":true}]}}