{"id":1355,"date":"2012-01-08T02:14:39","date_gmt":"2012-01-08T00:14:39","guid":{"rendered":"http:\/\/www.auditsi.eu\/?page_id=1355"},"modified":"2025-07-31T13:13:46","modified_gmt":"2025-07-31T11:13:46","slug":"realisations-personnelles","status":"publish","type":"page","link":"https:\/\/www.auditsi.eu\/?page_id=1355","title":{"rendered":"R\u00e9alisations personnelles"},"content":{"rendered":"<p style=\"text-align: justify;\">J\u2019ai une tr\u00e8s bonne connaissance du fonctionnement des syst\u00e8mes informatiques du fait de <a href=\"http:\/\/www.auditsi.eu\/?page_id=1521\">mon exp\u00e9rience pass\u00e9e en programmation<\/a> et en gestion de bases de donn\u00e9es. A ce sujet, je publie des articles proposant des pistes de r\u00e9flexion sur l\u2019usage des syst\u00e8mes d\u2019information sur mon blog (<a href=\"http:\/\/www.auditsi.eu\">www.auditsi.eu<\/a>) et&nbsp;dans la <a title=\"Mes articles dans la RFC\" href=\"http:\/\/www.auditsi.eu\/?cat=478\">Revue Fran\u00e7aise de Comptabilit\u00e9<\/a>. Toutes ces publications sont le reflet de mon exp\u00e9rience acquise en tant que <a title=\"Passion informatique\" href=\"http:\/\/www.auditsi.eu\/?page_id=1521\">programmeur amateur<\/a>, expert-comptable puis directeur comptable. J\u2019ai par ailleurs con\u00e7u plusieurs <a title=\"Mes projets informatiques\" href=\"http:\/\/www.auditsi.eu\/?page_id=1355\">applications informatiques<\/a>, programm\u00e9es en VBA ou sous DELPHI, visant, entre autres, \u00e0 automatiser l\u2019analyse de donn\u00e9es (\u00e9critures comptables, comptes consolid\u00e9s&#8230;). Certains de ces projets ont pris corps d\u00e8s les <a href=\"https:\/\/www.auditsi.eu\/?page_id=1521\">ann\u00e9es 90<\/a>.<\/p>\n<p style=\"text-align: justify;\"><span style=\"text-decoration: underline;\">R\u00e9alisations et d\u00e9veloppements informatiques<\/span> :<\/p>\n<ul>\n<li>Programmation en VBA :\n<ul>\n<li>d\u00e9veloppement d&#8217;un programme de supervision des comptabilit\u00e9s groupe et d\u2019analyse des donn\u00e9es comptables (ACCESS) : <a href=\"https:\/\/www.auditsi.eu\/?page_id=8535\">PADoCC_Ecritures<\/a> ;<\/li>\n<li>d\u00e9veloppement d&#8217;une <a href=\"https:\/\/www.auditsi.eu\/?page_id=7610\">application d&#8217;analyse du Fichier des Ecritures Comptables : ANA-FEC<\/a> (fonctionnement&nbsp;similaire \u00e0 M\/ATAC) ;&nbsp;<\/li>\n<li>d\u00e9veloppement d&#8217;une application d&#8217;<a title=\"Projet M\/ATAC\" href=\"http:\/\/www.auditsi.eu\/?page_id=4194\">analyse automatis\u00e9e des \u00e9critures comptables (M\/ATAC)<\/a> pour documenter les travaux du commissaire aux comptes ou de l&#8217;expert-comptable et \u00e9tendre le volume des \u00e9critures audit\u00e9es : sch\u00e9mas d&#8217;\u00e9critures par journal comptable (\u00e9critures inhabituelles, fraudes et erreurs), loi de Benford (fraude), analyse de la TVA sur achats et ventes (inversions HT\/TVA&#8230;)&#8230;<\/li>\n<li>d\u00e9veloppement d&#8217;une application d&#8217;<a title=\"Projet ALPHA CHARLY, l\u2019audit des comptes consolid\u00e9s par l\u2019analyse de donn\u00e9es\" href=\"http:\/\/www.auditsi.eu\/?page_id=2745\">analyse automatis\u00e9e des \u00e9critures de consolidation (projet ALPHA CHARLY)<\/a> \u00e0 partir de l&#8217;extraction des donn\u00e9es ETAFI CONSO. <a title=\"Projet ALPHA CHARLY\" href=\"http:\/\/www.auditsi.eu\/?page_id=2745\">Plus d&#8217;infos sur le projet<\/a>. Cette application fonctionne sur le m\u00eame principe que M\/ATAC : analyse des pourcentages d&#8217;int\u00e9r\u00eat, du passage des comptes individuels aux comptes consolid\u00e9s (r\u00e9sultat, capitaux propres), des contributions de chaque entit\u00e9 aux comptes consolid\u00e9s (bilan, compte de r\u00e9sultat), reconstitution des \u00e9tats financiers individuels (bilan et compte de r\u00e9sultat)&#8230;<\/li>\n<li>\n<div style=\"text-align: justify; font-size: small;\">d\u00e9veloppement d\u2019une application automatis\u00e9e d\u2019aide \u00e0 la formalisation de l\u2019audit l\u00e9gal des comptes annuels dans le respect des NEP, <a title=\"Projet AppliAUDIT, formalisation de la mission de commissariat aux comptes\" href=\"http:\/\/www.auditsi.eu\/?page_id=2009\">AppliAUDIT<\/a>, permettant entre autres d&#8217;obtenir des synth\u00e8ses g\u00e9n\u00e9rales et synth\u00e8ses de cycles automatis\u00e9es (g\u00e9n\u00e9r\u00e9es au format Word\u2026) pr\u00e9-remplies \u00e0 partir des notes saisies par les auditeurs dans le dossier exercice et le dossier permanent. <a title=\"Projet AppliAUDIT\" href=\"http:\/\/www.auditsi.eu\/?page_id=2009\">Plus d&#8217;infos sur le projet<\/a>.<\/div>\n<\/li>\n<li>\n<div style=\"text-align: justify;\">d\u00e9veloppement de diverses applications li\u00e9es \u00e0 l&#8217;\u00e9tablissement des comptes consolid\u00e9s : <a title=\"Comptes consolid\u00e9s : calculer les pourcentages d\u2019int\u00e9r\u00eat \u00e0 l\u2019aide du calcul matriciel et du langage VBA d\u2019Excel (article publi\u00e9 dans la RFC)\" href=\"http:\/\/www.auditsi.eu\/?p=1399\">calcul des pourcentages d&#8217;int\u00e9r\u00eat<\/a> (avec prise en compte des participations crois\u00e9es&#8230;), r\u00e9conciliation automatis\u00e9es des comptes intragroupe&#8230;<\/div>\n<\/li>\n<li>&#8230;<\/li>\n<\/ul>\n<\/li>\n<li>Programmation PHP \/ HTML : <a href=\"https:\/\/www.auditsi.eu\/?page_id=11211\">calculatrices et simulateurs<\/a> (<a href=\"https:\/\/www.auditsi.eu\/?page_id=11096\">calculatrices en ligne : calcul de la participation des salari\u00e9s (RSP) avec prise en compte du forfait social<\/a>, <a href=\"https:\/\/www.auditsi.eu\/?page_id=11106\">calcul d&#8217;\u00e9ch\u00e9ancier d&#8217;emprunts<\/a>&#8230;)<\/li>\n<li>Python : interpr\u00e9teur d&#8217;expressions (automatisation de calculs) <a href=\"https:\/\/www.auditsi.eu\/?page_id=12603\">IXP et son langage LIXP<\/a>.<\/li>\n<li>JavaScript \/ PHP : analyse de FEC en ligne (<a href=\"https:\/\/www.auditsi.eu\/?page_id=12786\">ANA-FEC2<\/a>)<\/li>\n<li>\n<div style=\"text-align: justify;\">Programmation sous DELPHI :<\/div>\n<ul>\n<li>\n<div style=\"text-align: justify;\">d\u00e9veloppement de diverses applications en lien avec Excel (loi de Benford, retraitement du cr\u00e9dit-bail) avec pour objectif de d\u00e9velopper des applications en rapport avec les comptes consolid\u00e9s, &#8230;<\/div>\n<\/li>\n<\/ul>\n<\/li>\n<li>\n<div style=\"text-align: justify;\">ACCESS \/ EXCEL \/ WORD \/ AUDITSOFT \/ CEGID S1 \/ SQL \/ VBA \/ DELPHI : r\u00e9alisation d\u2019applications li\u00e9es \u00e0 l\u2019expertise-comptable et au commissariat aux comptes avec EXCEL et ACCESS en liaison avec des logiciels tiers : dossiers et programmes de travail, revues analytiques interfac\u00e9es avec AUDITSOFT (cf len en bas de page) et CEGID S1\u2026<\/div>\n<\/li>\n<\/ul>\n<div id=\"attachment_4555\" style=\"width: 483px\" class=\"wp-caption aligncenter\"><a href=\"https:\/\/www.auditsi.eu\/wp-content\/uploads\/2012\/01\/CAC-AO-Feuille-de-saisie.png\"><img loading=\"lazy\" decoding=\"async\" aria-describedby=\"caption-attachment-4555\" class=\"size-full wp-image-4555\" src=\"https:\/\/www.auditsi.eu\/wp-content\/uploads\/2012\/01\/CAC-AO-Feuille-de-saisie.png\" alt=\"Logiciel d'audit CAC-AO sous ACCESS : Feuille de saisie\" width=\"473\" height=\"408\" srcset=\"https:\/\/www.auditsi.eu\/wp-content\/uploads\/2012\/01\/CAC-AO-Feuille-de-saisie.png 473w, https:\/\/www.auditsi.eu\/wp-content\/uploads\/2012\/01\/CAC-AO-Feuille-de-saisie-300x258.png 300w\" sizes=\"auto, (max-width: 473px) 100vw, 473px\" \/><\/a><p id=\"caption-attachment-4555\" class=\"wp-caption-text\">Logiciel d&#8217;audit CAC-AO sous ACCESS : Feuille de saisie<\/p><\/div>\n<ul>\n<li>\n<div style=\"text-align: justify;\">Extraction et exploitation de donn\u00e9es issues du syst\u00e8me d\u2019information d\u2019entreprises sur EXCEL, ACCESS et IDEA (tests de proc\u00e9dures, de coh\u00e9rence, pr\u00e9vention de la fraude) ; mon <a title=\"Mon m\u00e9moire d'expertise-comptable\" href=\"http:\/\/www.auditsi.eu\/?page_id=459\">m\u00e9moire d\u2019expertise-comptable<\/a> traite de ce sujet,<\/div>\n<\/li>\n<li>\n<div style=\"text-align: justify;\">Mise en place et administration de serveurs web dynamiques (Apache, PHP, MySQL), ftp (FileZilla Server), forum de discussion (phpbb3), blog (WordPress),<\/div>\n<\/li>\n<li>\n<div style=\"text-align: justify;\"><a title=\"Passion informatique\" href=\"http:\/\/www.auditsi.eu\/?page_id=1521\">Programmation de logiciels dans les ann\u00e9es 1980-90<\/a> en BASIC (AMSDOS), QBASIC (MS\/DOS), TURBO PASCAL (MS\/DOS, WINDOWS), C++ (MS\/DOS), ASM (CP\/M, MS\/DOS) : lexique multilingue hypertexte (ORDICO), comptes bancaires (FIDUCIA), logiciel de recettes de cocktail, gestion de bases de donn\u00e9es documentaires\u2026 et animation du fanzine <a href=\"http:\/\/www.auditsi.eu\/?page_id=1504\">ORDIMAGE<\/a>.<\/div>\n<\/li>\n<\/ul>\n<p>Consulter mon CV : <a title=\"Mon CV\" href=\"http:\/\/www.auditsi.eu\/?page_id=3\">CV<\/a>.<\/p>\n<div id=\"sconnect-is-installed\" style=\"display: none;\">2.13.0.0<\/div>\n<div id=\"sconnect-is-installed\" style=\"display: none;\">2.13.0.0<\/div>\n<div style=\"padding-bottom:20px; padding-top:10px;\" class=\"hupso-share-buttons\"><!-- Hupso Share Buttons - https:\/\/www.hupso.com\/share\/ --><a class=\"hupso_counters\" href=\"https:\/\/www.hupso.com\/share\/\"><img decoding=\"async\" src=\"https:\/\/static.hupso.com\/share\/buttons\/lang\/fr\/share-small.png\" style=\"border:0px; padding-top:2px; float:left;\" alt=\"Share Button\"\/><\/a><script type=\"text\/javascript\">var hupso_services_c=new Array(\"twitter\",\"facebook_like\",\"facebook_send\",\"email\",\"print\",\"linkedin\");var hupso_counters_lang = \"fr_FR\";var hupso_image_folder_url = \"\";var hupso_twitter_via=\"BenoitRiviere14\";var hupso_url_c=\"\";var hupso_title_c=\"R%C3%A9alisations%20personnelles\";<\/script><script type=\"text\/javascript\" src=\"https:\/\/static.hupso.com\/share\/js\/counters.js\"><\/script><!-- Hupso Share Buttons --><\/div>","protected":false},"excerpt":{"rendered":"<p>J\u2019ai une tr\u00e8s bonne connaissance du fonctionnement des syst\u00e8mes informatiques du fait de mon exp\u00e9rience pass\u00e9e en programmation et en gestion de bases de donn\u00e9es. A ce sujet, je publie des articles proposant des pistes de r\u00e9flexion sur l\u2019usage des syst\u00e8mes d\u2019information sur mon blog (www.auditsi.eu) et&nbsp;dans la Revue Fran\u00e7aise de Comptabilit\u00e9. Toutes ces publications &#8230;<\/p>\n<p><a href=\"https:\/\/www.auditsi.eu\/?page_id=1355\" class=\"more-link\">Continue reading &lsquo;R\u00e9alisations personnelles&rsquo; &raquo;<\/a><\/p>\n<div style=\"padding-bottom:20px; padding-top:10px;\" class=\"hupso-share-buttons\"><!-- Hupso Share Buttons - https:\/\/www.hupso.com\/share\/ --><a class=\"hupso_counters\" href=\"https:\/\/www.hupso.com\/share\/\"><img src=\"https:\/\/static.hupso.com\/share\/buttons\/lang\/fr\/share-small.png\" style=\"border:0px; padding-top:2px; float:left;\" alt=\"Share Button\"\/><\/a><script type=\"text\/javascript\">var hupso_services_c=new Array(\"twitter\",\"facebook_like\",\"facebook_send\",\"email\",\"print\",\"linkedin\");var hupso_counters_lang = \"fr_FR\";var hupso_image_folder_url = \"\";var hupso_twitter_via=\"BenoitRiviere14\";var hupso_url_c=\"\";var hupso_title_c=\"R%C3%A9alisations%20personnelles\";<\/script><script type=\"text\/javascript\" src=\"https:\/\/static.hupso.com\/share\/js\/counters.js\"><\/script><!-- Hupso Share Buttons --><\/div>","protected":false},"author":1,"featured_media":0,"parent":3,"menu_order":0,"comment_status":"open","ping_status":"open","template":"","meta":{"advanced_seo_description":"","jetpack_seo_html_title":"","jetpack_seo_noindex":false,"ngg_post_thumbnail":0,"footnotes":"","_links_to":"","_links_to_target":""},"class_list":["post-1355","page","type-page","status-publish","hentry"],"jetpack_sharing_enabled":true,"jetpack_likes_enabled":false,"_links":{"self":[{"href":"https:\/\/www.auditsi.eu\/index.php?rest_route=\/wp\/v2\/pages\/1355","targetHints":{"allow":["GET"]}}],"collection":[{"href":"https:\/\/www.auditsi.eu\/index.php?rest_route=\/wp\/v2\/pages"}],"about":[{"href":"https:\/\/www.auditsi.eu\/index.php?rest_route=\/wp\/v2\/types\/page"}],"author":[{"embeddable":true,"href":"https:\/\/www.auditsi.eu\/index.php?rest_route=\/wp\/v2\/users\/1"}],"replies":[{"embeddable":true,"href":"https:\/\/www.auditsi.eu\/index.php?rest_route=%2Fwp%2Fv2%2Fcomments&post=1355"}],"version-history":[{"count":24,"href":"https:\/\/www.auditsi.eu\/index.php?rest_route=\/wp\/v2\/pages\/1355\/revisions"}],"predecessor-version":[{"id":12839,"href":"https:\/\/www.auditsi.eu\/index.php?rest_route=\/wp\/v2\/pages\/1355\/revisions\/12839"}],"up":[{"embeddable":true,"href":"https:\/\/www.auditsi.eu\/index.php?rest_route=\/wp\/v2\/pages\/3"}],"wp:attachment":[{"href":"https:\/\/www.auditsi.eu\/index.php?rest_route=%2Fwp%2Fv2%2Fmedia&parent=1355"}],"curies":[{"name":"wp","href":"https:\/\/api.w.org\/{rel}","templated":true}]}}